12-31 16:01:04.144  2770  2770 E LockSettingsStorage: Cannot read file java.io.FileNotFoundException: /data/system/gatekeeper.password.key: open failed: ENOENT (No such file or directory)
12-31 16:01:04.145  2770  2770 E LockSettingsStorage: Cannot read file java.io.FileNotFoundException: /data/system/password.key: open failed: ENOENT (No such file or directory)
12-31 16:01:04.145  2770  2770 E LockSettingsStorage: Cannot read file java.io.FileNotFoundException: /data/system/gatekeeper.pattern.key: open failed: ENOENT (No such file or directory)
12-31 16:01:04.146  2770  4428 W sunxi-hdmi-cec: hdmi-cec sent failed initiator=8 destination=8 length=0 msg=70 30 32 errno=5
12-31 16:01:04.147  2770  2770 E LockSettingsStorage: Cannot read file java.io.FileNotFoundException: /data/system/gatekeeper.gesture.key: open failed: ENOENT (No such file or directory)
12-31 16:01:04.148  2770  2770 E LockSettingsStorage: Cannot read file java.io.FileNotFoundException: /data/system/gesture.key: open failed: ENOENT (No such file or directory)
12-31 16:01:04.148  2770  2770 I SystemServiceManager: Starting phase 480
12-31 16:01:04.151  2770  2770 W ShortcutService: Clock rewound
12-31 16:01:04.151  2770  2770 I SystemServiceManager: Starting phase 500
12-31 16:01:04.157  2770  2770 D ConnectivityMetricsLoggerService: onBootPhase: PHASE_SYSTEM_SERVICES_READY
12-31 16:01:04.168  2770  2770 I WifiService: WifiService starting up with Wi-Fi enabled
12-31 16:01:04.172  2770  2770 D WifiService: setWifiEnabled: true pid=2770, uid=1000
12-31 16:01:04.173  2770  4368 D WifiController: WifiController msg { when=0 what=155656 target=com.android.internal.util.StateMachine$SmHandler } deferred for 499ms
12-31 16:01:04.174  2770  2770 I WifiScanningService: Starting wifiscanner
12-31 16:01:04.204  2770  2770 I RttService: Registering rttmanager
12-31 16:01:04.210  2770  2770 I EthernetServiceImpl: Starting Ethernet service
12-31 16:01:04.216  2770  2770 D Ethernet: Registering NetworkFactory
12-31 16:01:04.217  2770  4395 D ConnectivityService: Got NetworkFactory Messenger for Ethernet
12-31 16:01:04.219  2770  4451 D Ethernet: got request NetworkRequest [ id=1, legacyType=-1, [ Capabilities: INTERNET&NOT_RESTRICTED&TRUSTED&NOT_VPN] ] with score 0
12-31 16:01:04.222  2770  2770 D EthernetNetworkFactory: Started tracking interface eth0
12-31 16:01:04.226  1698  2271 D CommandListener: Setting iface cfg
12-31 16:01:04.226  1698  2271 D CommandListener: Trying to bring up eth0
12-31 16:01:04.235  2770  2770 D ZenLog  : config: cleanUpZenRules,ZenModeConfig[user=0,allowCalls=true,allowRepeatCallers=false,allowMessages=false,allowCallsFrom=contacts,allowMessagesFrom=contacts,allowReminders=true,allowEvents=true,allowWhenScreenOff=true,allowWhenScreenOn=true,automaticRules={43e9e38a245748de8fe9deeeacb6ee60=ZenRule[enabled=false,snoozing=false,name=Event,zenMode=ZEN_MODE_ALARMS,conditionId=condition://android/event?userId=-10000&calendar=&reply=1,condition=Condition[id=condition://android/event?userId=-10000&calendar=&reply=1,summary=...,line1=...,line2=...,icon=0,state=STATE_FALSE,flags=2],component=ComponentInfo{android/com.android.server.notification.EventConditionProvider},id=43e9e38a245748de8fe9deeeacb6ee60,creationTime=1262304151122], 9c15419079014c42a117ab72e3c5dc6e=ZenRule[enabled=false,snoozing=false,name=Weekend,zenMode=ZEN_MODE_ALARMS,conditionId=condition://android/schedule?days=6.7&start=23.30&end=10.0&exitAtAlarm=false,condition=Condition[id=condition://android/schedule?days=6.7&start=23.30&end=10.0&exitAtAlarm=false,summary=...,line1=...,line2=...,icon=0,state=STATE_FALSE,flags=2],component=ComponentInfo{android/com.android.server.notification.ScheduleConditionProvider},id=9c15419079014c42a117ab72e3c5dc6e,creationTime=1262304151121], 0ce4b05b810a4d5097a63495c05dd8ac=ZenRule[enabled=false,snoozing=false,name=Weeknight,zenMode=ZEN_MODE_ALARMS,conditionId=condition://android/schedule?days=1.2.3.4.5&start=22.0&end=7.0&exitAtAlarm=false,condition=Condition[id=condition://android/schedule?days=1.2.3.4.5&start=22.0&end=7.0&exitAtAlarm=false,summary=...,line1=...,line2=...,icon=0,state=STATE_FALSE,flags=2],component=ComponentInfo{android/com.android.server.notification.ScheduleConditionProvider},id=0ce4b05b810a4d5097a63495c05dd8ac,creationTime=1262304151121]},manualRule=ZenRule[enabled=true,snoozing=false,name=null,zenMode=ZEN_MODE_ALARMS,conditionId=null,condition=null,component=null,id=null,creationTime=0]],Diff[]
12-31 16:01:04.235  2770  2770 D ZenLog  : set_zen_mode: alarms,onSystemReady
12-31 16:01:04.241  1678  1713 D PermissionCache: checking android.permission.CAPTURE_AUDIO_HOTWORD for uid=1000 => granted (198 us)
12-31 16:01:04.241  2770  2770 W SoundTriggerHelper: listModules status=0, # of modules=0
12-31 16:01:04.241  2770  2770 D ContextHubSystemService: onBootPhase: PHASE_SYSTEM_SERVICES_READY
12-31 16:01:04.317  2770  2779 I art     : Background partial concurrent mark sweep GC freed 5543(325KB) AllocSpace objects, 2(1320KB) LOS objects, 33% free, 6MB/10MB, paused 10.534ms total 81.920ms
12-31 16:01:04.336  2770  2770 V UserManagerService: Found /data/user_de/0 with serial number 0
12-31 16:01:04.337  2770  2770 V UserManagerService: Found /data/user/0 with serial number 0
12-31 16:01:04.337  2770  2770 V UserManagerService: Found /data/system_de/0 with serial number 0
12-31 16:01:04.337  2770  2770 V UserManagerService: Found /data/system_ce/0 with serial number 0
12-31 16:01:04.337  1657  1722 D gralloc : ion_alloc from ion_client:19 for 8294400 Bytes cached buffer by using heap mask 1 successfully, mem_continue_flag is 0
12-31 16:01:04.342  2770  3025 W KeyguardServiceDelegate: onScreenTurningOn(): no keyguard service!
12-31 16:01:04.421  2770  2770 I ActivityManager: System now ready
12-31 16:01:04.427  2770  2770 I SystemServer: Making services ready
12-31 16:01:04.428  2770  2770 I SystemServiceManager: Starting phase 550
12-31 16:01:04.434  2770  2770 W ActivityManager: Unable to start service Intent { act=com.android.ITelecomService cmp=com.android.server.telecom/.components.TelecomService } U=0: not found
12-31 16:01:04.435  2770  2770 D BluetoothManagerService: Bluetooth boot completed
12-31 16:01:04.435  2770  2770 D BluetoothManagerService: Auto-enabling Bluetooth.
12-31 16:01:04.435  2770  3020 D BluetoothManagerService: Message: 1
12-31 16:01:04.435  2770  3020 D BluetoothManagerService: MESSAGE_ENABLE: mBluetooth = null
12-31 16:01:04.438  2770  2770 E InputMethodManagerService: Ignoring updateSystemUiLocked due to an invalid token. uid:1000 token:null
12-31 16:01:04.439  2770  2770 I InputMethodManagerService: All the enabled IMEs are gone. Reset default enabled IMEs.
12-31 16:01:04.439  2770  2770 W InputMethodUtils: Found no fallback locale. imis=[]
12-31 16:01:04.439  2770  2770 W InputMethodUtils: No software keyboard is found. imis=[] systemLocale=en_US fallbackLocale=null
12-31 16:01:04.440  2770  4182 D MountService: Thinking about init, mSystemReady=true, mDaemonConnected=true
12-31 16:01:04.441  2770  4182 D MountService: Setting up emulation state, initlocked=false
12-31 16:01:04.441  2770  4182 D CryptdConnector: SND -> {2 cryptfs unlock_user_key 0 0 ! !}
12-31 16:01:04.441  1618  1648 D vold    : e4crypt_unlock_user_key 0 serial=0 token_present=0
12-31 16:01:04.442  2770  4185 D CryptdConnector: RCV <- {200 2 Command succeeded}
12-31 16:01:04.443  2770  4182 D MountService: Thinking about reset, mSystemReady=true, mDaemonConnected=true
12-31 16:01:04.443  2770  4182 D VoldConnector: SND -> {3 volume reset}
12-31 16:01:04.444  2770  4184 D VoldConnector: RCV <- {651 emulated 7}
12-31 16:01:04.445  2770  4184 D VoldConnector: RCV <- {659 emulated}
12-31 16:01:04.445  2770  4184 D VoldConnector: RCV <- {650 emulated 2 "" ""}
12-31 16:01:04.445  2770  4184 D VoldConnector: RCV <- {651 emulated 0}
12-31 16:01:04.446  2770  4184 D VoldConnector: RCV <- {200 3 Command succeeded}
12-31 16:01:04.446  2770  4182 D VoldConnector: SND -> {4 volume user_added 0 0}
12-31 16:01:04.447  2770  4184 D VoldConnector: RCV <- {200 4 Command succeeded}
12-31 16:01:04.447  2770  3019 V MountService: Found primary storage at VolumeInfo{emulated}:
12-31 16:01:04.447  2770  3019 V MountService:     type=EMULATED diskId=null partGuid=null mountFlags=0 mountUserId=-1 
12-31 16:01:04.447  2770  3019 V MountService:     state=UNMOUNTED 
12-31 16:01:04.447  2770  3019 V MountService:     fsType=null fsUuid=null fsLabel=null 
12-31 16:01:04.447  2770  3019 V MountService:     path=null internalPath=null 
12-31 16:01:04.452  2770  3020 I Zygote  : Process: zygote socket opened, supported ABIS: arm64-v8a
12-31 16:01:04.463  2770  3020 I Zygote  : Process: zygote socket opened, supported ABIS: armeabi-v7a,armeabi
12-31 16:01:04.466  1663  1663 I art     : Starting a blocking GC Background
12-31 16:01:04.547  2770  3020 W ActivityManager: Slow operation: 109ms so far, now at startProcess: returned from zygote!
12-31 16:01:04.548  2770  3020 W ActivityManager: Slow operation: 109ms so far, now at startProcess: done updating battery stats
12-31 16:01:04.548  2770  3020 W ActivityManager: Slow operation: 110ms so far, now at startProcess: building log message
12-31 16:01:04.548  2770  3020 I ActivityManager: Start proc 4477:com.android.bluetooth/1002 for service com.android.bluetooth/.btservice.AdapterService
12-31 16:01:04.549  2770  3020 W ActivityManager: Slow operation: 110ms so far, now at startProcess: starting to update pids map
12-31 16:01:04.549  2770  3020 W ActivityManager: Slow operation: 110ms so far, now at startProcess: done updating pids map
12-31 16:01:04.549  2770  3020 W ActivityManager: Slow operation: 110ms so far, now at startProcess: done starting proc!
12-31 16:01:04.549  2770  2836 I ActivityManager: Force stopping com.android.providers.media appid=10010 user=-1: vold reset
12-31 16:01:04.550  2770  4182 D VoldConnector: SND -> {5 volume mount emulated 3 -1}
12-31 16:01:04.551  2770  2770 W TextServicesManagerService: no available spell checker services found
12-31 16:01:04.554  1678  1713 V audio_hw_primary: adev_set_parameters, A2dpSuspended=false
12-31 16:01:04.554  1618  1647 V vold    : Waiting for FUSE to spin up...
12-31 16:01:04.555  2770  4184 D VoldConnector: RCV <- {651 emulated 1}
12-31 16:01:04.555  2770  3020 D BluetoothManagerService: Message: 20
12-31 16:01:04.555  2770  4184 D VoldConnector: RCV <- {656 emulated /data/media}
12-31 16:01:04.555  2770  3020 D BluetoothManagerService: Added callback: android.bluetooth.BluetoothAdapter$1@5e1b0b:true
12-31 16:01:04.556  2770  4184 D VoldConnector: RCV <- {655 emulated /storage/emulated}
12-31 16:01:04.557  2770  2770 D UsbAlsaManager: Adding ALSA device AlsaDevice: [card: 0, device: 0, type: 2]
12-31 16:01:04.557  2770  2770 D UsbAlsaManager: Adding ALSA device AlsaDevice: [card: 2, device: 0, type: 1]
12-31 16:01:04.557  2770  2770 D UsbAlsaManager: Adding ALSA device AlsaDevice: [card: 1, device: 3, type: 1]
12-31 16:01:04.557  2770  2770 D UsbAlsaManager: Adding ALSA device AlsaDevice: [card: 1, device: 2, type: 1]
12-31 16:01:04.557  2770  2770 D UsbAlsaManager: Adding ALSA device AlsaDevice: [card: 1, device: 3, type: 2]
12-31 16:01:04.557  2770  2770 D UsbAlsaManager: Adding ALSA device AlsaDevice: [card: 1, device: 1, type: 1]
12-31 16:01:04.557  2770  2770 D UsbAlsaManager: Adding ALSA device AlsaDevice: [card: 1, device: 2, type: 2]
12-31 16:01:04.557  2770  2770 D UsbAlsaManager: Adding ALSA device AlsaDevice: [card: 1, device: 0, type: 1]
12-31 16:01:04.557  2770  2770 D UsbAlsaManager: Adding ALSA device AlsaDevice: [card: 1, device: 1, type: 2]
12-31 16:01:04.557  2770  2770 D UsbAlsaManager: Adding ALSA device AlsaDevice: [card: 1, device: 0, type: 2]
12-31 16:01:04.566  2770  2770 I SystemServer: WebViewFactory preparation
12-31 16:01:04.576  2770  4484 D UsbHostManager: Added device UsbDevice[mName=/dev/bus/usb/004/002,mVendorId=3136,mProductId=32768,mClass=0,mSubclass=0,mProtocol=0,mManufacturerName=ELMCU,mProductName=iPazzPort,mVersion=1.16,mSerialNumber=null,mConfigurations=[
12-31 16:01:04.576  2770  4484 D UsbHostManager: UsbConfiguration[mId=1,mName=null,mAttributes=160,mMaxPower=50,mInterfaces=[
12-31 16:01:04.576  2770  4484 D UsbHostManager: UsbInterface[mId=0,mAlternateSetting=0,mName=null,mClass=3,mSubclass=1,mProtocol=1,mEndpoints=[
12-31 16:01:04.576  2770  4484 D UsbHostManager: UsbEndpoint[mAddress=129,mAttributes=3,mMaxPacketSize=8,mInterval=10]]
12-31 16:01:04.576  2770  4484 D UsbHostManager: UsbInterface[mId=1,mAlternateSetting=0,mName=null,mClass=3,mSubclass=1,mProtocol=2,mEndpoints=[
12-31 16:01:04.576  2770  4484 D UsbHostManager: UsbEndpoint[mAddress=130,mAttributes=3,mMaxPacketSize=7,mInterval=10]]]]
12-31 16:01:04.583  4482  4482 W sdcard  : Device explicitly disabled sdcardfs
12-31 16:01:04.589  2770  4484 W ContextImpl: Calling a method in the system process without a qualified user: android.app.ContextImpl.sendBroadcast:905 com.android.server.usb.UsbSettingsManager.deviceAttached:739 com.android.server.usb.UsbHostManager.endUsbDeviceAdded:225 com.android.server.usb.UsbHostManager.monitorUsbHostBus:-2 com.android.server.usb.UsbHostManager.-wrap0:-1 
12-31 16:01:04.592  2770  4484 D UsbHostManager: Added device UsbDevice[mName=/dev/bus/usb/001/002,mVendorId=1133,mProductId=2093,mClass=239,mSubclass=2,mProtocol=1,mManufacturerName=null,mProductName=HD Pro Webcam C920,mVersion=2.0,mSerialNumber=695AC3EF,mConfigurations=[
12-31 16:01:04.592  2770  4484 D UsbHostManager: UsbConfiguration[mId=1,mName=null,mAttributes=128,mMaxPower=250,mInterfaces=[
12-31 16:01:04.592  2770  4484 D UsbHostManager: UsbInterface[mId=0,mAlternateSetting=0,mName=null,mClass=14,mSubclass=1,mProtocol=0,mEndpoints=[
12-31 16:01:04.592  2770  4484 D UsbHostManager: UsbEndpoint[mAddress=131,mAttributes=3,mMaxPacketSize=64,mInterval=8]]
12-31 16:01:04.592  2770  4484 D UsbHostManager: UsbInterface[mId=1,mAlternateSetting=0,mName=null,mClass=14,mSubclass=2,mProtocol=0,mEndpoints=[]
12-31 16:01:04.592  2770  4484 D UsbHostManager: UsbInterface[mId=1,mAlternateSetting=1,mName=null,mClass=14,mSubclass=2,mProtocol=0,mEndpoints=[
12-31 16:01:04.592  2770  4484 D UsbHostManager: UsbEndpoint[mAddress=129,mAttributes=5,mMaxPacketSize=192,mInterval=1]]
12-31 16:01:04.592  2770  4484 D UsbHostManager: UsbInterface[mId=1,mAlternateSetting=2,mName=null,mClass=14,mSubclass=2,mProtocol=0,mEndpoints=[
12-31 16:01:04.592  2770  4484 D UsbHostManager: UsbEndpoint[mAddress=129,mAttributes=5,mMaxPacketSize=384,mInterval=1]]
12-31 16:01:04.592  2770  4484 D UsbHostManager: UsbInterface[mId=1,mAlternateSetting=3,mName=null,mClass=14,mSubclass=2,mProtocol=0,mEndpoints=[
12-31 16:01:04.592  2770  4484 D UsbHostManager: UsbEndpoint[mAddress=129,mAttributes=5,mMaxPacketSize=512,mInterval=1]]
12-31 16:01:04.592  2770  4484 D UsbHostManager: UsbInterface[mId=1,mAlternateSetting=4,mName=null,mClass=14,mSubclass=2,mProtocol=0,mEndpoints=[
12-31 16:01:04.592  2770  4484 D UsbHostManager: UsbEndpoint[mAddress=129,mAttributes=5,mMaxPacketSize=640,mInterval=1]]
12-31 16:01:04.592  2770  4484 D UsbHostManager: UsbInterface[mId=1,mAlternateSetting=5,mName=null,mClass=14,mSubclass=2,mProtocol=0,mEndpoints=[
12-31 16:01:04.592  2770  4484 D UsbHostManager: UsbEndpoint[mAddress=129,mAttributes=5,mMaxPacketSize=800,mInterval=1]]
12-31 16:01:04.592  2770  4484 D UsbHostManager: UsbInterface[mId=1,mAlternateSetting=6,mName=null,mClass=14,mSubclass=2,mProtocol=0,mEndpoints=[
12-31 16:01:04.592  2770  4484 D UsbHostManager: UsbEndpoint[mAddress=129,mAttributes=5,mMaxPacketSize=944,mInterval=1]]
12-31 16:01:04.592  2770  4484 D UsbHostManager: UsbInterface[mId=1,mAlternateSetting=7,mName=null,mClass=14,mSubclass=2,mProtocol=0,mEndpoints=[
12-31 16:01:04.592  2770  4484 D UsbHostManager: UsbEndpoint[mAddress=129,mAttributes=5,mMaxPacketSize=2688,mInterval=1]]
12-31 16:01:04.592  2770  4484 D UsbHostManager: UsbInterface[mId=1,mAlternateSetting=8,mName=null,mClass=14,mSubclass=2,mProtocol=0,mEndpoints=[
12-31 16:01:04.592  2770  4484 D UsbHostManager: UsbEndpoint[mAddress=129,mAttributes=5,mMaxPacketSize=2848,mInterval=1]]
12-31 16:01:04.592  2770  4484 D UsbHostManager: UsbInterface[mId=1,mAlternateSetting=9,mName=null,mClass=14,mSubclass=2,mProtocol=0,mEndpoints=[
12-31 16:01:04.592  2770  4484 D UsbHostManager: UsbEndpoint[mAddress=129,mAttributes=5,mMaxPacketSize=3040,mInterval=1]]
12-31 16:01:04.592  2770  4484 D UsbHostManager: UsbInterface[mId=1,mAlternateSetting=10,mName=null,mClass=14,mSubclass=2,mProtocol=0,mEndpoints=[
12-31 16:01:04.592  2770  4484 D UsbHostManager: UsbEndpoint[mAddress=129,mAttributes=5,mMaxPacketSize=4992,mInterval=1]]
12-31 16:01:04.592  2770  4484 D UsbHostManager: UsbInterface[mId=1,mAlternateSetting=11,mName=null,mClass=14,mSubclass=2,mProtocol=0,mEndpoints=[
12-31 16:01:04.592  2770  4484 D UsbHostManager: UsbEndpoint[mAddress=129,mAttributes=5,mMaxPacketSize=5116,mInterval=1]]
12-31 16:01:04.592  2770  4484 D UsbHostManager: UsbInterface[mId=2,mAlternateSetting=0,mName=null,mClass=1,mSubclass=1,mProtocol=0,mEndpoints=[]
12-31 16:01:04.592  2770  4484 D UsbHostManager: UsbInterface[mId=3,mAlternateSetting=0,mName=null,mClass=1,mSubclass=2,mProtocol=0,mEndpoints=[]
12-31 16:01:04.592  2770  4484 D UsbHostManager: UsbInterface[mId=3,mAlternateSetting=1,mName=null,mClass=1,mSubclass=2,mProtocol=0,mEndpoints=[
12-31 16:01:04.592  2770  4484 D UsbHostManager: UsbEndpoint[mAddress=130,mAttributes=5,mMaxPacketSize=68,mInterval=4]]
12-31 16:01:04.592  2770  4484 D UsbHostManager: UsbInterface[mId=3,mAlternateSetting=2,mName=null,mClass=1,mSubclass=2,mProtocol=0,mEndpoints=[
12-31 16:01:04.592  2770  4484 D UsbHostManager: UsbEndpoint[mAddress=130,mAttributes=5,mMaxPacketSize=100,mInterval=4]]
12-31 16:01:04.592  2770  4484 D UsbHostManager: UsbInterface[mId=3,mAlternateSetting=3,mName=null,mClass=1,mSubclass=2,mProtocol=0,mEndpoints=[
12-31 16:01:04.592  2770  4484 D UsbHostManager: UsbEndpoint[mAddress=130,mAttributes=5,mMaxPacketSize=132,mInterval=4]]]]
12-31 16:01:04.593  2770  4484 W ContextImpl: Calling a method in the system process without a qualified user: android.app.ContextImpl.sendBroadcast:905 com.android.server.usb.UsbSettingsManager.deviceAttached:739 com.android.server.usb.UsbHostManager.endUsbDeviceAdded:225 com.android.server.usb.UsbHostManager.monitorUsbHostBus:-2 com.android.server.usb.UsbHostManager.-wrap0:-1 
12-31 16:01:04.594  2770  3020 D BluetoothManagerService: Message: 30
12-31 16:01:04.594  2770  4410 D BluetoothManagerService: Creating new ProfileServiceConnections object for profile: 1
12-31 16:01:04.597  2770  3020 D BluetoothManagerService: Message: 30
12-31 16:01:04.601  1678  1678 I AudioFlinger: systemReady
12-31 16:01:04.601  2770  4484 I UsbAlsaManager: USB Audio Device Added: UsbAudioDevice: [card: 0, device: 0, name: USB-Audio - HD Pro Webcam C920, hasPlayback: false, hasCapture: true, class: 0x80000002]
12-31 16:01:04.605  1618  1647 V vold    : Waiting for FUSE to spin up...
12-31 16:01:04.655  2770  4184 D VoldConnector: RCV <- {651 emulated 2}
12-31 16:01:04.656  2770  4184 D VoldConnector: RCV <- {200 5 Command succeeded}
12-31 16:01:04.676  2770  2770 D WebViewFactory: Setting new address space to 116381696
12-31 16:01:04.678  2770  4368 D WifiController: DEFERRED_TOGGLE handled
12-31 16:01:04.696  2770  3020 D BluetoothManagerService: Message: 400
12-31 16:01:04.751  2770  4511 E WVMExtractor: Failed to open libwvm.so: dlopen failed: library "libwvm.so" not found
12-31 16:01:04.804  1695  1695 I MediaPlayerService: MediaPlayerService::getOMX
12-31 16:01:04.847  1695  1695 I OMXClient: MuxOMX ctor
12-31 16:01:04.851  1695  1695 I MediaPlayerService: MediaPlayerService::getOMX
12-31 16:01:04.851  1695  1695 I OMXClient: MuxOMX ctor
12-31 16:01:04.852  1688  1688 I OMXMaster: makeComponentInstance(OMX.google.mp3.decoder) in mediacodec process
12-31 16:01:04.867  1663  4481 I art     : Starting a blocking GC HeapTrim
12-31 16:01:04.879  2770  2770 I ActivityManager: Start proc 4523:WebViewLoader-armeabi-v7a/1037 [android.webkit.WebViewFactory$RelroFileCreator] for 
12-31 16:01:04.897  2770  2770 I ActivityManager: Start proc 4529:WebViewLoader-arm64-v8a/1037 [android.webkit.WebViewFactory$RelroFileCreator] for 
12-31 16:01:04.907  4523  4523 V WebViewFactory: RelroFileCreator (64bit = false),  32-bit lib: /system/app/webview/webview.apk!/lib/armeabi-v7a/libwebviewchromium.so, 64-bit lib: /system/app/webview/webview.apk!/lib/arm64-v8a/libwebviewchromium.so
12-31 16:01:04.916  2770  2770 I ActivityManager: Start proc 4545:com.android.systemui/u0a23 for service com.android.systemui/.SystemUIService
12-31 16:01:04.917  2770  2770 D NetworkManagement: enabling bandwidth control
12-31 16:01:04.954  1695  1695 I MediaPlayerService: MediaPlayerService::getOMX
12-31 16:01:04.954  1695  1695 I OMXClient: MuxOMX ctor
12-31 16:01:04.955  1688  1703 I OMXMaster: makeComponentInstance(OMX.google.amrnb.decoder) in mediacodec process
12-31 16:01:04.959  4529  4529 V WebViewFactory: RelroFileCreator (64bit = true),  32-bit lib: /system/app/webview/webview.apk!/lib/armeabi-v7a/libwebviewchromium.so, 64-bit lib: /system/app/webview/webview.apk!/lib/arm64-v8a/libwebviewchromium.so
12-31 16:01:04.986  1695  1695 I MediaPlayerService: MediaPlayerService::getOMX
12-31 16:01:04.987  1695  1695 I OMXClient: MuxOMX ctor
12-31 16:01:04.987  1688  1703 I OMXMaster: makeComponentInstance(OMX.google.amrwb.decoder) in mediacodec process
12-31 16:01:04.996  1695  1695 I MediaPlayerService: MediaPlayerService::getOMX
12-31 16:01:04.997  1695  1695 I OMXClient: MuxOMX ctor
12-31 16:01:04.997  1688  1703 I OMXMaster: makeComponentInstance(OMX.google.aac.decoder) in mediacodec process
12-31 16:01:05.022  1695  1695 I MediaPlayerService: MediaPlayerService::getOMX
12-31 16:01:05.023  1695  1695 I OMXClient: MuxOMX ctor
12-31 16:01:05.023  1688  1703 I OMXMaster: makeComponentInstance(OMX.google.g711.alaw.decoder) in mediacodec process
12-31 16:01:05.120  1695  1695 I MediaPlayerService: MediaPlayerService::getOMX
12-31 16:01:05.121  1695  1695 I OMXClient: MuxOMX ctor
12-31 16:01:05.122  1688  1703 I OMXMaster: makeComponentInstance(OMX.google.g711.mlaw.decoder) in mediacodec process
12-31 16:01:05.170  2770  2770 W NetworkManagement: setDataSaverMode(): already false
12-31 16:01:05.219  1695  1695 I MediaPlayerService: MediaPlayerService::getOMX
12-31 16:01:05.220  1695  1695 I OMXClient: MuxOMX ctor
12-31 16:01:05.220  1688  4614 I OMXMaster: makeComponentInstance(OMX.google.vorbis.decoder) in mediacodec process
12-31 16:01:05.244  4545  4545 W System  : ClassLoader referenced unknown path: /system/priv-app/SystemUI/lib/arm64
12-31 16:01:05.343  1698  2271 E SoftapController: Softap fwReload - NULL path for STA
12-31 16:01:05.343  2770  2839 W WindowManager: Keyguard drawn timeout. Setting mKeyguardDrawComplete
12-31 16:01:05.347  1695  1695 I MediaPlayerService: MediaPlayerService::getOMX
12-31 16:01:05.348  1695  1695 I OMXClient: MuxOMX ctor
12-31 16:01:05.348  1688  1703 I OMXMaster: makeComponentInstance(OMX.google.opus.decoder) in mediacodec process
12-31 16:01:05.349  1698  2271 W CommandListener: Failed to retrieve HW addr for wlan0 (No such device)
12-31 16:01:05.350  1698  2271 D CommandListener: Setting iface cfg
12-31 16:01:05.352  2770  4370 E WifiStateMachine: Unable to change interface settings: java.lang.IllegalStateException: command '14 interface setcfg wlan0 0.0.0.0 0 down' failed with '400 14 Failed to clear address (No such device)'
12-31 16:01:05.353  2770  4370 E WifiMonitor: killSupplicant p2ptrue init.svc.wpa_supplicant=unknown init.svc.p2p_supplicant=unknown
12-31 16:01:05.407  2770  2770 I NetworkPolicy: adding default package com.android.providers.downloads (uid 10010 for user 0) to restrict background whitelist
12-31 16:01:05.407  2770  2770 I NetworkPolicy: adding default package com.google.android.gms (uid 10013 for user 0) to restrict background whitelist
12-31 16:01:05.484  1695  1695 I MediaPlayerService: MediaPlayerService::getOMX
12-31 16:01:05.484  1695  1695 I OMXClient: MuxOMX ctor
12-31 16:01:05.485  1688  4614 I OMXMaster: makeComponentInstance(OMX.google.raw.decoder) in mediacodec process
12-31 16:01:05.501  2770  4370 E wifi    : Can not initialize the vendor function pointer table
12-31 16:01:05.501  2770  4370 E WifiNative-HAL: Could not start hal
12-31 16:01:05.501  2770  4370 E WifiStateMachine: Failed to start HAL
12-31 16:01:05.502  1695  1695 I MediaPlayerService: MediaPlayerService::getOMX
12-31 16:01:05.503  1695  1695 I OMXClient: MuxOMX ctor
12-31 16:01:05.503  1688  4614 I OMXMaster: makeComponentInstance(OMX.google.aac.encoder) in mediacodec process
12-31 16:01:05.531  1695  1695 I MediaPlayerService: MediaPlayerService::getOMX
12-31 16:01:05.533  1695  1695 I OMXClient: MuxOMX ctor
12-31 16:01:05.534  1688  1703 I OMXMaster: makeComponentInstance(OMX.google.amrnb.encoder) in mediacodec process
12-31 16:01:05.547  2770  2770 D NetworkPolicy: setRestrictBackgroundLocked(): false
12-31 16:01:05.549  2770  2770 W NetworkManagement: setDataSaverMode(): already false
12-31 16:01:05.554  1695  1695 I MediaPlayerService: MediaPlayerService::getOMX
12-31 16:01:05.554  1695  1695 I OMXClient: MuxOMX ctor
12-31 16:01:05.554  1688  1688 I OMXMaster: makeComponentInstance(OMX.google.amrwb.encoder) in mediacodec process
12-31 16:01:05.574  1695  1695 I MediaPlayerService: MediaPlayerService::getOMX
12-31 16:01:05.574  1695  1695 I OMXClient: MuxOMX ctor
12-31 16:01:05.574  1688  4614 I OMXMaster: makeComponentInstance(OMX.google.flac.encoder) in mediacodec process
12-31 16:01:05.605  2770  4370 D WifiMonitor: startMonitoring(wlan0) with mConnected = false
12-31 16:01:05.675  1695  1695 I MediaPlayerService: MediaPlayerService::getOMX
12-31 16:01:05.675  1695  1695 I OMXClient: MuxOMX ctor
12-31 16:01:05.675  1688  1703 I OMXMaster: makeComponentInstance(OMX.google.gsm.decoder) in mediacodec process
12-31 16:01:05.758  1695  1695 I MediaPlayerService: MediaPlayerService::getOMX
12-31 16:01:05.759  1695  1695 I OMXClient: MuxOMX ctor
12-31 16:01:05.760  1688  1688 I OMXMaster: makeComponentInstance(OMX.allwinner.video.decoder.avc) in mediacodec process
12-31 16:01:05.770  1688  1688 I mediacodec: type=1400 audit(0.0:49): avc: denied { read } for name="lib" dev="mmcblk0p2" ino=1103 scontext=u:r:mediacodec:s0 tcontext=u:object_r:system_file:s0 tclass=dir permissive=1
12-31 16:01:05.770  1688  1688 I mediacodec: type=1400 audit(0.0:50): avc: denied { open } for path="/system/lib" dev="mmcblk0p2" ino=1103 scontext=u:r:mediacodec:s0 tcontext=u:object_r:system_file:s0 tclass=dir permissive=1
12-31 16:01:05.780  1688  1688 D awplayer: <VersionInfo_AWPL:89>: -------library tag: AWPL-------
12-31 16:01:05.780  1688  1688 D awplayer: <LogVersionInfo:24>: 
12-31 16:01:05.780  1688  1688 D awplayer: >>>>>>>>>>>>>>>>>>>>>>>>>>>>>>> CedarX <<<<<<<<<<<<<<<<<<<<<<<<<<<<<<<
12-31 16:01:05.780  1688  1688 D awplayer: tag   : CedarX-2.5-rc2.0
12-31 16:01:05.780  1688  1688 D awplayer: branch: master
12-31 16:01:05.780  1688  1688 D awplayer: commit: xxx
12-31 16:01:05.780  1688  1688 D awplayer: date  : Fri Jan 15 08:52:32 2016 +0800
12-31 16:01:05.780  1688  1688 D awplayer: author: xxx
12-31 16:01:05.780  1688  1688 D awplayer: ----------------------------------------------------------------------
12-31 16:01:05.780  1688  1688 W awplayer: <AddVDPluginSingle:1159>: Invalid plugin, CedarPluginVDInit not found: /system/lib/libaw_plugin.so
12-31 16:01:05.820  1630  1630 W auditd  : type=1401 audit(0.0:51): SELinux: unrecognized netlink message type=20 for sclass=32
12-31 16:01:05.820  1630  1630 W auditd  : type=1401 audit(0.0:52): SELinux: unrecognized netlink message type=20 for sclass=32
12-31 16:01:05.867  2770  2770 I SystemServiceManager: Starting phase 600
12-31 16:01:05.869  2770  2770 V NotificationListeners: enabling notification listener for 0: ComponentInfo{com.google.android.leanbacklauncher/com.google.android.leanbacklauncher.recommendations.NotificationsService}
12-31 16:01:05.871  2770  2770 W ActivityManager: Unable to start service Intent { act=android.service.notification.NotificationListenerService cmp=com.google.android.leanbacklauncher/.recommendations.NotificationsService } U=0: not found
12-31 16:01:05.871  1688  1688 W awplayer: <AddVDPluginSingle:1159>: Invalid plugin, CedarPluginVDInit not found: /system/lib/libaw_wvm.so
12-31 16:01:05.871  2770  2770 W NotificationListeners: Unable to bind notification listener service: Intent { act=android.service.notification.NotificationListenerService cmp=com.google.android.leanbacklauncher/.recommendations.NotificationsService (has extras) }
12-31 16:01:05.872  1688  1688 D awplayer: <AddVDPluginSingle:1162>: vdecoder open lib: /system/lib/libawavs.so
12-31 16:01:05.872  1688  1688 W awplayer: <VDecoderRegister:89>: register codec: '117:avs' success.
12-31 16:01:05.873  1688  1688 D awplayer: <AddVDPluginSingle:1162>: vdecoder open lib: /system/lib/libawh264.so
12-31 16:01:05.873  1688  1688 W awplayer: <VDecoderRegister:89>: register codec: '115:h264' success.
12-31 16:01:05.875  1688  1688 D awplayer: <AddVDPluginSingle:1162>: vdecoder open lib: /system/lib/libawh265.so
12-31 16:01:05.875  1688  1688 W awplayer: <VDecoderRegister:89>: register codec: '116:h265' success.
12-31 16:01:05.878  1688  1688 D awplayer: <AddVDPluginSingle:1162>: vdecoder open lib: /system/lib/libawh265soft.so
12-31 16:01:05.879  1688  1688 W awplayer: <VDecoderRegister:89>: register codec: '116:h265soft' success.
12-31 16:01:05.899  2770  2770 D SensorNotificationService: Cannot obtain dynamic meta sensor, not supported.
12-31 16:01:05.913  2770  2770 W LocationProviderProxy-network: Odd, no component found for service com.android.location.service.v3.NetworkLocationProvider
12-31 16:01:05.922  2770  2770 W GeocoderProxy: Odd, no component found for service com.android.location.service.GeocodeProvider
12-31 16:01:05.925  2770  2770 E FlpHardwareProvider: Error hw_get_module 'flp': -2
12-31 16:01:05.925  2770  2770 D LocationManagerService: FLP HAL not supported
12-31 16:01:05.933  2770  2770 W GeofenceProxy: Odd, no component found for service com.android.location.service.GeofenceProvider
12-31 16:01:05.936  2770  2770 E ActivityRecognitionHardware: Error hw_get_module: -2
12-31 16:01:05.936  2770  2770 D LocationManagerService: Hardware Activity-Recognition not supported.
12-31 16:01:05.938  2770  2770 W ActivityRecognitionProxy: Odd, no component found for service com.android.location.service.ActivityRecognitionProvider
12-31 16:01:05.949  2770  2770 I CommonTimeManagementService: No common time service detected on this platform.  Common time services will be unavailable.
12-31 16:01:05.953  2770  4170 I InputReader: Reconfiguring input devices.  changes=0x00000020
12-31 16:01:05.956  2770  2770 I MmsServiceBroker: Delay connecting to MmsService until an API is called
12-31 16:01:05.959  2770  4170 I InputReader: Reconfiguring input devices.  changes=0x00000010
12-31 16:01:05.966  1688  1688 D awplayer: <AwStreamInit:66>: aw stream init...
12-31 16:01:05.966  1688  1688 D awplayer: <AwStreamInit:94>: stream list size:19
12-31 16:01:05.966  1688  1688 D awplayer: <AwParserInit:395>: aw parser size:32
12-31 16:01:05.966  1688  1688 W awplayer: <AddVDPluginSingle:1159>: Invalid plugin, CedarPluginVDInit not found: /system/lib/libawmetadataretriever.so
12-31 16:01:05.967  1688  1688 D awplayer: <AddVDPluginSingle:1162>: vdecoder open lib: /system/lib/libawmjpeg.so
12-31 16:01:05.967  1688  1688 W awplayer: <VDecoderRegister:89>: register codec: '101:mjpeg' success.
12-31 16:01:05.968  1688  1688 D awplayer: <AddVDPluginSingle:1162>: vdecoder open lib: /system/lib/libawmjpegplus.so
12-31 16:01:05.968  1688  1688 W awplayer: <VDecoderRegister:89>: register codec: '101:mjpegplus' success.
12-31 16:01:05.969  1688  1688 D awplayer: <AddVDPluginSingle:1162>: vdecoder open lib: /system/lib/libawmpeg2.so
12-31 16:01:05.969  1688  1688 W awplayer: <VDecoderRegister:89>: register codec: '102:mpeg2' success.
12-31 16:01:05.969  1688  1688 W awplayer: <VDecoderRegister:89>: register codec: '103:mpeg2' success.
12-31 16:01:05.970  1688  1688 W awplayer: <AddVDPluginSingle:1159>: Invalid plugin, CedarPluginVDInit not found: /system/lib/libawmpeg4base.so
12-31 16:01:05.971  1688  1688 D awplayer: <AddVDPluginSingle:1162>: vdecoder open lib: /system/lib/libawmpeg4dx.so
12-31 16:01:05.972  1688  1688 W awplayer: <VDecoderRegister:89>: register codec: '105:mpeg4dx' success.
12-31 16:01:05.972  1688  1688 W awplayer: <VDecoderRegister:89>: register codec: '106:mpeg4dx' success.
12-31 16:01:05.972  1688  1688 W awplayer: <VDecoderRegister:89>: register codec: '107:mpeg4dx' success.
12-31 16:01:05.972  1688  1688 W awplayer: <VDecoderRegister:89>: register codec: '10e:mpeg4dx' success.
12-31 16:01:05.972  1688  1688 W awplayer: <VDecoderRegister:89>: register codec: '10f:mpeg4dx' success.
12-31 16:01:05.973  1688  1688 D awplayer: <AddVDPluginSingle:1162>: vdecoder open lib: /system/lib/libawmpeg4h263.so
12-31 16:01:05.973  1688  1688 W awplayer: <VDecoderRegister:89>: register codec: '104:mpeg4H263' success.
12-31 16:01:05.973  1688  1688 W awplayer: <VDecoderRegister:89>: register codec: '10b:mpeg4H263' success.
12-31 16:01:05.973  1688  1688 W awplayer: <VDecoderRegister:89>: register codec: '10d:mpeg4H263' success.
12-31 16:01:05.974  1688  1688 D awplayer: <AddVDPluginSingle:1162>: vdecoder open lib: /system/lib/libawmpeg4normal.so
12-31 16:01:05.974  1688  1688 W awplayer: <VDecoderRegister:89>: register codec: '10a:mpeg4Normal' success.
12-31 16:01:05.974  1688  1688 W awplayer: <VDecoderRegister:89>: register codec: '10c:mpeg4Normal' success.
12-31 16:01:05.974  1688  1688 W awplayer: <VDecoderRegister:89>: register codec: '108:mpeg4Normal' success.
12-31 16:01:05.974  1688  1688 W awplayer: <VDecoderRegister:89>: register codec: '109:mpeg4Normal' success.
12-31 16:01:05.975  1688  1688 D awplayer: <AddVDPluginSingle:1162>: vdecoder open lib: /system/lib/libawmpeg4vp6.so
12-31 16:01:05.975  1688  1688 W awplayer: <VDecoderRegister:89>: register codec: '111:Mpeg4Vp6' success.
12-31 16:01:06.083  4673  4673 I wpa_supplicant: Successfully initialized wpa_supplicant
12-31 16:01:06.168  1688  1688 W awplayer: <AddVDPluginSingle:1159>: Invalid plugin, CedarPluginVDInit not found: /system/lib/libawplayer.so
12-31 16:01:06.169  1688  1688 D awplayer: <AddVDPluginSingle:1162>: vdecoder open lib: /system/lib/libawvp6soft.so
12-31 16:01:06.169  1688  1688 W awplayer: <VDecoderRegister:89>: register codec: '111:vp6Soft' success.
12-31 16:01:06.170  1688  1688 D awplayer: <AddVDPluginSingle:1162>: vdecoder open lib: /system/lib/libawvp8.so
12-31 16:01:06.170  1688  1688 W awplayer: <VDecoderRegister:89>: register codec: '112:vp8' success.
12-31 16:01:06.171  1688  1688 D awplayer: <AddVDPluginSingle:1162>: vdecoder open lib: /system/lib/libawvp9soft.so
12-31 16:01:06.171  1688  1688 W awplayer: <VDecoderRegister:89>: register codec: '113:vp9Soft' success.
12-31 16:01:06.172  1688  1688 D awplayer: <AddVDPluginSingle:1162>: vdecoder open lib: /system/lib/libawwmv12soft.so
12-31 16:01:06.172  1688  1688 W awplayer: <VDecoderRegister:89>: register codec: '10e:Wmv12Soft' success.
12-31 16:01:06.172  1688  1688 W awplayer: <VDecoderRegister:89>: register codec: '10f:Wmv12Soft' success.
12-31 16:01:06.173  1688  1688 D awplayer: <AddVDPluginSingle:1162>: vdecoder open lib: /system/lib/libawwmv3.so
12-31 16:01:06.173  1688  1688 W awplayer: <VDecoderRegister:89>: register codec: '110:vc1' success.
12-31 16:01:06.173  1688  1688 D awplayer: <omx_vdec:279>: (f:omx_vdec, l:279) 
12-31 16:01:06.173  1688  1688 D awplayer: <getCallingProcessName:240>: Obtain calling process failed
12-31 16:01:06.173  1688  1688 D awplayer: <omx_vdec:367>: ion open fd = 5
12-31 16:01:06.173  1688  1688 D awplayer: <component_init:537>: (f:component_init, l:537) name = OMX.allwinner.video.decoder.avc
12-31 16:01:06.180  1688  1703 W awplayer: <get_parameter:1199>: pParamProfileLevel->nProfileIndex[0x30] error!
12-31 16:01:06.181  1688  1703 E OMXNodeInstance: getParameter(698000f:allwinner.decoder.avc, ParamVideoProfileLevelQuerySupported(0x600000f)) ERROR: BadParameter(0x80001005)
12-31 16:01:06.181  1688  4614 E OMXNodeInstance: getExtensionIndex(698000f:allwinner.decoder.avc, OMX.google.android.index.configureVideoTunnelMode) ERROR: Undefined(0x80001001)
12-31 16:01:06.182  1688  4754 D awplayer: <ComponentThread:4323>:  stop command.
12-31 16:01:06.182  1688  4754 D awplayer: <ComponentThread:4325>: (f:ComponentThread, l:4325) wait for OMX_VdrvCommand_Stop
12-31 16:01:06.182  1688  4755 D awplayer: <ComponentVdrvThread:4540>: (f:ComponentVdrvThread, l:4540) vdrvThread receive cmd[0x3]
12-31 16:01:06.182  1688  4755 D awplayer: <ComponentVdrvThread:4649>: (f:ComponentVdrvThread, l:4649)(OMX_VdrvCommand_Stop)
12-31 16:01:06.182  1688  4755 D awplayer: <ComponentVdrvThread:4678>: vdrvThread detect nStopFlag[1], exit!
12-31 16:01:06.182  1688  4755 D awplayer: <ComponentVdrvThread:4848>: ***notify: exit the componentVdrvThread!
12-31 16:01:06.184  1688  4754 D awplayer: <ComponentThread:4327>: (f:ComponentThread, l:4327) wait for OMX_VdrvCommand_Stop done!
12-31 16:01:06.184  1688  1688 D awplayer: <component_deinit:2510>: (f:component_deinit, l:2510) two threads exit!
12-31 16:01:06.184  1688  1688 D awplayer: <~omx_vdec:527>: ~omx_dec done!
12-31 16:01:06.184  1688  1688 D awplayer: <check_lib_unload:394>:  Unloading the dynamic library for OMX.allwinner.video.decoder.avc
12-31 16:01:06.186  1695  1695 I MediaPlayerService: MediaPlayerService::getOMX
12-31 16:01:06.187  1695  1695 I OMXClient: MuxOMX ctor
12-31 16:01:06.187  1688  1703 I OMXMaster: makeComponentInstance(OMX.allwinner.video.decoder.avc.secure) in mediacodec process
12-31 16:01:06.188  1688  1703 D awplayer: <omx_vdec:279>: (f:omx_vdec, l:279) 
12-31 16:01:06.188  1688  1703 D awplayer: <getCallingProcessName:240>: Obtain calling process failed
12-31 16:01:06.188  1688  1703 D awplayer: <omx_vdec:367>: ion open fd = 5
12-31 16:01:06.188  1688  1703 D awplayer: <component_init:537>: (f:component_init, l:537) name = OMX.allwinner.video.decoder.avc.secure
12-31 16:01:06.201  1688  4614 W awplayer: <get_parameter:1199>: pParamProfileLevel->nProfileIndex[0x30] error!
12-31 16:01:06.201  1688  4614 E OMXNodeInstance: getParameter(6980010:allwinner.decoder.avc.secure, ParamVideoProfileLevelQuerySupported(0x600000f)) ERROR: BadParameter(0x80001005)
12-31 16:01:06.202  1688  4762 E OMXNodeInstance: getExtensionIndex(6980010:allwinner.decoder.avc.secure, OMX.google.android.index.configureVideoTunnelMode) ERROR: Undefined(0x80001001)
12-31 16:01:06.202  1688  4758 D awplayer: <ComponentThread:4323>:  stop command.
12-31 16:01:06.202  1688  4759 D awplayer: <ComponentVdrvThread:4540>: (f:ComponentVdrvThread, l:4540) vdrvThread receive cmd[0x3]
12-31 16:01:06.202  1688  4759 D awplayer: <ComponentVdrvThread:4649>: (f:ComponentVdrvThread, l:4649)(OMX_VdrvCommand_Stop)
12-31 16:01:06.202  1688  4759 D awplayer: <ComponentVdrvThread:4678>: vdrvThread detect nStopFlag[1], exit!
12-31 16:01:06.202  1688  4759 D awplayer: <ComponentVdrvThread:4848>: ***notify: exit the componentVdrvThread!
12-31 16:01:06.203  1688  4758 D awplayer: <ComponentThread:4325>: (f:ComponentThread, l:4325) wait for OMX_VdrvCommand_Stop
12-31 16:01:06.203  1688  4758 D awplayer: <ComponentThread:4327>: (f:ComponentThread, l:4327) wait for OMX_VdrvCommand_Stop done!
12-31 16:01:06.203  1688  4614 D awplayer: <component_deinit:2510>: (f:component_deinit, l:2510) two threads exit!
12-31 16:01:06.203  1688  4614 D awplayer: <~omx_vdec:527>: ~omx_dec done!
12-31 16:01:06.203  1688  4614 D awplayer: <check_lib_unload:394>:  Unloading the dynamic library for OMX.allwinner.video.decoder.avc.secure
12-31 16:01:06.205  1695  1695 I MediaPlayerService: MediaPlayerService::getOMX
12-31 16:01:06.205  1695  1695 I OMXClient: MuxOMX ctor
12-31 16:01:06.205  1688  4762 I OMXMaster: makeComponentInstance(OMX.allwinner.video.decoder.hevc) in mediacodec process
12-31 16:01:06.206  1688  4762 D awplayer: <omx_vdec:279>: (f:omx_vdec, l:279) 
12-31 16:01:06.206  1688  4762 D awplayer: <getCallingProcessName:240>: Obtain calling process failed
12-31 16:01:06.206  1688  4762 D awplayer: <omx_vdec:367>: ion open fd = 5
12-31 16:01:06.206  1688  4762 D awplayer: <component_init:537>: (f:component_init, l:537) name = OMX.allwinner.video.decoder.hevc
12-31 16:01:06.207  1688  4614 W awplayer: <get_parameter:1193>: OMX_IndexParamVideoProfileLevelQuerySupported, Format[0xb] not support
12-31 16:01:06.207  1688  4614 E OMXNodeInstance: getParameter(6980011:allwinner.decoder.hevc, ParamVideoProfileLevelQuerySupported(0x600000f)) ERROR: BadParameter(0x80001005)
12-31 16:01:06.208  1688  1703 E OMXNodeInstance: getExtensionIndex(6980011:allwinner.decoder.hevc, OMX.google.android.index.configureVideoTunnelMode) ERROR: Undefined(0x80001001)
12-31 16:01:06.208  1688  4763 D awplayer: <ComponentThread:4323>:  stop command.
12-31 16:01:06.208  1688  4764 D awplayer: <ComponentVdrvThread:4540>: (f:ComponentVdrvThread, l:4540) vdrvThread receive cmd[0x3]
12-31 16:01:06.208  1688  4764 D awplayer: <ComponentVdrvThread:4649>: (f:ComponentVdrvThread, l:4649)(OMX_VdrvCommand_Stop)
12-31 16:01:06.208  1688  4764 D awplayer: <ComponentVdrvThread:4678>: vdrvThread detect nStopFlag[1], exit!
12-31 16:01:06.208  1688  4764 D awplayer: <ComponentVdrvThread:4848>: ***notify: exit the componentVdrvThread!
12-31 16:01:06.209  1688  4763 D awplayer: <ComponentThread:4325>: (f:ComponentThread, l:4325) wait for OMX_VdrvCommand_Stop
12-31 16:01:06.209  1688  4763 D awplayer: <ComponentThread:4327>: (f:ComponentThread, l:4327) wait for OMX_VdrvCommand_Stop done!
12-31 16:01:06.209  1688  1688 D awplayer: <component_deinit:2510>: (f:component_deinit, l:2510) two threads exit!
12-31 16:01:06.210  1688  1688 D awplayer: <~omx_vdec:527>: ~omx_dec done!
12-31 16:01:06.210  1688  1688 D awplayer: <check_lib_unload:394>:  Unloading the dynamic library for OMX.allwinner.video.decoder.hevc
12-31 16:01:06.211  1695  1695 I MediaPlayerService: MediaPlayerService::getOMX
12-31 16:01:06.212  1695  1695 I OMXClient: MuxOMX ctor
12-31 16:01:06.213  1688  1703 I OMXMaster: makeComponentInstance(OMX.allwinner.video.decoder.mjpeg) in mediacodec process
12-31 16:01:06.216  1688  1703 D awplayer: <omx_vdec:279>: (f:omx_vdec, l:279) 
12-31 16:01:06.216  1688  1703 D awplayer: <getCallingProcessName:240>: Obtain calling process failed
12-31 16:01:06.216  1688  1703 D awplayer: <omx_vdec:367>: ion open fd = 5
12-31 16:01:06.216  1688  1703 D awplayer: <component_init:537>: (f:component_init, l:537) name = OMX.allwinner.video.decoder.mjpeg
12-31 16:01:06.217  1688  1688 W awplayer: <get_parameter:1193>: OMX_IndexParamVideoProfileLevelQuerySupported, Format[0x8] not support
12-31 16:01:06.217  1688  1688 E OMXNodeInstance: getParameter(6980012:allwinner.decoder.mjpeg, ParamVideoProfileLevelQuerySupported(0x600000f)) ERROR: BadParameter(0x80001005)
12-31 16:01:06.218  1688  4614 E OMXNodeInstance: getExtensionIndex(6980012:allwinner.decoder.mjpeg, OMX.google.android.index.configureVideoTunnelMode) ERROR: Undefined(0x80001001)
12-31 16:01:06.218  1688  4767 D awplayer: <ComponentThread:4323>:  stop command.
12-31 16:01:06.218  1688  4767 D awplayer: <ComponentThread:4325>: (f:ComponentThread, l:4325) wait for OMX_VdrvCommand_Stop
12-31 16:01:06.218  1688  4768 D awplayer: <ComponentVdrvThread:4540>: (f:ComponentVdrvThread, l:4540) vdrvThread receive cmd[0x3]
12-31 16:01:06.218  1688  4768 D awplayer: <ComponentVdrvThread:4649>: (f:ComponentVdrvThread, l:4649)(OMX_VdrvCommand_Stop)
12-31 16:01:06.218  1688  4768 D awplayer: <ComponentVdrvThread:4678>: vdrvThread detect nStopFlag[1], exit!
12-31 16:01:06.218  1688  4768 D awplayer: <ComponentVdrvThread:4848>: ***notify: exit the componentVdrvThread!
12-31 16:01:06.219  1688  4767 D awplayer: <ComponentThread:4327>: (f:ComponentThread, l:4327) wait for OMX_VdrvCommand_Stop done!
12-31 16:01:06.219  1688  4762 D awplayer: <component_deinit:2510>: (f:component_deinit, l:2510) two threads exit!
12-31 16:01:06.219  1688  4762 D awplayer: <~omx_vdec:527>: ~omx_dec done!
12-31 16:01:06.219  1688  4762 D awplayer: <check_lib_unload:394>:  Unloading the dynamic library for OMX.allwinner.video.decoder.mjpeg
12-31 16:01:06.221  1695  1695 I MediaPlayerService: MediaPlayerService::getOMX
12-31 16:01:06.221  1695  1695 I OMXClient: MuxOMX ctor
12-31 16:01:06.221  1688  4614 I OMXMaster: makeComponentInstance(OMX.allwinner.video.decoder.mpeg1) in mediacodec process
12-31 16:01:06.221  1688  4614 D awplayer: <omx_vdec:279>: (f:omx_vdec, l:279) 
12-31 16:01:06.222  1688  4614 D awplayer: <getCallingProcessName:240>: Obtain calling process failed
12-31 16:01:06.222  1688  4614 D awplayer: <omx_vdec:367>: ion open fd = 5
12-31 16:01:06.222  1688  4614 D awplayer: <component_init:537>: (f:component_init, l:537) name = OMX.allwinner.video.decoder.mpeg1
12-31 16:01:06.223  1688  4762 W awplayer: <get_parameter:1193>: OMX_IndexParamVideoProfileLevelQuerySupported, Format[0xe] not support
12-31 16:01:06.223  1688  4762 E OMXNodeInstance: getParameter(6980013:allwinner.decoder.mpeg1, ParamVideoProfileLevelQuerySupported(0x600000f)) ERROR: BadParameter(0x80001005)
12-31 16:01:06.223  1688  1688 E OMXNodeInstance: getExtensionIndex(6980013:allwinner.decoder.mpeg1, OMX.google.android.index.configureVideoTunnelMode) ERROR: Undefined(0x80001001)
12-31 16:01:06.224  1688  4770 D awplayer: <ComponentThread:4323>:  stop command.
12-31 16:01:06.224  1688  4771 D awplayer: <ComponentVdrvThread:4540>: (f:ComponentVdrvThread, l:4540) vdrvThread receive cmd[0x3]
12-31 16:01:06.224  1688  4771 D awplayer: <ComponentVdrvThread:4649>: (f:ComponentVdrvThread, l:4649)(OMX_VdrvCommand_Stop)
12-31 16:01:06.224  1688  4771 D awplayer: <ComponentVdrvThread:4678>: vdrvThread detect nStopFlag[1], exit!
12-31 16:01:06.224  1688  4771 D awplayer: <ComponentVdrvThread:4848>: ***notify: exit the componentVdrvThread!
12-31 16:01:06.224  1688  4770 D awplayer: <ComponentThread:4325>: (f:ComponentThread, l:4325) wait for OMX_VdrvCommand_Stop
12-31 16:01:06.224  1688  4770 D awplayer: <ComponentThread:4327>: (f:ComponentThread, l:4327) wait for OMX_VdrvCommand_Stop done!
12-31 16:01:06.224  1688  1703 D awplayer: <component_deinit:2510>: (f:component_deinit, l:2510) two threads exit!
12-31 16:01:06.224  1688  1703 D awplayer: <~omx_vdec:527>: ~omx_dec done!
12-31 16:01:06.224  1688  1703 D awplayer: <check_lib_unload:394>:  Unloading the dynamic library for OMX.allwinner.video.decoder.mpeg1
12-31 16:01:06.226  1695  1695 I MediaPlayerService: MediaPlayerService::getOMX
12-31 16:01:06.226  1695  1695 I OMXClient: MuxOMX ctor
12-31 16:01:06.226  1688  1688 I OMXMaster: makeComponentInstance(OMX.allwinner.video.decoder.mpeg2) in mediacodec process
12-31 16:01:06.226  1688  1688 D awplayer: <omx_vdec:279>: (f:omx_vdec, l:279) 
12-31 16:01:06.227  1688  1688 D awplayer: <getCallingProcessName:240>: Obtain calling process failed
12-31 16:01:06.227  1688  1688 D awplayer: <omx_vdec:367>: ion open fd = 5
12-31 16:01:06.227  1688  1688 D awplayer: <component_init:537>: (f:component_init, l:537) name = OMX.allwinner.video.decoder.mpeg2
12-31 16:01:06.228  1688  1703 W awplayer: <get_parameter:1193>: OMX_IndexParamVideoProfileLevelQuerySupported, Format[0x2] not support
12-31 16:01:06.228  1688  1703 E OMXNodeInstance: getParameter(6980014:allwinner.decoder.mpeg2, ParamVideoProfileLevelQuerySupported(0x600000f)) ERROR: BadParameter(0x80001005)
12-31 16:01:06.229  1688  4762 E OMXNodeInstance: getExtensionIndex(6980014:allwinner.decoder.mpeg2, OMX.google.android.index.configureVideoTunnelMode) ERROR: Undefined(0x80001001)
12-31 16:01:06.229  1688  4774 D awplayer: <ComponentThread:4323>:  stop command.
12-31 16:01:06.229  1688  4774 D awplayer: <ComponentThread:4325>: (f:ComponentThread, l:4325) wait for OMX_VdrvCommand_Stop
12-31 16:01:06.229  1688  4775 D awplayer: <ComponentVdrvThread:4540>: (f:ComponentVdrvThread, l:4540) vdrvThread receive cmd[0x3]
12-31 16:01:06.229  1688  4775 D awplayer: <ComponentVdrvThread:4649>: (f:ComponentVdrvThread, l:4649)(OMX_VdrvCommand_Stop)
12-31 16:01:06.229  1688  4775 D awplayer: <ComponentVdrvThread:4678>: vdrvThread detect nStopFlag[1], exit!
12-31 16:01:06.229  1688  4775 D awplayer: <ComponentVdrvThread:4848>: ***notify: exit the componentVdrvThread!
12-31 16:01:06.230  1688  4774 D awplayer: <ComponentThread:4327>: (f:ComponentThread, l:4327) wait for OMX_VdrvCommand_Stop done!
12-31 16:01:06.230  1688  4614 D awplayer: <component_deinit:2510>: (f:component_deinit, l:2510) two threads exit!
12-31 16:01:06.230  1688  4614 D awplayer: <~omx_vdec:527>: ~omx_dec done!
12-31 16:01:06.230  1688  4614 D awplayer: <check_lib_unload:394>:  Unloading the dynamic library for OMX.allwinner.video.decoder.mpeg2
12-31 16:01:06.232  1695  1695 I MediaPlayerService: MediaPlayerService::getOMX
12-31 16:01:06.232  1695  1695 I OMXClient: MuxOMX ctor
12-31 16:01:06.232  1688  4762 I OMXMaster: makeComponentInstance(OMX.allwinner.video.decoder.mpeg4) in mediacodec process
12-31 16:01:06.233  1688  4762 D awplayer: <omx_vdec:279>: (f:omx_vdec, l:279) 
12-31 16:01:06.233  1688  4762 D awplayer: <getCallingProcessName:240>: Obtain calling process failed
12-31 16:01:06.233  1688  4762 D awplayer: <omx_vdec:367>: ion open fd = 5
12-31 16:01:06.233  1688  4762 D awplayer: <component_init:537>: (f:component_init, l:537) name = OMX.allwinner.video.decoder.mpeg4
12-31 16:01:06.236  1688  1688 W awplayer: <get_parameter:1199>: pParamProfileLevel->nProfileIndex[0xf] error!
