11-23 15:44:36.410  2770  2789 D ZenLog  : config: listener:com.google.android.leanbacklauncher/.recommendations.NotificationsService,ZenModeConfig[user=0,allowCalls=true,allowRepeatCallers=false,allowMessages=false,allowCallsFrom=contacts,allowMessagesFrom=contacts,allowReminders=true,allowEvents=true,allowWhenScreenOff=true,allowWhenScreenOn=true,automaticRules={43e9e38a245748de8fe9deeeacb6ee60=ZenRule[enabled=false,snoozing=false,name=Event,zenMode=ZEN_MODE_ALARMS,conditionId=condition://android/event?userId=-10000&calendar=&reply=1,condition=Condition[id=condition://android/event?userId=-10000&calendar=&reply=1,summary=...,line1=...,line2=...,icon=0,state=STATE_FALSE,flags=2],component=ComponentInfo{android/com.android.server.notification.EventConditionProvider},id=43e9e38a245748de8fe9deeeacb6ee60,creationTime=1262304151122], 9c15419079014c42a117ab72e3c5dc6e=ZenRule[enabled=false,snoozing=false,name=Weekend,zenMode=ZEN_MODE_ALARMS,conditionId=condition://android/schedule?days=6.7&start=23.30&end=10.0&exitAtAlarm=false,condition=Condition[id=condition://android/schedule?days=6.7&start=23.30&end=10.0&exitAtAlarm=false,summary=...,line1=...,line2=...,icon=0,state=STATE_FALSE,flags=2],component=ComponentInfo{android/com.android.server.notification.ScheduleConditionProvider},id=9c15419079014c42a117ab72e3c5dc6e,creationTime=1262304151121], 0ce4b05b810a4d5097a63495c05dd8ac=ZenRule[enabled=false,snoozing=false,name=Weeknight,zenMode=ZEN_MODE_ALARMS,conditionId=condition://android/schedule?days=1.2.3.4.5&start=22.0&end=7.0&exitAtAlarm=false,condition=Condition[id=condition://android/schedule?days=1.2.3.4.5&start=22.0&end=7.0&exitAtAlarm=false,summary=...,line1=...,line2=...,icon=0,state=STATE_FALSE,flags=2],component=ComponentInfo{android/com.android.server.notification.ScheduleConditionProvider},id=0ce4b05b810a4d5097a63495c05dd8ac,creationTime=1262304151121]},manualRule=ZenRule[enabled=true,snoozing=false,name=null,zenMode=ZEN_MODE_ALARMS,conditionId=null,condition=null,component=null,id=null,creationTime=0]],Diff[]
11-23 15:44:36.411  2770  2770 D ZenLog  : set_zen_mode: alarms,listener:com.google.android.leanbacklauncher/.recommendations.NotificationsService
11-23 15:44:36.438  5907  5907 E RemoteController: Cannot set synchronization mode on an unregistered RemoteController
11-23 15:44:36.438  5907  5907 I Choreographer: Skipped 62 frames!  The application may be doing too much work on its main thread.
11-23 15:44:36.585  5907  6105 I WallpaperInstaller: Installing wallpaper
11-23 15:44:36.606  5861  5969 V JNIHelp : Registering com/google/android/gms/org/conscrypt/NativeCrypto's 235 native methods...
11-23 15:44:36.690  5907  5919 I art     : Background sticky concurrent mark sweep GC freed 10457(1271KB) AllocSpace objects, 5(1112KB) LOS objects, 2% free, 32MB/33MB, paused 731us total 101.879ms
11-23 15:44:36.757  5861  6260 E WVMExtractor: Failed to open libwvm.so: dlopen failed: cannot locate symbol "_ZNK7android11MediaSource11ReadOptions9getSeekToEPxPNS1_8SeekModeE" referenced by "/system/vendor/lib/libwvm.so"...
11-23 15:44:36.771  1695  1695 I MediaPlayerService: MediaPlayerService::getOMX
11-23 15:44:36.772  5861  6266 I OMXClient: MuxOMX ctor
11-23 15:44:36.773  1688  1703 I OMXMaster: makeComponentInstance(OMX.google.raw.decoder) in mediacodec process
11-23 15:44:36.803  5861  5969 D NetworkSecurityConfig: No Network Security Config specified, using platform default
11-23 15:44:36.807  5861  5969 I ProviderInstaller: Installed default security provider GmsCore_OpenSSL
11-23 15:44:36.815  1695  1695 I MediaPlayerService: MediaPlayerService::getOMX
11-23 15:44:36.819  5861  6272 I OMXClient: MuxOMX ctor
11-23 15:44:36.821  1688  5002 I OMXMaster: makeComponentInstance(OMX.google.raw.decoder) in mediacodec process
11-23 15:44:36.859  1695  1695 I MediaPlayerService: MediaPlayerService::getOMX
11-23 15:44:36.860  5861  6282 I OMXClient: MuxOMX ctor
11-23 15:44:36.862  1688  4614 I OMXMaster: makeComponentInstance(OMX.google.raw.decoder) in mediacodec process
11-23 15:44:36.888  1695  1695 I MediaPlayerService: MediaPlayerService::getOMX
11-23 15:44:36.888  5861  6287 I OMXClient: MuxOMX ctor
11-23 15:44:36.889  1688  5002 I OMXMaster: makeComponentInstance(OMX.google.raw.decoder) in mediacodec process
11-23 15:44:37.135  1657  4880 D gralloc : ion_alloc from ion_client:19 for 8294400 Bytes uncached buffer by using heap mask 16 successfully, mem_continue_flag is 1
11-23 15:44:37.221  5842  5857 W art     : Suspending all threads took: 15.542ms
11-23 15:44:37.248  2770  4889 I ActivityManager: Start proc 6313:com.google.android.leanback.ime/u0a42 for service com.google.android.leanback.ime/com.google.leanback.ime.LeanbackImeService
11-23 15:44:37.248  2770  4889 V InputMethodManagerService: Adding window token: android.os.Binder@2578750
11-23 15:44:37.248  2770  3021 I ActivityManager: Displayed com.google.android.leanbacklauncher/.MainActivity: +4s928ms
11-23 15:44:37.309  6313  6313 W System  : ClassLoader referenced unknown path: /system/app/LeanbackIme/lib/arm64
11-23 15:44:37.336  5907  5907 D NVID    : RecommendationsManager$setConnectedToNotificationService  true
11-23 15:44:37.336  5907  5907 I Choreographer: Skipped 53 frames!  The application may be doing too much work on its main thread.
11-23 15:44:37.384  1657  3024 D gralloc : ion_alloc from ion_client:19 for 8294400 Bytes uncached buffer by using heap mask 16 successfully, mem_continue_flag is 1
11-23 15:44:37.408  5907  5907 W Animations: Caught partially animated state; resetting...
11-23 15:44:37.408  5907  5907 W Animations: AnimatorLifecycle State:
11-23 15:44:37.408  5907  5907 W Animations:   state: PRIMED
11-23 15:44:37.408  5907  5907 W Animations:   flags: R
11-23 15:44:37.408  5907  5907 W Animations:   lastKnownEpicenter: 0,0
11-23 15:44:37.408  5907  5907 W Animations:   mAnimation: LauncherReturnAnimator@a416fae{
11-23 15:44:37.408  5907  5907 W Animations:       MassSlideAnimator@50977b6:SLIDE_IN:0,0{
11-23 15:44:37.408  5907  5907 W Animations:           SettingsCardView@5564895:210,948:1200..0
11-23 15:44:37.408  5907  5907 W Animations:           SettingsCardView@458ca76:401,948:1200..0
11-23 15:44:37.408  5907  5907 W Animations:       }
11-23 15:44:37.408  5907  5907 W Animations:   }
11-23 15:44:37.408  5907  5907 W Animations:   Animatable Views:
11-23 15:44:37.408  5907  5907 W Animations:     SettingsCardView@5564895{1.0 1200.0 1.0x1.0 ..}
11-23 15:44:37.408  5907  5907 W Animations:     SettingsCardView@458ca76{1.0 1200.0 1.0x1.0 ..}
11-23 15:44:37.408  5907  5907 W Animations:   mRecentAnimationDumps: [
11-23 15:44:37.408  5907  5907 W Animations:   ]
11-23 15:44:37.437  1657  4880 D gralloc : ion_alloc from ion_client:19 for 8294400 Bytes uncached buffer by using heap mask 16 successfully, mem_continue_flag is 1
11-23 15:44:37.619  2770  3021 I WindowManager: Destroying surface Surface(name=com.android.tv.settings/com.android.tv.settings.system.FallbackHome) called by com.android.server.wm.WindowStateAnimator.destroySurface:2014 com.android.server.wm.WindowStateAnimator.destroySurfaceLocked:881 com.android.server.wm.WindowState.destroyOrSaveSurface:2073 com.android.server.wm.AppWindowToken.destroySurfaces:363 com.android.server.wm.WindowStateAnimator.finishExit:565 com.android.server.wm.WindowStateAnimator.stepAnimationLocked:491 com.android.server.wm.WindowAnimator.updateWindowsLocked:303 com.android.server.wm.WindowAnimator.animateLocked:704 
11-23 15:44:37.963  6313  6325 W art     : Suspending all threads took: 97.854ms
11-23 15:44:38.235  5810  5810 W Backup  : [GmsBackupAccountManager] Backup account not found in gmscore.
11-23 15:44:38.352  5842  5842 I internationalization: 屏保 SDK V1.2 ES - 2016.7.4 - 三个磁贴卡片
11-23 15:44:38.527  2770  5848 W art     : Long monitor contention with owner Error dump: system_app_strictmode (6232) at boolean java.io.UnixFileSystem.delete0(java.io.File)(UnixFileSystem.java:-2) waiters=0 in void com.android.server.DropBoxManagerService.init() for 1.363s
11-23 15:44:38.529  2770  3020 D BluetoothManagerService: Message: 20
11-23 15:44:38.529  2770  3020 D BluetoothManagerService: Added callback: android.bluetooth.IBluetoothManagerCallback$Stub$Proxy@813d97b:true
11-23 15:44:38.531  2770  4889 D BluetoothManagerService: checkIfCallerIsForegroundUser: valid=true callingUser=0 parentUser=-10000 foregroundUser=0
11-23 15:44:38.537  2770  2788 E WifiService: Permission denial: Need ACCESS_COARSE_LOCATION or ACCESS_FINE_LOCATION permission to get scan results
11-23 15:44:39.001  5810  5829 W art     : Suspending all threads took: 12.286ms
11-23 15:44:39.006  5810  5829 I art     : Background sticky concurrent mark sweep GC freed 5986(663KB) AllocSpace objects, 6(120KB) LOS objects, 26% free, 3MB/4MB, paused 14.323ms total 74.320ms
11-23 15:44:39.014  5842  6413 W art     : Long monitor contention with owner LogSenderThread (6414) at org.json.JSONObject org.json.JSONObject.put(java.lang.String, java.lang.Object)(JSONObject.java:256) waiters=0 in void com.baidu.mobstat.DataCore.flush(android.content.Context) for 471ms
11-23 15:44:39.020  5842  6414 D NetworkSecurityConfig: No Network Security Config specified, using platform default
11-23 15:44:39.127  2770  4889 I ActivityManager: Start proc 6476:com.estrongs.android.pop:ka/u0a34 for service com.estrongs.android.pop/com.duapps.ad.services.KeepAliveService
11-23 15:44:39.142  5842  5857 W art     : Suspending all threads took: 7.285ms
11-23 15:44:39.200  6476  6476 W System  : ClassLoader referenced unknown path: /data/app/com.estrongs.android.pop-1/lib/arm64
11-23 15:44:39.250  5842  5857 W art     : Suspending all threads took: 7.743ms
11-23 15:44:39.265  6476  6476 I MultiDex: VM with version 2.1.0 has multidex support
11-23 15:44:39.265  6476  6476 I MultiDex: install
11-23 15:44:39.265  6476  6476 I MultiDex: VM has multidex support, MultiDex support library is disabled.
11-23 15:44:39.265  6476  6476 I MultiDex: install
11-23 15:44:39.265  6476  6476 I MultiDex: VM has multidex support, MultiDex support library is disabled.
11-23 15:44:39.289  2770  4889 I ActivityManager: Start proc 6504:com.google.android.gms/u0a13 for service com.google.android.gms/.ads.identifier.service.AdvertisingIdService
11-23 15:44:39.390  2770  2789 I ActivityManager: Start proc 6527:com.google.android.apps.mediashell/u0a0 for broadcast com.google.android.apps.mediashell/.AutoStartListener
11-23 15:44:39.397  5842  6525 W ResourceType: No package identifier when getting value for resource number 0x00000000
11-23 15:44:39.410  6504  6504 W System  : ClassLoader referenced unknown path: /system/priv-app/PrebuiltGmsCorePano/lib/arm64
11-23 15:44:39.477  5810  6419 I Scheduler: Use legacy PeriodicScheduler
11-23 15:44:39.531  6527  6527 W System  : ClassLoader referenced unknown path: /system/priv-app/AndroidMediaShell/lib/arm
11-23 15:44:39.631  5810  6355 W GCoreFlp: No location to return for getLastLocation()
11-23 15:44:39.706  6504  6504 W System  : ClassLoader referenced unknown path: /system/priv-app/PrebuiltGmsCorePano/lib/arm64
11-23 15:44:39.708  6504  6504 W System  : ClassLoader referenced unknown path: /system/priv-app/PrebuiltGmsCorePano/lib/arm64
11-23 15:44:39.710  6504  6504 W linker  : /data/data/com.google.android.gms/app_extracted_libs/arm64-v8a/libgmscore.so: unused DT entry: type 0x7ffffffd arg 0x885
11-23 15:44:39.715  6504  6504 W System  : ClassLoader referenced unknown path: /system/priv-app/PrebuiltGmsCorePano/lib/arm64
11-23 15:44:39.717  6504  6504 W System  : ClassLoader referenced unknown path: /system/priv-app/PrebuiltGmsCorePano/lib/arm64
11-23 15:44:39.810  5810  5810 W Settings: Setting airplane_mode_on has moved from android.provider.Settings.System to android.provider.Settings.Global, returning read-only value.
11-23 15:44:39.850  6504  6504 W linker  : /data/data/com.google.android.gms/app_extracted_libs/arm64-v8a/libconscrypt_gmscore_jni.so: unused DT entry: type 0x7ffffffd arg 0x15f
11-23 15:44:39.851  6504  6504 W linker  : /system/priv-app/PrebuiltGmsCorePano/PrebuiltGmsCorePano.apk!/lib/arm64-v8a/libgmscore.so: unused DT entry: type 0x7ffffffd arg 0x885
11-23 15:44:39.853  6504  6504 V JNIHelp : Registering com/google/android/gms/org/conscrypt/NativeCrypto's 235 native methods...
11-23 15:44:39.936  6527  6527 D AutoStartListener: Starting Cast Receiver service if not started yet.
11-23 15:44:39.972  6504  6504 D NetworkSecurityConfig: No Network Security Config specified, using platform default
11-23 15:44:39.975  6504  6504 I ProviderInstaller: Installed default security provider GmsCore_OpenSSL
11-23 15:44:40.055  5810  5829 I art     : Background partial concurrent mark sweep GC freed 5570(572KB) AllocSpace objects, 7(140KB) LOS objects, 40% free, 4MB/6MB, paused 2.114ms total 166.915ms
11-23 15:44:40.095  5810  6441 I GeofencerStateMachine: Network location disabled.
11-23 15:44:40.105  6504  6518 W art     : Suspending all threads took: 9.087ms
11-23 15:44:40.112  6527  6527 D CastReceiverServiceBase: onCreate
11-23 15:44:40.112  6527  6527 D CastReceiverServiceBase: Building and starting cast receiver
11-23 15:44:40.139  6527  6527 D RecommendationsService: Starting RecommendationsService...
11-23 15:44:40.155  5810  6419 W InstanceID/Rpc: Found 10013
11-23 15:44:40.161  2770  3020 D BluetoothManagerService: Message: 20
11-23 15:44:40.161  2770  3020 D BluetoothManagerService: Added callback: android.bluetooth.IBluetoothManagerCallback$Stub$Proxy@e8a7788:true
11-23 15:44:40.173  5810  6419 I Scheduler: Cleaning up unwanted schedulers, if there are any.
11-23 15:44:40.328  2770  4370 D WifiNative-HAL: Failing getSupportedFeatureset because HAL isn't started
11-23 15:44:40.331  6527  6527 D CastBrowserHelper: Performing one-time browser initialization
11-23 15:44:40.336  6527  6527 D CastApplication: Initializing command line from /data/local/tmp/castshell-command-line
11-23 15:44:40.830  2770  2789 I ActivityManager: Start proc 6657:com.google.android.videos/u0a54 for broadcast com.google.android.videos/.tv.service.nowtifications.NowtificationBroadcastReceiver
11-23 15:44:41.429  6527  6527 I cr_LibraryLoader: Time to load native libraries: 1026 ms (timestamps 1686-2712)
11-23 15:44:41.429  6527  6527 I cr_LibraryLoader: Expected native library version number "", actual native library version number ""
11-23 15:44:41.452  6527  6527 I chromium: [INFO:library_loader_hooks.cc(143)] Chromium logging enabled: level = 0, default verbosity = 0
11-23 15:44:41.452  6527  6527 D CastBrowserHelper: Loading BrowserStartupController...
11-23 15:44:41.453  6527  6527 I cr_BrowserStartup: Initializing chromium process, singleProcess=false
11-23 15:44:41.480  5842  5857 W art     : Suspending all threads took: 205.456ms
11-23 15:44:41.681  4477  5199 V Avrcp   : Active sessions changed, 0 sessions
11-23 15:44:41.730  6657  6657 V MediaRouter: Adding route: RouteInfo{ name=TV, description=null, status=null, category=RouteCategory{ name=null types=ROUTE_TYPE_LIVE_AUDIO ROUTE_TYPE_LIVE_VIDEO  groupable=false }, supportedTypes=ROUTE_TYPE_LIVE_AUDIO ROUTE_TYPE_LIVE_VIDEO , presentationDisplay=null }
11-23 15:44:41.736  6657  6657 V MediaRouter: Updating audio routes: AudioRoutesInfo{ type=HDMI }
11-23 15:44:41.736  6657  6657 V MediaRouter: Dispatching route change: RouteInfo{ name=HDMI, description=null, status=null, category=RouteCategory{ name=null types=ROUTE_TYPE_LIVE_AUDIO ROUTE_TYPE_LIVE_VIDEO  groupable=false }, supportedTypes=ROUTE_TYPE_LIVE_AUDIO ROUTE_TYPE_LIVE_VIDEO , presentationDisplay=null }
11-23 15:44:41.738  6657  6657 V MediaRouter: Selecting route: RouteInfo{ name=HDMI, description=null, status=null, category=RouteCategory{ name=null types=ROUTE_TYPE_LIVE_AUDIO ROUTE_TYPE_LIVE_VIDEO  groupable=false }, supportedTypes=ROUTE_TYPE_LIVE_AUDIO ROUTE_TYPE_LIVE_VIDEO , presentationDisplay=null }
11-23 15:44:41.752  6657  6657 I MediaRouter: Found default route: MediaRouter.RouteInfo{ uniqueId=android/.support.v7.media.SystemMediaRouteProvider:DEFAULT_ROUTE, name=HDMI, description=null, iconUri=null, enabled=true, connecting=false, connectionState=0, canDisconnect=false, playbackType=0, playbackStream=3, deviceType=0, volumeHandling=1, volume=15, volumeMax=15, presentationDisplayId=-1, extras=null, settingsIntent=null, providerPackageName=android }
11-23 15:44:42.466  6527  6802 I cr_CastCrashUploader: Checking for crash dumps
11-23 15:44:42.573  2770  4792 I ActivityManager: Start proc 6811:.esfm/u0a34 for service com.estrongs.android.pop/com.estrongs.android.scanner.service.FileMonitorService
11-23 15:44:42.616  6811  6811 W System  : ClassLoader referenced unknown path: /data/app/com.estrongs.android.pop-1/lib/arm64
11-23 15:44:42.636  6811  6811 I MultiDex: VM with version 2.1.0 has multidex support
11-23 15:44:42.636  6811  6811 I MultiDex: install
11-23 15:44:42.636  6811  6811 I MultiDex: VM has multidex support, MultiDex support library is disabled.
11-23 15:44:42.636  6811  6811 I MultiDex: install
11-23 15:44:42.636  6811  6811 I MultiDex: VM has multidex support, MultiDex support library is disabled.
11-23 15:44:42.957  5810  6586 W Settings: Setting airplane_mode_on has moved from android.provider.Settings.System to android.provider.Settings.Global, returning read-only value.
11-23 15:44:42.970  6527  6527 W chromium: [6527:6527:WARNING:resource_bundle_android.cc(101)] locale_file_path.empty() for locale 
11-23 15:44:42.999  5810  6586 I System.out: gmsNlpServiceThread This NLP should run continuously. intent is Intent { act=com.google.android.location.internal.GMS_NLP pkg=com.google.android.gms }
11-23 15:44:43.189  2770  2788 I ActivityManager: Start proc 6881:com.android.vending/u0a25 for service com.android.vending/com.google.android.finsky.services.ContentFiltersService
11-23 15:44:43.327  6881  6881 W System  : ClassLoader referenced unknown path: /data/app/com.android.vending-1/lib/arm64
11-23 15:44:43.602  6657  6657 V MediaRouter: Selecting route: RouteInfo{ name=HDMI, description=null, status=null, category=RouteCategory{ name=null types=ROUTE_TYPE_LIVE_AUDIO ROUTE_TYPE_LIVE_VIDEO  groupable=false }, supportedTypes=ROUTE_TYPE_LIVE_AUDIO ROUTE_TYPE_LIVE_VIDEO , presentationDisplay=null }
11-23 15:44:43.613  6657  6850 D PlayMovies: PersistentCache.cleanup:104 Cache is below limit, no need to shrink: [size=490649, limit=33554432]
11-23 15:44:43.613  6657  6850 D PlayMovies: 
11-23 15:44:43.671  2770  4792 I ActivityManager: Start proc 6937:com.android.providers.tv/u0a26 for content provider com.android.providers.tv/.TvProvider
11-23 15:44:43.909  6937  6937 W System  : ClassLoader referenced unknown path: /system/priv-app/TvProvider/lib/arm64
11-23 15:44:44.067  6811  6965 W art     : Long monitor contention with owner thread (6847) at int android.content.res.AssetManager.loadResourceValue!(int, short, android.util.TypedValue, boolean)(AssetManager.java:-2) waiters=0 in android.database.sqlite.SQLiteDatabase android.database.sqlite.SQLiteOpenHelper.getWritableDatabase() for 197ms
11-23 15:44:44.262  6527  6975 D cr_ChildProcLauncher: [ChildProcessLauncher.java:97] Allocator allocated a connection, sandbox: false, slot: 0
11-23 15:44:44.274  6527  7002 W cr_media: Requires BLUETOOTH permission
11-23 15:44:44.278  2770  4886 I ActivityManager: Start proc 7010:com.google.android.apps.mediashell:privileged_process0/u0a0 for service com.google.android.apps.mediashell/org.chromium.content.app.PrivilegedProcessService0
11-23 15:44:44.280  6527  6975 D cr_ChildProcLauncher: [ChildProcessLauncher.java:680] Setting up connection to process: slot=0
11-23 15:44:44.281  6527  6975 I cr_LibraryLoader: Using linker: org.chromium.base.library_loader.ModernLinker
11-23 15:44:44.294  5810  6145 W art     : Long monitor contention with owner Binder:5810_4 (6146) at boolean android.os.BinderProxy.transactNative(int, android.os.Parcel, android.os.Parcel, int)(Binder.java:-2) waiters=0 in cux cuv.a(java.lang.String) for 167ms
11-23 15:44:44.294  5810  5831 W art     : Long monitor contention with owner Binder:5810_4 (6146) at boolean android.os.BinderProxy.transactNative(int, android.os.Parcel, android.os.Parcel, int)(Binder.java:-2) waiters=1 in cux cuv.a(java.lang.String) for 168ms
11-23 15:44:44.317  7010  7010 W System  : ClassLoader referenced unknown path: /system/priv-app/AndroidMediaShell/lib/arm
11-23 15:44:44.373  7010  7010 I cr_ChildProcessService: Creating new ChildProcessService pid=7010
11-23 15:44:44.454  7010  7034 I cr_LibraryLoader: Time to load native libraries: 74 ms (timestamps 5664-5738)
11-23 15:44:44.454  7010  7034 I cr_LibraryLoader: Expected native library version number "", actual native library version number ""
11-23 15:44:44.455  7010  7034 I cr_LibraryLoader: Using linker: org.chromium.base.library_loader.ModernLinker
11-23 15:44:44.458  7010  7034 I chromium: [INFO:library_loader_hooks.cc(143)] Chromium logging enabled: level = 0, default verbosity = 0
11-23 15:44:44.458  5810  5810 I GoogleURLConnFactory: Using platform SSLCertificateSocketFactory
11-23 15:44:44.487  5810  5810 E BaseAppContext: Tried to stop global GMSCore RequestQueue. This is likely unintended, so ignoring.
11-23 15:44:44.495  2770  5749 V KeyValueBackupJob: Scheduling k/v pass in 244 minutes
11-23 15:44:44.500  6937  6950 W art     : Long monitor contention with owner AsyncTask #1 (6981) at long android.database.sqlite.SQLiteConnection.nativeOpen(java.lang.String, int, java.lang.String, boolean, boolean)(SQLiteConnection.java:-2) waiters=0 in android.database.sqlite.SQLiteDatabase android.database.sqlite.SQLiteOpenHelper.getReadableDatabase() for 528ms
11-23 15:44:44.673  6527  6973 I chromium: [6527:6973:INFO:device_info_impl.cc(617)] Primary netif changed: new=wlan0, old=
11-23 15:44:44.673  6527  6973 I chromium: [6527:6973:INFO:device_info_impl.cc(626)] Primary IPv4 address changed: netif=wlan0, new=192.168.0.12, old=
11-23 15:44:44.683  6527  6879 D NetworkSecurityConfig: No Network Security Config specified, using platform default
11-23 15:44:44.694  6527  6527 I chromium: [6527:6527:INFO:multizone_manager.cc(402)] Multizone features are disabled
11-23 15:44:44.741  6527  6527 E chromium: [6527:6527:ERROR:timezone_settings.cc(174)] GetTimezoneID: Cannot read timezone symlink /data/share/chrome/localtime
11-23 15:44:44.741  6527  6527 E chromium: [6527:6527:ERROR:timezone_settings.cc(245)] Got an empty string for timezone, default to 'America/New_York
11-23 15:44:44.741  6527  6527 I chromium: [6527:6527:INFO:timezone_settings.cc(327)] Setting system timezone to America/New_York
11-23 15:44:44.742  6527  6527 I chromium: [6527:6527:INFO:cast_extension_ids.cc(71)] New cast extension id added: boadgeojelhgndaghljhdicfkmllpafd
11-23 15:44:44.742  6527  6527 I chromium: [6527:6527:INFO:cast_extension_ids.cc(71)] New cast extension id added: dliochdbjfkdbacpmhlcpmleaejidimm
11-23 15:44:44.742  6527  6527 I chromium: [6527:6527:INFO:cast_extension_ids.cc(71)] New cast extension id added: hfaagokkkhdbgiakmmlclaapfelnkoah
11-23 15:44:44.742  6527  6527 I chromium: [6527:6527:INFO:cast_extension_ids.cc(71)] New cast extension id added: fmfcbgogabcbclcofgocippekhfcmgfj
11-23 15:44:44.742  6527  6527 I chromium: [6527:6527:INFO:cast_extension_ids.cc(71)] New cast extension id added: pkedcjkdefgpdelpbcmbmeomcjbeemfm
11-23 15:44:44.742  6527  6527 I chromium: [6527:6527:INFO:cast_extension_ids.cc(71)] New cast extension id added: enhhojjnijigcajfphajepfemndkmdlo
11-23 15:44:44.743  6527  7057 E chromium: [6527:7057:ERROR:timezone_settings.cc(174)] GetTimezoneID: Cannot read timezone symlink /data/share/chrome/localtime
11-23 15:44:44.743  6527  7057 E chromium: [6527:7057:ERROR:timezone_settings.cc(205)] SetTimezoneID: Cannot find timezone file /usr/share/zoneinfo/America/New_York
11-23 15:44:44.786  2770  2770 D ZenLog  : intercepted: 0|com.google.android.videos|0|nowtification-prefix-yt:movie:gr--zBpLJAE|10054,alarmsOnly
11-23 15:44:44.788  2770  2770 V NotificationService: pkg=com.google.android.videos canInterrupt=false intercept=true
11-23 15:44:44.813  2770  2770 D ZenLog  : intercepted: 0|com.google.android.videos|0|nowtification-prefix-yt:movie:1SAnIUvxafA|10054,alarmsOnly
11-23 15:44:44.814  2770  2770 V NotificationService: pkg=com.google.android.videos canInterrupt=false intercept=true
11-23 15:44:44.825  2770  2770 D ZenLog  : intercepted: 0|com.google.android.videos|0|nowtification-prefix-yt:show:j4VAJSk-Occ|10054,alarmsOnly
11-23 15:44:44.826  2770  2770 V NotificationService: pkg=com.google.android.videos canInterrupt=false intercept=true
11-23 15:44:44.847  2770  2770 D ZenLog  : intercepted: 0|com.google.android.videos|0|nowtification-prefix-yt:show:-cm7mALREsE|10054,alarmsOnly
11-23 15:44:44.848  2770  2770 V NotificationService: pkg=com.google.android.videos canInterrupt=false intercept=true
11-23 15:44:44.877  2770  2779 I art     : Background partial concurrent mark sweep GC freed 3548(174KB) AllocSpace objects, 0(0B) LOS objects, 33% free, 8MB/13MB, paused 2.014ms total 101.789ms
11-23 15:44:44.887  6527  6527 I chromium: [6527:6527:INFO:device_info_impl.cc(655)] SSDP Config ID is increased: id=1
11-23 15:44:44.888  6527  6527 E chromium: [6527:6527:ERROR:metrics_recorder_impl.cc(869)] Cannot record metrics event after MetricsRecorder stopped.
11-23 15:44:44.888  6527  6527 E chromium: [6527:6527:ERROR:metrics_recorder_impl.cc(869)] Cannot record metrics event after MetricsRecorder stopped.
11-23 15:44:44.888  6527  6527 E chromium: [6527:6527:ERROR:device_info_impl.cc(139)] Cannot get MAC address.
11-23 15:44:44.888  6527  6527 I chromium: [6527:6527:INFO:device_info_impl.cc(143)] MAC address for : 00:00:00:00:00:00
11-23 15:44:44.889  6527  6527 E chromium: [6527:6527:ERROR:device_info_impl.cc(66)] Cannot read file: /data/bootid
11-23 15:44:44.889  6527  6527 I chromium: [6527:6527:INFO:device_info_impl.cc(200)] SSDP Boot ID: 0
11-23 15:44:44.889  6527  6527 I chromium: [6527:6527:INFO:device_info_impl.cc(204)] SSDP Config ID: 1
11-23 15:44:44.893  6527  6527 W chromium: [6527:6527:WARNING:application_config_manager_impl.cc(142)] Cannot read application config file: /system/bin/app.conf
11-23 15:44:44.893  6527  6527 I chromium: [6527:6527:INFO:application_manager_impl.cc(218)] Application manager is initialized.
11-23 15:44:44.894  6527  6527 I chromium: [6527:6527:INFO:mdns_manager_impl.cc(155)] MdnsManager is initialized
11-23 15:44:44.894  6527  6527 I chromium: [6527:6527:INFO:dial_request_handler.cc(190)] DIAL request handler is initialized.
11-23 15:44:44.894  6527  6527 I chromium: [6527:6527:INFO:dial_request_handler.cc(203)] SSDP device description request handler is initialized.
11-23 15:44:44.894  6527  6527 I chromium: [6527:6527:INFO:config_downloader.cc(141)] Set config periodic interval: min=300, max=420
11-23 15:44:44.894  6527  6527 I chromium: [6527:6527:INFO:crl_downloader.cc(103)] Set CRL periodic interval: min=2880, max=4320
11-23 15:44:44.902  6527  7094 I chromium: [6527:7094:INFO:v2_transport.cc(348)] Added Cast V2 endpoint: id=Tr@n$p0rt-0
11-23 15:44:44.904  6527  7094 I chromium: [6527:7094:INFO:endpoint_with_namespace_handler.cc(93)] Added a namespace handler: local_id=Tr@n$p0rt-0, namespace=urn:x-cast:com.google.cast.tp.connection
11-23 15:44:44.904  6527  7094 I chromium: [6527:7094:INFO:endpoint_with_namespace_handler.cc(93)] Added a namespace handler: local_id=Tr@n$p0rt-0, namespace=urn:x-cast:com.google.cast.tp.heartbeat
11-23 15:44:44.904  6527  7094 I chromium: [6527:7094:INFO:endpoint_with_namespace_handler.cc(93)] Added a namespace handler: local_id=Tr@n$p0rt-0, namespace=urn:x-cast:com.google.cast.tp.deviceauth
11-23 15:44:44.904  6527  7094 I chromium: [6527:7094:INFO:v2_transport.cc(193)] V2Transport initialized.
11-23 15:44:44.905  6527  7094 I chromium: [6527:7094:INFO:v2_transport.cc(291)] Added socket factory: id=domain-socket@/tmp/cast-control
11-23 15:44:44.905  6527  7094 I chromium: [6527:7094:INFO:v2_transport.cc(291)] Added socket factory: id=opencast-socket
11-23 15:44:44.906  6527  7091 I chromium: [6527:7091:INFO:mdns_app_filter.cc(478)] MdnsAppFilter initialized
11-23 15:44:44.912  6527  7090 I chromium: [6527:7090:INFO:media_manager_impl.cc(540)] New device volume control type: new_type=1, old_type=0
11-23 15:44:44.913  6527  7090 I chromium: [6527:7090:INFO:media_manager_impl.cc(563)] New device volume step interval: new_interval=0.02, old_interval=0
11-23 15:44:44.913  6527  7090 I chromium: [6527:7090:INFO:media_manager_impl.cc(600)] New audio volume: new=1, old=0
11-23 15:44:44.973  6657  6932 W art     : Long monitor contention with owner AsyncTask #1 (6930) at void java.lang.Object.wait!(long, int)(Object.java:-2) waiters=0 in java.lang.String com.google.android.videos.service.accounts.AccountManagerWrapper.getCachedToken(android.accounts.Account) for 1.350s
11-23 15:44:44.974  6527  6527 I chromium: [6527:6527:INFO:virtual_device_manager.cc(113)] Added virtual device: id=172432c4-0028-950b-8c5e-d2daaff0a819
11-23 15:44:44.976  6527  7094 I chromium: [6527:7094:INFO:v2_transport.cc(348)] Added Cast V2 endpoint: id=receiver-172432c4-0028-950b-8c5e-d2daaff0a819
11-23 15:44:44.976  6527  7094 I chromium: [6527:7094:INFO:endpoint_with_namespace_handler.cc(93)] Added a namespace handler: local_id=receiver-172432c4-0028-950b-8c5e-d2daaff0a819, namespace=urn:x-cast:com.google.cast.receiver
11-23 15:44:44.976  6527  7094 I chromium: [6527:7094:INFO:endpoint_with_namespace_handler.cc(93)] Added a namespace handler: local_id=receiver-172432c4-0028-950b-8c5e-d2daaff0a819, namespace=urn:x-cast:com.google.cast.receiver.discovery
11-23 15:44:44.976  6527  7094 I chromium: [6527:7094:INFO:endpoint_with_namespace_handler.cc(93)] Added a namespace handler: local_id=receiver-172432c4-0028-950b-8c5e-d2daaff0a819, namespace=urn:x-cast:com.google.cast.receiver.debug
11-23 15:44:44.976  6527  7094 I chromium: [6527:7094:INFO:v2_transport.cc(291)] Added socket factory: id=172432c4-0028-950b-8c5e-d2daaff0a819
11-23 15:44:44.976  6527  7094 I chromium: [6527:7094:INFO:endpoint_with_namespace_handler.cc(93)] Added a namespace handler: local_id=receiver-172432c4-0028-950b-8c5e-d2daaff0a819, namespace=urn:x-cast:com.google.cast.proximity
11-23 15:44:44.976  6527  7094 I chromium: [6527:7094:INFO:endpoint_with_namespace_handler.cc(93)] Added a namespace handler: local_id=receiver-172432c4-0028-950b-8c5e-d2daaff0a819, namespace=urn:x-cast:com.google.cast.resource
11-23 15:44:44.988  6527  6527 I chromium: [6527:6527:INFO:ccs_manager_impl.cc(273)] Added CCS device
11-23 15:44:44.988  6527  6527 I chromium: [6527:6527:INFO:crypto_manager.cc(247)] Public key: MIIBCgKCAQEAwq4N1jej1sJHwNYVd623Ak5IEdHsEqJEH2JiyUZ47UrdrVPQop36AG4HloKr3m1xNE1ad6RiBZeTGCYIFXBMVqmhmQmcgb9hK2Y8NEJ7ry8zHxPfmWx3Fe5tIH07Yfe4DY9xe1FqbnFIOWfjKm4c29xJF4jzvzk+B5dlD323o5+y7LK1LVZF/sCA06/9bfm7y3DLABr+pKL8AFIUfBSiughV22pbnG07UPlFdXkTcM/L03gURljK/CotiG8FhC5Ybl5MJmpf44rtPAvGP691k2Wo6QGv7Son5T8PrKBWyVmwHIbjCCiLlYDdKHLj5dmYAuykwFV4accWfFGmtbzXGQIDAQAB
11-23 15:44:44.989  6527  6527 I chromium: [6527:6527:INFO:crypto_manager.cc(259)] Public modulus: wq4N1jej1sJHwNYVd623Ak5IEdHsEqJEH2JiyUZ47UrdrVPQop36AG4HloKr3m1xNE1ad6RiBZeTGCYIFXBMVqmhmQmcgb9hK2Y8NEJ7ry8zHxPfmWx3Fe5tIH07Yfe4DY9xe1FqbnFIOWfjKm4c29xJF4jzvzk-B5dlD323o5-y7LK1LVZF_sCA06_9bfm7y3DLABr-pKL8AFIUfBSiughV22pbnG07UPlFdXkTcM_L03gURljK_CotiG8FhC5Ybl5MJmpf44rtPAvGP691k2Wo6QGv7Son5T8PrKBWyVmwHIbjCCiLlYDdKHLj5dmYAuykwFV4accWfFGmtbzXGQ
11-23 15:44:44.989  6527  6527 I chromium: [6527:6527:INFO:crypto_manager.cc(264)] Public exponent: AQAB
11-23 15:44:44.989  6527  6527 I chromium: [6527:6527:INFO:gcm_manager.cc(84)] GCM Dir = /data/user/0/com.google.android.apps.mediashell/cache/gcm
11-23 15:44:44.992  6527  6527 I chromium: [6527:6527:INFO:gcm_manager.cc(163)] Enabling GCM Driver
11-23 15:44:44.993  6527  6527 I chromium: [6527:6527:INFO:setup_manager.cc(319)] opt-in.audio-hdr: 0
11-23 15:44:44.993  6527  6527 I chromium: [6527:6527:INFO:setup_manager.cc(321)] opt-in.cloud-ipc: 1
11-23 15:44:44.993  6527  6527 I chromium: [6527:6527:INFO:setup_manager.cc(323)] opt-in.hdmi-prefer-50hz: 0
11-23 15:44:44.993  6527  6527 I chromium: [6527:6527:INFO:setup_manager.cc(325)] opt-in.location: 0
11-23 15:44:44.993  6527  6527 I chromium: [6527:6527:INFO:setup_manager.cc(327)] opt-in.opencast: 0
11-23 15:44:44.994  6527  6527 I chromium: [6527:6527:INFO:setup_manager.cc(329)] opt-in.preview-channel: 0
11-23 15:44:44.994  6527  6527 I chromium: [6527:6527:INFO:setup_manager.cc(331)] opt-in.stats: 1
11-23 15:44:44.994  6527  6527 I chromium: [6527:6527:INFO:setup_manager.cc(332)] tos-accepted: 1
11-23 15:44:44.994  6527  6527 I chromium: [6527:6527:INFO:setup_manager.cc(334)] audio.digital: 0
11-23 15:44:44.994  6527  6527 I chromium: [6527:6527:INFO:setup_manager.cc(340)] virtual-channel: 
11-23 15:44:44.994  6527  6527 I chromium: [6527:6527:INFO:locale_manager.cc(270)] No timezone yet.
11-23 15:44:44.994  6527  6527 I chromium: [6527:6527:INFO:locale_manager.cc(301)] Current time format: 12-hour
11-23 15:44:44.994  6527  6527 I chromium: [6527:6527:INFO:locale_manager.cc(312)] No locale. Set default from ICU: en-US@posix
11-23 15:44:44.995  6527  6527 W chromium: [6527:6527:WARNING:resource_bundle_android.cc(101)] locale_file_path.empty() for locale 
11-23 15:44:44.995  6527  6527 W chromium: [6527:6527:WARNING:resource_bundle_android.cc(101)] locale_file_path.empty() for locale 
11-23 15:44:44.995  6527  6527 I chromium: [6527:6527:INFO:locale_manager.cc(328)] Actual locale loaded: en-US
11-23 15:44:44.995  6527  6527 I chromium: [6527:6527:INFO:locale_manager.cc(567)] New country code: US
11-23 15:44:44.996  6527  6527 I chromium: [6527:6527:INFO:daily_reboot.cc(97)] Daily reboot is disabled
11-23 15:44:44.996  6527  6527 W chromium: [6527:6527:WARNING:cast_crypto_keys_openssl.cc(278)] No valid ESN read.
11-23 15:44:44.996  6527  6527 W chromium: [6527:6527:WARNING:cast_crypto_keys_openssl.cc(291)] Invalid or no DKE value read.
11-23 15:44:44.996  6527  6527 W chromium: [6527:6527:WARNING:cast_crypto_keys_openssl.cc(305)] Invalid or no DKH value read.
11-23 15:44:44.996  6527  6527 W chromium: [6527:6527:WARNING:cast_crypto_keys_openssl.cc(366)] Invalid or no DKW value read/computed.
11-23 15:44:45.005  6657  6902 D NetworkSecurityConfig: No Network Security Config specified, using platform default
11-23 15:44:45.019  6881  6881 I Finsky  : [1] com.google.android.finsky.services.DailyHygiene.a(238): No need to run daily hygiene.
11-23 15:44:45.028  6527  6977 I chromium: [6527:6977:INFO:connectivity_checker_impl.cc(105)] Global connection is: Up
11-23 15:44:45.028  6527  7102 W chromium: [6527:7102:WARNING:setup_manager.cc(659)] NAT not supported, no captive portal support.
11-23 15:44:45.036  6881  6881 W Settings: Setting download_manager_max_bytes_over_mobile has moved from android.provider.Settings.Secure to android.provider.Settings.Global.
11-23 15:44:45.038  6881  6881 W Settings: Setting download_manager_recommended_max_bytes_over_mobile has moved from android.provider.Settings.Secure to android.provider.Settings.Global.
11-23 15:44:45.060  6527  7094 I chromium: [6527:7094:INFO:endpoint_with_namespace_handler.cc(93)] Added a namespace handler: local_id=receiver-172432c4-0028-950b-8c5e-d2daaff0a819, namespace=urn:x-cast:com.google.cast.assistant
11-23 15:44:45.098  6527  7102 I chromium: [6527:7102:INFO:wifi_proximity.cc(165)] Request scan.
11-23 15:44:45.112  6881  6881 I Finsky  : [1] com.google.android.finsky.utils.bq.a(175): Enabling bucket experiment: factor=2.000, zeroDelta=0ms, forceNetwork=false
11-23 15:44:45.211  6881  6894 W art     : Suspending all threads took: 6.333ms
11-23 15:44:45.282  6657  6932 W VideoCapabilities: Unsupported mime video/jpeg
11-23 15:44:45.297  6657  6932 W VideoCapabilities: Unsupported mime video/mpeg1
11-23 15:44:45.317  6657  6932 W VideoCapabilities: Unrecognized profile/level 1/32 for video/mp4v-es
11-23 15:44:45.317  6657  6932 W VideoCapabilities: Unrecognized profile/level 32768/2 for video/mp4v-es
11-23 15:44:45.318  6527  7090 W VideoCapabilities: Unsupported mime video/jpeg
11-23 15:44:45.320  6881  6881 I Finsky  : [1] com.google.android.finsky.installer.z.a(1287): Installer kick - no action, not running yet
11-23 15:44:45.321  6881  6881 I Finsky  : [1] com.google.android.finsky.k.j.run(206): Loaded library for account: [GmceZE_qw2hix_2zLW0VgdxGk3Y]
11-23 15:44:45.322  6881  6881 I Finsky  : [1] com.google.android.finsky.k.j.run(212): Finished loading 1 libraries.
11-23 15:44:45.329  6527  7090 W VideoCapabilities: Unsupported mime video/mpeg1
11-23 15:44:45.342  6657  6932 W VideoCapabilities: Unsupported mime video/x-vnd.on2.vp6
11-23 15:44:45.343  6881  6895 I Finsky  : [86] com.google.android.finsky.utils.jc.a(351): Will not allow first-party apps signed by test keys
11-23 15:44:45.347  6527  7090 W VideoCapabilities: Unrecognized profile/level 1/32 for video/mp4v-es
11-23 15:44:45.347  6527  7090 W VideoCapabilities: Unrecognized profile/level 32768/2 for video/mp4v-es
11-23 15:44:45.347  6881  6895 I Finsky  : [86] com.google.android.finsky.services.e.a(56): Received content filters request from com.google.android.videos
11-23 15:44:45.351  6657  6932 W VideoCapabilities: Unsupported mime video/wvc1
11-23 15:44:45.354  6527  7090 W VideoCapabilities: Unsupported mime video/x-vnd.on2.vp6
11-23 15:44:45.356  6657  6932 W VideoCapabilities: Unsupported mime video/x-ms-mpeg4v1
11-23 15:44:45.361  6657  6932 W VideoCapabilities: Unsupported mime video/x-ms-mpeg4v2
11-23 15:44:45.361  6527  7090 W VideoCapabilities: Unsupported mime video/wvc1
11-23 15:44:45.365  6657  6932 W VideoCapabilities: Unsupported mime video/divx
11-23 15:44:45.366  6527  7090 W VideoCapabilities: Unsupported mime video/x-ms-mpeg4v1
11-23 15:44:45.369  6527  7090 W VideoCapabilities: Unsupported mime video/x-ms-mpeg4v2
11-23 15:44:45.371  6657  6932 W VideoCapabilities: Unsupported mime video/xvid
11-23 15:44:45.376  6527  7090 W VideoCapabilities: Unsupported mime video/divx
11-23 15:44:45.377  6657  6932 W VideoCapabilities: Unsupported mime video/flv1
11-23 15:44:45.380  6527  7090 W VideoCapabilities: Unsupported mime video/xvid
11-23 15:44:45.380  6657  6932 W VideoCapabilities: Unsupported mime video/rvg2
11-23 15:44:45.383  6527  7090 W VideoCapabilities: Unsupported mime video/flv1
11-23 15:44:45.385  6657  6932 W VideoCapabilities: Unsupported mime video/wmv1
11-23 15:44:45.385  6527  7090 W VideoCapabilities: Unsupported mime video/rvg2
11-23 15:44:45.398  6527  7090 W VideoCapabilities: Unsupported mime video/wmv1
11-23 15:44:45.399  6657  6932 W VideoCapabilities: Unsupported mime video/wmv2
11-23 15:44:45.413  6527  7090 W VideoCapabilities: Unsupported mime video/wmv2
11-23 15:44:45.429  6881  7129 V GoogleSignatureVerifier: com.google.android.gms signature not valid.  Found: 
11-23 15:44:45.429  6881  7129 V GoogleSignatureVerifier: MIIEQzCCAyugAwIBAgIJAMLgh0ZkSjCNMA0GCSqGSIb3DQEBBAUAMHQxCzAJBgNVBAYTAlVTMRMw
11-23 15:44:45.429  6881  7129 V GoogleSignatureVerifier: EQYDVQQIEwpDYWxpZm9ybmlhMRYwFAYDVQQHEw1Nb3VudGFpbiBWaWV3MRQwEgYDVQQKEwtHb29n
11-23 15:44:45.429  6881  7129 V GoogleSignatureVerifier: bGUgSW5jLjEQMA4GA1UECxMHQW5kcm9pZDEQMA4GA1UEAxMHQW5kcm9pZDAeFw0wODA4MjEyMzEz
11-23 15:44:45.429  6881  7129 V GoogleSignatureVerifier: MzRaFw0zNjAxMDcyMzEzMzRaMHQxCzAJBgNVBAYTAlVTMRMwEQYDVQQIEwpDYWxpZm9ybmlhMRYw
11-23 15:44:45.429  6881  7129 V GoogleSignatureVerifier: FAYDVQQHEw1Nb3VudGFpbiBWaWV3MRQwEgYDVQQKEwtHb29nbGUgSW5jLjEQMA4GA1UECxMHQW5k
11-23 15:44:45.429  6881  7129 V GoogleSignatureVerifier: cm9pZDEQMA4GA1UEAxMHQW5kcm9pZDCCASAwDQYJKoZIhvcNAQEBBQADggENADCCAQgCggEBAKtW
11-23 15:44:45.429  6881  7129 V GoogleSignatureVerifier: LgDYO6IIrgqWbxJOKdoR8qtW0I9Y4sypEwPpt1TTcvZApxsdyxMJZ2JORland2qSGT2y5b+3JKke
11-23 15:44:45.429  6881  7129 V GoogleSignatureVerifier: dxiLDmpHpDsz2WCbdxgxRczfey5YZnTJ4VZbH0xqWVW/8lGmPav5xVwnIiJS6HXk+BVKZF+JcWjA
11-23 15:44:45.429  6881  7129 V GoogleSignatureVerifier: sb/GEuq/eFdpuzSqeYTcfi6idkyugwfYwXFU1+5fZKUaRKYCwkkFQVfcAs1fXA5V+++FGfvjJ/Cx
11-23 15:44:45.429  6881  7129 V GoogleSignatureVerifier: URaSxaBvGdGDhfXE28LWuT9ozCl5xw4Yq5OGazvV24mZVSoOO0yZ31j7kYvtwYK6NeADwbSxDdJE
11-23 15:44:45.429  6881  7129 V GoogleSignatureVerifier: qO4k//0zOHKrUiGYXtqw/A0LFFtqoZKFjnkCAQOjgdkwgdYwHQYDVR0OBBYEFMd9jMIhF1Ylmn/T
11-23 15:44:45.429  6881  7129 V GoogleSignatureVerifier: gt9r45jk14alMIGmBgNVHSMEgZ4wgZuAFMd9jMIhF1Ylmn/Tgt9r45jk14aloXikdjB0MQswCQYD
11-23 15:44:45.429  6881  7129 V GoogleSignatureVerifier: VQQGEwJVUzETMBEGA1UECBMKQ2FsaWZvcm5pYTEWMBQGA1UEBxMNTW91bnRhaW4gVmlldzEUMBIG
11-23 15:44:45.429  6881  7129 V GoogleSignatureVerifier: A1UEChMLR29vZ2xlIEluYy4xEDAOBgNVBAsTB0FuZHJvaWQxEDAOBgNVBAMTB0FuZHJvaWSCCQDC
11-23 15:44:45.429  6881  7129 V GoogleSignatureVerifier: 4IdGZEowjTAMBgNVHRMEBTADAQH/MA0GCSqGSIb3DQEBBAUAA4IBAQBt0lLO74UwLDYKqs6Tm8/y
11-23 15:44:45.429  6881  7129 V GoogleSignatureVerifier: zKkEu116FmH4rkaymUIE0P9KaMftGlMexFlaYjzmB2OxZyl6euNXEsQH8gjwyxCUKRJNexBiGcCE
11-23 15:44:45.429  6881  7129 V GoogleSignatureVerifier: yj6z+a1fuHHvkiaai+KL8W1EyNmgjmyy8AW7P+LLlkR+ho5zEHatRbM/YAnqGcFh5iZBqpknHf1S
11-23 15:44:45.429  6881  7129 V GoogleSignatureVerifier: KMXFh4dd239FJ1jWYfbMDMy3NS5CTMQ2XFI1MvcyUTdZPErjQfTbQe3aDQsQcafEQPD+nqActifK
11-23 15:44:45.429  6881  7129 V GoogleSignatureVerifier: Z0Np0IS9L9kR/wbNvyz6ENwPiTrjV2KRkEjH78ZMcUQXg0L3BYHJ3lc69Vs5Ddf9uUGGMYldX3Wf
11-23 15:44:45.429  6881  7129 V GoogleSignatureVerifier: MBEmh/9iFBDAaTCK
11-23 15:44:45.452  6937  7139 D EpgDataCleanupService: Received intent: Intent { act=com.android.providers.tv.intent.CLEAN_UP_EPG_DATA flg=0x4 cmp=com.android.providers.tv/.EpgDataCleanupService (has extras) }
11-23 15:44:45.460  2770  2770 D AlarmManagerService: Kernel timezone updated to 480 minutes west of GMT
11-23 15:44:45.481  2770  2770 I ActivityManager: Start proc 7142:com.google.android.atv.widget/u0a28 for broadcast com.google.android.atv.widget/.ClockWidgetProvider
11-23 15:44:45.517  6657  6932 I VideoCapabilities: Unsupported profile 4 for video/mp4v-es
11-23 15:44:45.518  6527  7090 I VideoCapabilities: Unsupported profile 4 for video/mp4v-es
11-23 15:44:45.549  6527  6527 W art     : Long monitor contention with owner Thread-4 (7090) at boolean android.media.MediaCodecList.isEncoder(int)(MediaCodecList.java:-2) waiters=0 in void android.media.MediaCodecList.initCodecList() for 453ms
11-23 15:44:45.563  6527  7090 I chromium: [6527:7090:INFO:media_manager_impl.cc(674)] New screen resolution: new=(1920x1080), old=(0x0)
11-23 15:44:45.563  6527  7090 I chromium: [6527:7090:INFO:media_manager_impl.cc(189)] Media manager is initialized.
11-23 15:44:45.567  2770  2770 V NotificationService: pkg=com.google.android.videos canInterrupt=false intercept=true
11-23 15:44:45.570  6527  6527 I chromium: [6527:6527:INFO:queryable_data_registrar.cc(69)] kMaxVideoResolution=1920x1080 fps=60
11-23 15:44:45.570  6527  6527 I chromium: [6527:6527:INFO:queryable_data_registrar.cc(84)] Registering enable_hls_sample_aes=0
11-23 15:44:45.576  6527  6527 E chromium: [6527:6527:ERROR:client_auth_creds_openssl.cc(324)] Empty certs string.
11-23 15:44:45.581  6527  6527 E chromium: [6527:6527:ERROR:client_auth_signer.cc(76)] Failed to get key and cert from ClientAuthCreds.
11-23 15:44:45.584  6527  6527 I chromium: [6527:6527:INFO:cast_metrics_service_client.cc(111)] Metrics client ID set: f63896d7-96ed-4c6d-8840-3bebebd44601
11-23 15:44:45.585  6527  6527 I chromium: [6527:6527:INFO:device_info_impl.cc(459)] Metrics client ID: f63896d7-96ed-4c6d-8840-3bebebd44601
11-23 15:44:45.602  6527  6527 I chromium: [6527:6527:INFO:cast_metrics_service_client.cc(111)] Metrics client ID set: f63896d7-96ed-4c6d-8840-3bebebd44601
11-23 15:44:45.603  6527  6527 I chromium: [6527:6527:INFO:device_info_impl.cc(459)] Metrics client ID: f63896d7-96ed-4c6d-8840-3bebebd44601
11-23 15:44:45.604  6527  6527 I chromium: [6527:6527:INFO:url_request_context_factory.cc(401)] Initialized app network delegate.
11-23 15:44:45.604  6527  6527 I chromium: [6527:6527:INFO:url_request_context_factory.cc(403)] Initialized system network delegate.
11-23 15:44:45.605  6527  6527 I chromium: [6527:6527:INFO:cast_receiver_impl.cc(666)] Cast receiver started.
11-23 15:44:45.605  6527  6527 W chromium: [6527:6527:WARNING:cast_receiver_impl.cc(893)] Network is not globally connected. Don't schedule config downloading yet.
11-23 15:44:45.606  6527  7094 I chromium: [6527:7094:INFO:v2_transport.cc(544)] V2TransportImpl::CreatSelfSignedCertificateWithKey called.
11-23 15:44:45.606  6527  6977 I chromium: [6527:6977:INFO:cast_http_user_agent_settings.cc(50)] Locale changed: accept_language=en-US
11-23 15:44:45.611  6527  7091 I chromium: [6527:7091:INFO:mdns_manager_impl.cc(229)] Primary interface for service discovery has changed: ifindex=9
11-23 15:44:45.631  6527  6527 I chromium: [6527:6527:INFO:cast_receiver_impl.cc(761)] Cast receiver resumed.
11-23 15:44:45.632  6527  6527 W chromium: [6527:6527:WARNING:cast_receiver_impl.cc(906)] Network is not globally connected. Don't schedule CRL downloading yet.
11-23 15:44:45.632  6527  6527 E chromium: [6527:6527:ERROR:chromecast_service.cc(793)] Not implemented reached in void chromecast::ChromecastService::OnOptInLocationChanged()
11-23 15:44:45.633  6527  6527 I chromium: [6527:6527:INFO:chromecast_service.cc(612)] Initial error code: 0
11-23 15:44:45.636  6527  7092 I chromium: [6527:7092:INFO:cast_web_server.cc(140)] Http server for Cast receiver started: port=8008
11-23 15:44:45.641  6527  7094 I chromium: [6527:7094:INFO:transport_creds.cc(148)] Self-signed certificate created: CN=172432c4-0028-950b-8c5e-d2daaff0a819
11-23 15:44:45.641  6527  7094 E chromium: [6527:7094:ERROR:client_auth_signer.cc(191)] Cast certificate is not valid.
11-23 15:44:45.641  6527  7094 W chromium: [6527:7094:WARNING:client_auth_signer.cc(112)] No private key, hence empty signature.
11-23 15:44:45.642  6527  7094 I chromium: [6527:7094:INFO:v2_transport.cc(562)] About to flush SSL session cache
11-23 15:44:45.642  6527  7094 E chromium: [6527:7094:ERROR:socket_posix.cc(124)] bind() returned an error, errno=98: Address already in use
11-23 15:44:45.642  6527  7094 I chromium: [6527:7094:INFO:v2_ssl_socket.cc(625)] IPv6 socket probably supports both IPv4 and IPv6
11-23 15:44:45.642  6527  7094 I chromium: [6527:7094:INFO:v2_ssl_socket.cc(632)] Listening to port:8009
11-23 15:44:45.643  6527  7094 E chromium: [6527:7094:ERROR:socket_posix.cc(124)] bind() returned an error, errno=2: No such file or directory
11-23 15:44:45.643  6527  7094 E chromium: [6527:7094:ERROR:unix_domain_server_socket_posix.cc(98)] Could not bind unix domain socket to /tmp/cast-control: No such file or directory
11-23 15:44:45.643  6527  7094 I chromium: [6527:7094:INFO:v2_unix_domain_socket_factory.cc(91)] Cast V2 Unix domain socket is listening: path=/tmp/cast-control
11-23 15:44:45.643  6527  7094 E chromium: [6527:7094:ERROR:v2_unix_domain_socket_factory.cc(93)] Listen error: -6
11-23 15:44:45.648  7142  7142 W System  : ClassLoader referenced unknown path: /system/app/AtvWidget/lib/arm64
11-23 15:44:45.650  2770  2770 V NotificationService: pkg=com.google.android.videos canInterrupt=false intercept=true
11-23 15:44:45.659  6527  6973 E chromium: [6527:6973:ERROR:unix_stream_client_socket.cc(51)] Cannot connect unix socket: /dev/socket/panel: No such file or directory
11-23 15:44:45.660  6527  7102 I chromium: [6527:7102:INFO:locale_manager.cc(789)] Request location update.
11-23 15:44:45.678  2770  2770 V NotificationService: pkg=com.google.android.videos canInterrupt=false intercept=true
11-23 15:44:45.698  2770  2770 V NotificationService: pkg=com.google.android.videos canInterrupt=false intercept=true
11-23 15:44:45.781  1689  1762 D WVCdm   : Instantiating CDM.
11-23 15:44:45.799  1689  1762 I WVCdm   : CdmEngine::OpenSession
11-23 15:44:45.799  1689  1762 I WVCdm   : Level3 Library Jun 15 2015 14:09:24
11-23 15:44:45.800  2770  2779 I art     : Background partial concurrent mark sweep GC freed 3305(142KB) AllocSpace objects, 0(0B) LOS objects, 33% free, 8MB/13MB, paused 2.550ms total 124.247ms
11-23 15:44:45.819  1689  1762 W WVCdm   : Could not read /data/mediadrm/IDM1013/ay64.dat2: No such file or directory
11-23 15:44:45.819  1689  1762 W WVCdm   : Could not load liboemcrypto.so. Falling back to L3.  dlopen failed: library "liboemcrypto.so" not found
11-23 15:44:45.844  6527  6527 D CastReceiverServiceBase: Started
11-23 15:44:45.862  6527  6527 D cr_ChildProcLauncher: [ChildProcessLauncher.java:718] on connect callback, pid=7010 context=-314941168 callbackType=1
11-23 15:44:45.880  1689  1762 I WVCdm   : CdmEngine::QueryKeyControlInfo
11-23 15:44:45.880  1689  1689 I WVCdm   : CdmEngine::CloseSession
11-23 15:44:45.881  6527  7165 I ClientAuthCredsImpl: ensureProvisioned: already provisioned, nothing more to do.
11-23 15:44:45.881  7010  7034 E libEGL  : validate_display:99 error 3008 (EGL_BAD_DISPLAY)
11-23 15:44:45.883  1689  1762 I WVCdm   : Level3 Library Jun 15 2015 14:09:24
11-23 15:44:45.885  1689  1762 W WVCdm   : Could not read /data/mediadrm/IDM1013/ay64.dat2: No such file or directory
11-23 15:44:45.893  1689  1762 W WVCdm   : Could not load liboemcrypto.so. Falling back to L3.  dlopen failed: library "liboemcrypto.so" not found
11-23 15:44:45.911  6881  6881 I Finsky  : [1] com.google.android.finsky.c.l.a(250): result=false type=4
11-23 15:44:45.920  6527  7165 D ClientAuthCredsImpl: PostRequest:https://www.googleapis.com/certificateprovisioning/v1/devicecertificates/create?key=AIzaSyB-5OLKTx2iU5mko18DfdwK5611JIjbUhE&signedRequest=CmkKTAgAEkgAAAACAAARXfk74A4WySAaaiziQBUY-KbMk-v-jJm1w-A4KPspXDdx2LgTbX9P_nDG1Wo3J490YEgud2N5uuyms-r78Mjc5BsSBHDuZhoaEwgBEg9jYXN0Lmdvb2dsZS5jb20SINdrJtRtA9ghNRksgt34EIQ69dR9ObXhA-KjZotG-1TU
