12-31 16:01:09.684  4477  5039 I bt_hwcfg: bt vendor lib: HW_CFG_DL_FW_PATCH status:0, opcode:fc20
12-31 16:01:09.684  4477  5039 I bt_hwcfg: bt vendor lib: HW_CFG_DL_FW_PATCH status:0, iIndexRx:80
12-31 16:01:09.684  4477  5039 E bt_hci  : transmit_int_command hci_h5->send_int_cmd.
12-31 16:01:09.686  4477  5039 I bt_hwcfg: hw_cfg_cb.state = 9
12-31 16:01:09.686  4477  5039 I bt_hwcfg: bt vendor lib: HW_CFG_DL_FW_PATCH status:0, opcode:fc20
12-31 16:01:09.686  4477  5039 I bt_hwcfg: bt vendor lib: HW_CFG_DL_FW_PATCH status:0, iIndexRx:81
12-31 16:01:09.686  4477  5039 E bt_hci  : transmit_int_command hci_h5->send_int_cmd.
12-31 16:01:09.689  4477  5039 I bt_hwcfg: hw_cfg_cb.state = 9
12-31 16:01:09.689  4477  5039 I bt_hwcfg: bt vendor lib: HW_CFG_DL_FW_PATCH status:0, opcode:fc20
12-31 16:01:09.689  4477  5039 I bt_hwcfg: bt vendor lib: HW_CFG_DL_FW_PATCH status:0, iIndexRx:82
12-31 16:01:09.689  4477  5039 E bt_hci  : transmit_int_command hci_h5->send_int_cmd.
12-31 16:01:09.692  4477  5039 I bt_hwcfg: hw_cfg_cb.state = 9
12-31 16:01:09.692  4477  5039 I bt_hwcfg: bt vendor lib: HW_CFG_DL_FW_PATCH status:0, opcode:fc20
12-31 16:01:09.692  4477  5039 I bt_hwcfg: bt vendor lib: HW_CFG_DL_FW_PATCH status:0, iIndexRx:83
12-31 16:01:09.692  4477  5039 E bt_hci  : transmit_int_command hci_h5->send_int_cmd.
12-31 16:01:09.695  4477  5039 I bt_hwcfg: hw_cfg_cb.state = 9
12-31 16:01:09.695  4477  5039 I bt_hwcfg: bt vendor lib: HW_CFG_DL_FW_PATCH status:0, opcode:fc20
12-31 16:01:09.695  4477  5039 I bt_hwcfg: bt vendor lib: HW_CFG_DL_FW_PATCH status:0, iIndexRx:84
12-31 16:01:09.695  4477  5039 E bt_hci  : transmit_int_command hci_h5->send_int_cmd.
12-31 16:01:09.698  4477  5039 I bt_hwcfg: hw_cfg_cb.state = 9
12-31 16:01:09.698  4477  5039 I bt_hwcfg: bt vendor lib: HW_CFG_DL_FW_PATCH status:0, opcode:fc20
12-31 16:01:09.698  4477  5039 I bt_hwcfg: bt vendor lib: HW_CFG_DL_FW_PATCH status:0, iIndexRx:85
12-31 16:01:09.698  4477  5039 E bt_hci  : transmit_int_command hci_h5->send_int_cmd.
12-31 16:01:09.700  4477  5039 I bt_hwcfg: hw_cfg_cb.state = 9
12-31 16:01:09.700  4477  5039 I bt_hwcfg: bt vendor lib: HW_CFG_DL_FW_PATCH status:0, opcode:fc20
12-31 16:01:09.701  4477  5039 I bt_hwcfg: bt vendor lib: HW_CFG_DL_FW_PATCH status:0, iIndexRx:86
12-31 16:01:09.701  4477  5039 E bt_hci  : transmit_int_command hci_h5->send_int_cmd.
12-31 16:01:09.703  4477  5039 I bt_hwcfg: hw_cfg_cb.state = 9
12-31 16:01:09.703  4477  5039 I bt_hwcfg: bt vendor lib: HW_CFG_DL_FW_PATCH status:0, opcode:fc20
12-31 16:01:09.703  4477  5039 I bt_hwcfg: bt vendor lib: HW_CFG_DL_FW_PATCH status:0, iIndexRx:87
12-31 16:01:09.703  4477  5039 E bt_hci  : transmit_int_command hci_h5->send_int_cmd.
12-31 16:01:09.706  4477  5039 I bt_hwcfg: hw_cfg_cb.state = 9
12-31 16:01:09.706  4477  5039 I bt_hwcfg: bt vendor lib: HW_CFG_DL_FW_PATCH status:0, opcode:fc20
12-31 16:01:09.706  4477  5039 I bt_hwcfg: bt vendor lib: HW_CFG_DL_FW_PATCH status:0, iIndexRx:88
12-31 16:01:09.706  4477  5039 E bt_hci  : transmit_int_command hci_h5->send_int_cmd.
12-31 16:01:09.709  4477  5039 I bt_hwcfg: hw_cfg_cb.state = 9
12-31 16:01:09.709  4477  5039 I bt_hwcfg: bt vendor lib: HW_CFG_DL_FW_PATCH status:0, opcode:fc20
12-31 16:01:09.709  4477  5039 I bt_hwcfg: bt vendor lib: HW_CFG_DL_FW_PATCH status:0, iIndexRx:89
12-31 16:01:09.709  4477  5039 E bt_hci  : transmit_int_command hci_h5->send_int_cmd.
12-31 16:01:09.712  4477  5039 I bt_hwcfg: hw_cfg_cb.state = 9
12-31 16:01:09.712  4477  5039 I bt_hwcfg: bt vendor lib: HW_CFG_DL_FW_PATCH status:0, opcode:fc20
12-31 16:01:09.712  4477  5039 I bt_hwcfg: bt vendor lib: HW_CFG_DL_FW_PATCH status:0, iIndexRx:90
12-31 16:01:09.712  4477  5039 E bt_hci  : transmit_int_command hci_h5->send_int_cmd.
12-31 16:01:09.715  4477  5039 I bt_hwcfg: hw_cfg_cb.state = 9
12-31 16:01:09.715  4477  5039 I bt_hwcfg: bt vendor lib: HW_CFG_DL_FW_PATCH status:0, opcode:fc20
12-31 16:01:09.715  4477  5039 I bt_hwcfg: bt vendor lib: HW_CFG_DL_FW_PATCH status:0, iIndexRx:91
12-31 16:01:09.715  4477  5039 E bt_hci  : transmit_int_command hci_h5->send_int_cmd.
12-31 16:01:09.717  4477  5039 I bt_hwcfg: hw_cfg_cb.state = 9
12-31 16:01:09.718  4477  5039 I bt_hwcfg: bt vendor lib: HW_CFG_DL_FW_PATCH status:0, opcode:fc20
12-31 16:01:09.718  4477  5039 I bt_hwcfg: bt vendor lib: HW_CFG_DL_FW_PATCH status:0, iIndexRx:92
12-31 16:01:09.718  4477  5039 E bt_hci  : transmit_int_command hci_h5->send_int_cmd.
12-31 16:01:09.720  4477  5039 I bt_hwcfg: hw_cfg_cb.state = 9
12-31 16:01:09.720  4477  5039 I bt_hwcfg: bt vendor lib: HW_CFG_DL_FW_PATCH status:0, opcode:fc20
12-31 16:01:09.720  4477  5039 I bt_hwcfg: bt vendor lib: HW_CFG_DL_FW_PATCH status:0, iIndexRx:93
12-31 16:01:09.720  4477  5039 E bt_hci  : transmit_int_command hci_h5->send_int_cmd.
12-31 16:01:09.723  4477  5039 I bt_hwcfg: hw_cfg_cb.state = 9
12-31 16:01:09.723  4477  5039 I bt_hwcfg: bt vendor lib: HW_CFG_DL_FW_PATCH status:0, opcode:fc20
12-31 16:01:09.723  4477  5039 I bt_hwcfg: bt vendor lib: HW_CFG_DL_FW_PATCH status:0, iIndexRx:94
12-31 16:01:09.723  4477  5039 E bt_hci  : transmit_int_command hci_h5->send_int_cmd.
12-31 16:01:09.726  4477  5039 I bt_hwcfg: hw_cfg_cb.state = 9
12-31 16:01:09.726  4477  5039 I bt_hwcfg: bt vendor lib: HW_CFG_DL_FW_PATCH status:0, opcode:fc20
12-31 16:01:09.726  4477  5039 I bt_hwcfg: bt vendor lib: HW_CFG_DL_FW_PATCH status:0, iIndexRx:95
12-31 16:01:09.726  4477  5039 I bt_hwcfg: HW_CFG_DL_FW_PATCH: send last fw fragment
12-31 16:01:09.726  4477  5039 E bt_hci  : transmit_int_command hci_h5->send_int_cmd.
12-31 16:01:09.916  4477  5039 I bt_hwcfg: hw_cfg_cb.state = 9
12-31 16:01:09.917  4477  5039 I bt_hwcfg: bt vendor lib: HW_CFG_DL_FW_PATCH status:0, opcode:fc20
12-31 16:01:09.917  4477  5039 I bt_hwcfg: bt vendor lib: HW_CFG_DL_FW_PATCH status:0, iIndexRx:224
12-31 16:01:09.917  4477  5039 I bt_hwcfg: vendor lib fwcfg completed
12-31 16:01:09.917  4477  5039 I bt_vendor: firmware callback
12-31 16:01:09.917  4477  5039 I bt_hci  : firmware_config_callback
12-31 16:01:09.917  4477  4994 I bt_core_module: module_start_up Started module "hci_module"
12-31 16:01:09.924  4477  5181 W bt_osi_thread: run_thread: thread id 5181, thread name bt_workqueue started
12-31 16:01:09.924  4477  5181 I bt_btu  : btu_task pending for preload complete event
12-31 16:01:09.925  4477  5181 I bt_btu_task: Bluetooth chip preload is complete
12-31 16:01:09.925  4477  5181 I bt_btu  : btu_task received preload complete event
12-31 16:01:09.937  4477  5181 I bt_core_module: module_init Initializing module "bte_logmsg_module"
12-31 16:01:09.937  4477  5181 I bt_bte  : BTE_InitTraceLevels -- TRC_HCI
12-31 16:01:09.937  4477  5181 I bt_bte  : BTE_InitTraceLevels -- TRC_L2CAP
12-31 16:01:09.937  4477  5181 I bt_bte  : BTE_InitTraceLevels -- TRC_RFCOMM
12-31 16:01:09.937  4477  5181 I bt_bte  : BTE_InitTraceLevels -- TRC_AVDT
12-31 16:01:09.937  4477  5181 I bt_bte  : BTE_InitTraceLevels -- TRC_AVRC
12-31 16:01:09.938  4477  5181 I bt_bte  : BTE_InitTraceLevels -- TRC_A2D
12-31 16:01:09.938  4477  5181 I bt_bte  : BTE_InitTraceLevels -- TRC_BNEP
12-31 16:01:09.938  4477  5181 I bt_bte  : BTE_InitTraceLevels -- TRC_BTM
12-31 16:01:09.938  4477  5181 I bt_bte  : BTE_InitTraceLevels -- TRC_GAP
12-31 16:01:09.938  4477  5181 I bt_bte  : BTE_InitTraceLevels -- TRC_PAN
12-31 16:01:09.938  4477  5181 I bt_bte  : BTE_InitTraceLevels -- TRC_SDP
12-31 16:01:09.938  4477  5181 I bt_bte  : BTE_InitTraceLevels -- TRC_GATT
12-31 16:01:09.938  4477  5181 I bt_bte  : BTE_InitTraceLevels -- TRC_SMP
12-31 16:01:09.938  4477  5181 I bt_bte  : BTE_InitTraceLevels -- TRC_BTAPP
12-31 16:01:09.938  4477  5181 I bt_bte  : BTE_InitTraceLevels -- TRC_BTIF
12-31 16:01:09.938  4477  5181 I bt_core_module: module_init Initialized module "bte_logmsg_module"
12-31 16:01:09.939  4477  5183 W bt_osi_thread: run_thread: thread id 5183, thread name module_wrapper started
12-31 16:01:09.939  4477  5183 I bt_core_module: module_start_up Starting module "controller_module"
12-31 16:01:09.999  4477  5039 I rtk_parse: : bt start ok
12-31 16:01:09.999  4477  5039 I rtk_parse: : udpsocket_send tx_msg:INVITE_REQ
12-31 16:01:09.999  4477  5039 E rtk_parse: ERROR in sendto
12-31 16:01:09.999  4477  5039 I rtk_parse: : rtk_vendor_cmd_to_fw: Opcode:fc1b
12-31 16:01:09.999  4477  5039 I rtk_parse: : hci_interface->transmit_int_command Opcode:fc1b
12-31 16:01:09.999  4477  5039 E bt_hci  : transmit_int_command hci_h5->send_int_cmd.
12-31 16:01:10.003  4477  5039 I rtk_parse: : rtk_prof.hci_reversion = 1e4e
12-31 16:01:10.003  4477  5039 I rtk_parse: : rtk_prof.lmp_subversion = 26b7
12-31 16:01:10.016  4477  5183 I bt_core_module: module_start_up Started module "controller_module"
12-31 16:01:10.017  4477  5183 W bt_osi_thread: run_thread: thread id 5183, thread name module_wrapper exited
12-31 16:01:10.018  4477  5181 I bt_btm_sec: BTM_SecRegister p_cb_info->p_le_callback == 0x0xdb80ad91
12-31 16:01:10.018  4477  5181 I bt_btm_sec: BTM_SecRegister btm_cb.api.p_le_callback = 0x0xdb80ad91 
12-31 16:01:10.045  4477  5011 I bt_btif_storage: btif_storage_get_adapter_property service_mask:0x20000000
12-31 16:01:10.045  4477  5011 D BluetoothAdapterProperties: Address is:34:C3:D2:93:F8:7E
12-31 16:01:10.051  4477  5011 D BluetoothAdapterProperties: Name is: fugu
12-31 16:01:10.052  2770  2770 D BluetoothManagerService: Bluetooth Adapter name changed to fugu
12-31 16:01:10.053  2770  2770 D BluetoothManagerService: Stored Bluetooth name: fugu
12-31 16:01:10.054  4477  5011 D BluetoothAdapterProperties: Scan Mode:20
12-31 16:01:10.054  4477  5011 D BluetoothAdapterProperties: Discoverable Timeout:120
12-31 16:01:10.054  4477  5011 D bt_hci  : do_postload posting postload work item
12-31 16:01:10.054  4477  5039 I bt_hci  : event_postload
12-31 16:01:10.054  4477  5039 D bt_vendor: op for 2
12-31 16:01:10.054  4477  5039 I bt_hci  : sco_config_callback postload finished.
12-31 16:01:10.055  4477  5192 W bt_osi_thread: run_thread: thread id 5192, thread name btif_sock started
12-31 16:01:10.056  4477  5011 D bt_bte_conf: Device ID record 1 : primary
12-31 16:01:10.056  4477  5011 D bt_bte_conf:   vendorId            = 000f
12-31 16:01:10.057  4477  5011 D bt_bte_conf:   vendorIdSource      = 0001
12-31 16:01:10.057  4477  5011 D bt_bte_conf:   product             = 1200
12-31 16:01:10.057  4477  5011 D bt_bte_conf:   version             = 1436
12-31 16:01:10.057  4477  5011 D bt_bte_conf:   clientExecutableURL = 
12-31 16:01:10.057  4477  5011 D bt_bte_conf:   serviceDescription  = 
12-31 16:01:10.057  4477  5011 D bt_bte_conf:   documentationURL    = 
12-31 16:01:10.057  4477  5011 D bt_bte_conf: bte_load_did_conf no section named DID2.
12-31 16:01:10.057  4477  4994 I bt_stack_manager: event_start_up_stack finished
12-31 16:01:10.057  4477  4982 D BluetoothAdapterState: Current state: PENDING_COMMAND, message: 3
12-31 16:01:10.057  4477  4982 D BluetoothAdapterProperties: Setting state to 15
12-31 16:01:10.057  4477  4982 I BluetoothAdapterState: Bluetooth adapter state changed: 14-> 15
12-31 16:01:10.058  2770  3020 D BluetoothManagerService: Message: 60
12-31 16:01:10.058  2770  3020 D BluetoothManagerService: MESSAGE_BLUETOOTH_STATE_CHANGE: prevState = 14, newState=15
12-31 16:01:10.058  2770  3020 D BluetoothManagerService: Bluetooth is in LE only mode
12-31 16:01:10.058  2770  3020 D BluetoothManagerService: Binding Bluetooth GATT service
12-31 16:01:10.058  4477  4982 I BluetoothAdapterState: Entering BleOnState
12-31 16:01:10.059  2770  3020 D BluetoothManagerService: BLE State Change Intent: 14 -> 15
12-31 16:01:10.060  2770  2770 D BluetoothManagerService: BluetoothServiceConnection: com.android.bluetooth.gatt.GattService
12-31 16:01:10.060  2770  3020 D BluetoothManagerService: Message: 40
12-31 16:01:10.061  2770  3020 D BluetoothManagerService: MESSAGE_BLUETOOTH_SERVICE_CONNECTED: 2
12-31 16:01:10.062  2770  3020 D BluetoothManagerService: BluetoothGatt Service is Up
12-31 16:01:10.062  2770  3020 D BluetoothManagerService: isBleAppPresent() count: 0
12-31 16:01:10.063  4477  4982 D BluetoothAdapterState: Current state: BLE ON, message: 1
12-31 16:01:10.063  4477  4982 D BluetoothAdapterProperties: Setting state to 11
12-31 16:01:10.063  4477  4982 I BluetoothAdapterState: Bluetooth adapter state changed: 15-> 11
12-31 16:01:10.063  2770  3020 D BluetoothManagerService: Message: 60
12-31 16:01:10.063  2770  3020 D BluetoothManagerService: MESSAGE_BLUETOOTH_STATE_CHANGE: prevState = 15, newState=11
12-31 16:01:10.063  2770  3020 D BluetoothManagerService: BLE State Change Intent: 15 -> 11
12-31 16:01:10.072  2770  2770 D BluetoothHeadset: Proxy object connected
12-31 16:01:10.072  4477  4477 D BluetoothAdapterService: getAdapterService() - returning com.android.bluetooth.btservice.AdapterService@e0abc54
12-31 16:01:10.073  4477  4477 D HeadsetService: Received start request. Starting profile...
12-31 16:01:10.079  4477  4982 I BluetoothAdapterState: Entering PendingCommandState
12-31 16:01:10.080  4477  4477 I BluetoothHeadsetServiceJni: classInitNative: succeeds
12-31 16:01:10.080  4477  4477 D HeadsetStateMachine: make
12-31 16:01:10.105  4477  4477 E HeadsetStateMachine: Could not bind to Bluetooth Headset Phone Service
12-31 16:01:10.105  4477  4477 D HeadsetStateMachine: max_hf_connections = 1
12-31 16:01:10.105  4477  4477 I bt_btif : get_profile_interface handsfree
12-31 16:01:10.105  4477  5011 I bt_btif_storage: btif_storage_get_adapter_property service_mask:0x20000020
12-31 16:01:10.106  4477  5011 E bt_btif : btif_hf_upstreams_evt: Invalid index 26995
12-31 16:01:10.109  4477  4477 D BluetoothAdapterService: getAdapterService() - returning com.android.bluetooth.btservice.AdapterService@e0abc54
12-31 16:01:10.120  2770  2770 D BluetoothA2dp: Proxy object connected
12-31 16:01:10.120  4477  4477 D BluetoothAdapterService: getAdapterService() - returning com.android.bluetooth.btservice.AdapterService@e0abc54
12-31 16:01:10.121  4477  4477 D A2dpService: Received start request. Starting profile...
12-31 16:01:10.122  4477  4477 I BluetoothAvrcpServiceJni: classInitNative: succeeds
12-31 16:01:10.135  4477  4477 I bt_btif : get_profile_interface avrcp
12-31 16:01:10.146  4477  4477 I BluetoothA2dpServiceJni: classInitNative: succeeds
12-31 16:01:10.146  4477  4477 D A2dpStateMachine: make
12-31 16:01:10.147  4477  4477 I bt_btif : get_profile_interface a2dp
12-31 16:01:10.148  4477  5202 W bt_osi_thread: run_thread: thread id 5202, thread name media_worker started
12-31 16:01:10.151  4477  5011 I bt_btif_storage: btif_storage_get_adapter_property service_mask:0x20000028
12-31 16:01:10.159  4477  4477 D BluetoothAdapterService: getAdapterService() - returning com.android.bluetooth.btservice.AdapterService@e0abc54
12-31 16:01:10.159  4477  5201 D A2dpStateMachine: Enter Disconnected: -2
12-31 16:01:10.160  4477  4477 I BluetoothHidServiceJni: classInitNative: succeeds
12-31 16:01:10.162  4477  4477 D BluetoothAdapterService: getAdapterService() - returning com.android.bluetooth.btservice.AdapterService@e0abc54
12-31 16:01:10.162  4477  4477 D HidService: Received start request. Starting profile...
12-31 16:01:10.162  4477  4477 I bt_btif : get_profile_interface hidhost
12-31 16:01:10.163  4477  5011 I bt_bta_hh: BTA_HhEnable sec_mask:0x36 p_cback:0xdb85795d
12-31 16:01:10.163  4477  4477 D HidService: setHidService(): set to: null
12-31 16:01:10.163  4477  5011 I bt_btif_storage: btif_storage_get_adapter_property service_mask:0x20100028
12-31 16:01:10.163  4477  4477 D BluetoothAdapterService: getAdapterService() - returning com.android.bluetooth.btservice.AdapterService@e0abc54
12-31 16:01:10.164  4477  4477 I BluetoothHealthServiceJni: classInitNative: succeeds
12-31 16:01:10.167  4477  4477 D BluetoothAdapterService: getAdapterService() - returning com.android.bluetooth.btservice.AdapterService@e0abc54
12-31 16:01:10.169  4477  4477 D HealthService: Received start request. Starting profile...
12-31 16:01:10.171  4477  4477 I bt_btif : get_profile_interface health
12-31 16:01:10.172  4477  4477 D BluetoothAdapterService: getAdapterService() - returning com.android.bluetooth.btservice.AdapterService@e0abc54
12-31 16:01:10.173  4477  4477 I BluetoothPanServiceJni: classInitNative(L102): succeeds
12-31 16:01:10.174  4477  4477 D BluetoothAdapterService: getAdapterService() - returning com.android.bluetooth.btservice.AdapterService@e0abc54
12-31 16:01:10.174  4477  4477 D PanService: Received start request. Starting profile...
12-31 16:01:10.175  4477  4477 D BluetoothPanServiceJni: initializeNative(L107): pan
12-31 16:01:10.175  4477  4477 I bt_btif : get_profile_interface pan
12-31 16:01:10.175  4477  5011 D BluetoothPanServiceJni: control_state_callback(L61): state:0, local_role:3, ifname:bt-pan
12-31 16:01:10.176  4477  4477 D BluetoothAdapterService: getAdapterService() - returning com.android.bluetooth.btservice.AdapterService@e0abc54
12-31 16:01:10.187  4477  4477 D BluetoothAdapterService: getAdapterService() - returning com.android.bluetooth.btservice.AdapterService@e0abc54
12-31 16:01:10.188  4477  4477 D BluetoothMapService: Received start request. Starting profile...
12-31 16:01:10.188  4477  4477 D BluetoothMapService: start()
12-31 16:01:10.192  4477  4477 D BluetoothMapAccountLoader: Found 0 application(s) with intent android.bluetooth.action.BLUETOOTH_MAP_PROVIDER
12-31 16:01:10.193  4477  4477 D BluetoothMapAccountLoader: Found 0 application(s) with intent android.bluetooth.action.BLUETOOTH_MAP_IM_PROVIDER
12-31 16:01:10.193  4477  4477 D BluetoothMapAppObserver: createReceiver()
12-31 16:01:10.194  4477  4477 D BluetoothMapAppObserver: initObservers()
12-31 16:01:10.195  4477  4477 D BluetoothMapAppObserver: getEnabledAccountItems()
12-31 16:01:10.195  4477  4477 D BluetoothAdapterService: getAdapterService() - returning com.android.bluetooth.btservice.AdapterService@e0abc54
12-31 16:01:10.195  4477  4477 V BluetoothAdapterState: isTurningOff()=false
12-31 16:01:10.195  4477  4477 V BluetoothAdapterState: isTurningOn()=true
12-31 16:01:10.195  4477  4477 V BluetoothAdapterState: isBleTurningOn()=false
12-31 16:01:10.195  4477  4477 V BluetoothAdapterState: isBleTurningOff()=false
12-31 16:01:10.195  4477  5195 D HeadsetPhoneState: sendDeviceStateChanged. mService=0 mSignal=0 mRoam=0 mBatteryCharge=5
12-31 16:01:10.197  4477  4477 V BluetoothAdapterState: isTurningOff()=false
12-31 16:01:10.197  4477  4477 V BluetoothAdapterState: isTurningOn()=true
12-31 16:01:10.197  4477  4477 V BluetoothAdapterState: isBleTurningOn()=false
12-31 16:01:10.197  4477  4477 V BluetoothAdapterState: isBleTurningOff()=false
12-31 16:01:10.197  4477  4477 V BluetoothAdapterState: isTurningOff()=false
12-31 16:01:10.197  4477  4477 V BluetoothAdapterState: isTurningOn()=true
12-31 16:01:10.197  4477  4477 V BluetoothAdapterState: isBleTurningOn()=false
12-31 16:01:10.197  4477  4477 V BluetoothAdapterState: isBleTurningOff()=false
12-31 16:01:10.197  4477  4477 V BluetoothAdapterState: isTurningOff()=false
12-31 16:01:10.197  4477  4477 V BluetoothAdapterState: isTurningOn()=true
12-31 16:01:10.197  4477  4477 V BluetoothAdapterState: isBleTurningOn()=false
12-31 16:01:10.197  4477  4477 V BluetoothAdapterState: isBleTurningOff()=false
12-31 16:01:10.204  4477  4477 V BluetoothAdapterState: isTurningOff()=false
12-31 16:01:10.204  4477  4477 V BluetoothAdapterState: isTurningOn()=true
12-31 16:01:10.204  4477  4477 V BluetoothAdapterState: isBleTurningOn()=false
12-31 16:01:10.204  4477  4477 V BluetoothAdapterState: isBleTurningOff()=false
12-31 16:01:10.205  4477  4477 V BluetoothAdapterState: isTurningOff()=false
12-31 16:01:10.205  4477  4477 V BluetoothAdapterState: isTurningOn()=true
12-31 16:01:10.205  4477  4477 V BluetoothAdapterState: isBleTurningOn()=false
12-31 16:01:10.205  4477  4477 V BluetoothAdapterState: isBleTurningOff()=false
12-31 16:01:10.205  4477  4982 D BluetoothAdapterState: Current state: PENDING_COMMAND, message: 2
12-31 16:01:10.205  4477  4982 D BluetoothAdapterProperties: ScanMode =  20
12-31 16:01:10.205  4477  4982 D BluetoothAdapterProperties: State =  11
12-31 16:01:10.205  4477  4982 D BluetoothAdapterProperties: Setting state to 12
12-31 16:01:10.205  4477  4982 I BluetoothAdapterState: Bluetooth adapter state changed: 11-> 12
12-31 16:01:10.206  4477  4982 I BluetoothAdapterState: Entering OnState
12-31 16:01:10.206  2770  3020 D BluetoothManagerService: Message: 60
12-31 16:01:10.206  2770  3020 D BluetoothManagerService: MESSAGE_BLUETOOTH_STATE_CHANGE: prevState = 11, newState=12
12-31 16:01:10.206  2770  3020 D BluetoothManagerService: Broadcasting onBluetoothStateChange(true) to 2 receivers.
12-31 16:01:10.206  2770  3020 D BluetoothA2dp: onBluetoothStateChange: up=true
12-31 16:01:10.207  2770  3020 D BluetoothHeadset: onBluetoothStateChange: up=true
12-31 16:01:10.207  2770  3020 D BluetoothManagerService: BLE State Change Intent: 11 -> 12
12-31 16:01:10.207  4477  5011 D BluetoothAdapterProperties: Scan Mode:21
12-31 16:01:10.207  4477  5011 D BluetoothAdapterProperties: Discoverable Timeout:120
12-31 16:01:10.208  4477  4477 D BluetoothMapService: onReceive
12-31 16:01:10.208  4477  4477 D BluetoothMapService: onReceive: android.bluetooth.adapter.action.STATE_CHANGED
12-31 16:01:10.209  4477  4477 D BluetoothMapService: STATE_ON
12-31 16:01:10.209  4477  4477 W BluetoothMapService: mSessionStatusHandler START_LISTENER message already in Queue
12-31 16:01:10.209  4477  4982 D A2dpSinkService: getA2dpSinkService(): service is NULL
12-31 16:01:10.344  2770  4792 D BluetoothManagerService: checkIfCallerIsForegroundUser: valid=true callingUser=0 parentUser=-10000 foregroundUser=0
12-31 16:01:10.345  4477  5222 W BluetoothAdapter: getBluetoothService() called with no BluetoothManagerCallback
12-31 16:01:10.360  2770  4889 D BluetoothManagerService: checkIfCallerIsForegroundUser: valid=true callingUser=0 parentUser=-10000 foregroundUser=0
12-31 16:01:10.360  4477  5227 W BluetoothAdapter: getBluetoothService() called with no BluetoothManagerCallback
12-31 16:01:10.362  4477  5227 I BtOppRfcommListener: Accept thread started.
12-31 16:01:10.381  4673  4673 I wpa_supplicant: wlan0: Associated with 28:be:9b:05:7e:68
12-31 16:01:10.381  4673  4673 I wpa_supplicant: wlan0: CTRL-EVENT-SUBNET-STATUS-UPDATE status=0
12-31 16:01:10.432  4673  4673 I wpa_supplicant: wlan0: WPA: Key negotiation completed with 28:be:9b:05:7e:68 [PTK=CCMP GTK=TKIP]
12-31 16:01:10.433  4673  4673 I wpa_supplicant: wlan0: CTRL-EVENT-CONNECTED - Connection to 28:be:9b:05:7e:68 completed [id=0 id_str=%7B%22creatorUid%22%3A%221000%22%2C%22configKey%22%3A%22%5C%22UPC0054202%5C%22WPA_PSK%22%7D]
12-31 16:01:10.436  2770  4370 E WifiScanner: listener cannot be found
12-31 16:01:10.456  2770  4370 D ConnectivityService: registerNetworkAgent NetworkAgentInfo{ ni{[type: WIFI[], state: CONNECTING/CONNECTING, reason: (unspecified), extra: "UPC0054202", failover: false, available: true, roaming: false, metered: false]}  network{100}  nethandle{429513165534}  lp{{LinkAddresses: []  Routes: [] DnsAddresses: [] Domains: null MTU: 0}}  nc{[ Transports: WIFI Capabilities: NOT_METERED&INTERNET&NOT_RESTRICTED&TRUSTED&NOT_VPN LinkUpBandwidth>=1048576Kbps LinkDnBandwidth>=1048576Kbps]}  Score{20}  everValidated{false}  lastValidated{false}  created{false} lingering{false} explicitlySelected{false} acceptUnvalidated{false} everCaptivePortalDetected{false} lastCaptivePortalDetected{false} }
12-31 16:01:10.457  2770  4395 D ConnectivityService: NetworkAgentInfo [WIFI () - 100] EVENT_NETWORK_INFO_CHANGED, going from null to CONNECTING
12-31 16:01:10.462  2770  4370 D WifiStateMachine: Start Dhcp Watchdog 1
12-31 16:01:10.473  2770  4370 D WifiNative-wlan0: configureNeighborDiscoveryOffload(true)
12-31 16:01:10.552  2770  5244 D DhcpClient: Receive thread started
12-31 16:01:10.557  2770  5238 D DhcpClient: Broadcasting DHCPDISCOVER
12-31 16:01:15.558  2770  5238 D DhcpClient: Broadcasting DHCPDISCOVER
12-31 16:01:15.565  2770  5244 D DhcpClient: Received packet: 34:c3:d2:93:d1:6e OFFER, ip /192.168.0.12, mask /255.255.255.0, DNS servers: /195.34.133.21 /212.186.211.21 , gateways [/192.168.0.1] lease time 604800, domain null
12-31 16:01:15.566  2770  5238 D DhcpClient: Got pending lease: IP address 192.168.0.12/24 Gateway 192.168.0.1  DNS servers: [ 195.34.133.21 212.186.211.21 ] Domains  DHCP server /192.168.0.1 Vendor info null lease 604800 seconds
12-31 16:01:15.567  2770  5238 D DhcpClient: Broadcasting DHCPREQUEST ciaddr=0.0.0.0 request=192.168.0.12 serverid=192.168.0.1
12-31 16:01:16.572  2770  5244 D DhcpClient: Received packet: 34:c3:d2:93:d1:6e ACK: your new IP /192.168.0.12, netmask /255.255.255.0, gateways [/192.168.0.1] DNS servers: /195.34.133.21 /212.186.211.21 , lease time 604800
12-31 16:01:16.573  2770  5238 D DhcpClient: Confirmed lease: IP address 192.168.0.12/24 Gateway 192.168.0.1  DNS servers: [ 195.34.133.21 212.186.211.21 ] Domains  DHCP server /192.168.0.1 Vendor info null lease 604800 seconds
12-31 16:01:16.577  1698  2271 D CommandListener: Setting iface cfg
12-31 16:01:16.585  2770  5238 D DhcpClient: Scheduling renewal in 302399s
12-31 16:01:16.585  2770  5238 D DhcpClient: Scheduling rebind in 529199s
12-31 16:01:16.585  2770  5238 D DhcpClient: Scheduling expiry in 604799s
12-31 16:01:16.588  2770  4370 E WifiNative-HAL: setBssidBlacklist cmd 0 size 0
12-31 16:01:16.589  2770  4395 D ConnectivityService: NetworkAgentInfo [WIFI () - 100] EVENT_NETWORK_INFO_CHANGED, going from CONNECTING to CONNECTED
12-31 16:01:16.590  2770  4395 D ConnectivityService: Adding iface wlan0 to network 100
12-31 16:01:16.596  2770  4370 E WifiStateMachine: Did not find remoteAddress {192.168.0.1} in /proc/net/arp
12-31 16:01:16.607  2770  4370 W AlarmManager: Unrecognized alarm listener com.android.server.wifi.WifiConnectivityManager$3@79ff26a
12-31 16:01:16.607  2770  4370 E WifiScanner: listener cannot be found
12-31 16:01:16.640  2770  4395 D ConnectivityService: Setting DNS servers for network 100 to [/195.34.133.21, /212.186.211.21]
12-31 16:01:16.659  2770  4370 D WifiNetworkAgent: NetworkAgent: Received signal strength thresholds: []
12-31 16:01:16.659  2770  4370 D WifiNative-HAL: stopRssiMonitoring, cmdId 0
12-31 16:01:16.659  2770  4395 D ConnectivityService: Switching to new default network: NetworkAgentInfo{ ni{[type: WIFI[], state: CONNECTED/CONNECTED, reason: (unspecified), extra: "UPC0054202", failover: false, available: true, roaming: false, metered: false]}  network{100}  nethandle{429513165534}  lp{{InterfaceName: wlan0 LinkAddresses: [fe80::36c3:d2ff:fe93:d16e/64,192.168.0.12/24,]  Routes: [fe80::/64 -> :: wlan0,192.168.0.0/24 -> 0.0.0.0 wlan0,0.0.0.0/0 -> 192.168.0.1 wlan0,] DnsAddresses: [195.34.133.21,212.186.211.21,] Domains: null MTU: 0 TcpBufferSizes: 524288,1048576,2097152,262144,524288,1048576}}  nc{[ Transports: WIFI Capabilities: NOT_METERED&INTERNET&NOT_RESTRICTED&TRUSTED&NOT_VPN LinkUpBandwidth>=1048576Kbps LinkDnBandwidth>=1048576Kbps SignalStrength: -45]}  Score{20}  everValidated{false}  lastValidated{false}  created{true} lingering{false} explicitlySelected{false} acceptUnvalidated{false} everCaptivePortalDetected{false} lastCaptivePortalDetected{false} }
12-31 16:01:16.705  1698  2271 V IdletimerController: runCmd(/system/bin/ip6tables -w -t raw -A idletimer_raw_PREROUTING -i wlan0 -j IDLETIMER --timeout 15 --label 1 --send_nl_msg 1) res_ipv4=0, res_ipv6=0
12-31 16:01:16.751  1698  2271 V IdletimerController: runCmd(/system/bin/ip6tables -w -t mangle -A idletimer_mangle_POSTROUTING -o wlan0 -j IDLETIMER --timeout 15 --label 1 --send_nl_msg 1) res_ipv4=0, res_ipv6=0
12-31 16:01:16.760  2770  4395 D ConnectivityService: Sending CONNECTED broadcast for type 1 NetworkAgentInfo [WIFI () - 100] isDefaultNetwork=true
12-31 16:01:16.794  2770  4395 D ConnectivityService: NetworkAgentInfo [WIFI () - 100] validation failed
12-31 16:01:16.795  2770  4370 D WifiStateMachine: NETWORK_STATUS_UNWANTED_VALIDATION_FAILED
12-31 16:01:16.797  2770  5637 D WifiNetworkHistory: saving network history: "UPC0054202"WPA_PSK gw: 80:c6:ab:de:2b:84 Network Selection-status: NETWORK_SELECTION_ENABLED ephemeral=false choice:null link:0 status:0 nid:0 hasEverConnected: true
12-31 16:01:16.797  2770  5637 V WifiNetworkHistory: writeKnownNetworkHistory write config "UPC0054202"WPA_PSK
12-31 16:01:16.802  2770  4356 D SntpClient: round trip: 17ms, clock offset: 217640593619ms
12-31 16:01:17.256  2770  3021 I SystemServiceManager: Starting phase 1000
12-31 16:01:17.257  2770  3021 E PowerHAL: Error opening /sys/devices/soc.0/cpu_budget_cool.16/roomage: No such file or directory
12-31 16:01:17.257  2770  3021 E PowerHAL: Error opening /sys/devices/soc.0/cpu_budget_cool.17/roomage: Permission denied
12-31 16:01:17.257  2770  3021 E PowerHAL: Error writing 4
12-31 16:01:17.257  2770  3021 E PowerHAL:  to /sys/devices/system/cpu/cpu0/cpufreq/scaling_governor: Invalid argument:
12-31 16:01:17.273  2770  3021 I ActivityManager: Start proc 5670:android.ext.services/u0a11 for on-hold
12-31 16:01:17.275  2770  3021 D ActivityManager: Finishing user boot 0
12-31 16:01:17.277  2770  3021 D CryptdConnector: SND -> {3 cryptfs prepare_user_storage ! 0 0 2}
12-31 16:01:17.278  1618  1648 D vold    : e4crypt_prepare_user_storage for volume null, user 0, serial 0, flags 2
12-31 16:01:17.278  1618  1648 D vold    : Preparing: /data/system_ce/0
12-31 16:01:17.278  1618  1648 D vold    : Preparing: /data/misc_ce/0
12-31 16:01:17.278  1618  1648 D vold    : Preparing: /data/media/0
12-31 16:01:17.279  1618  1648 D vold    : Preparing: /data/data
12-31 16:01:17.279  2770  4185 D CryptdConnector: RCV <- {200 3 Command succeeded}
12-31 16:01:17.280  2770  3021 V UserManagerService: Found /data/user/0 with serial number 0
12-31 16:01:17.280  2770  3021 V UserManagerService: Found /data/system_ce/0 with serial number 0
12-31 16:01:17.280  2770  3021 V PackageManager: reconcileAppsData for null u0 0x2
12-31 16:01:17.405  2770  4170 D EventHub: No input device configuration file found for device 'HD Pro Webcam C920'.
12-31 16:01:17.410  2770  4170 W EventHub: Unable to disable kernel key repeat for /dev/input/event8: Function not implemented
12-31 16:01:17.410  2770  4170 I EventHub: New device: id=9, fd=190, path='/dev/input/event8', name='HD Pro Webcam C920', classes=0x80000001, configuration='', keyLayout='/system/usr/keylayout/Generic.kl', keyCharacterMap='/system/usr/keychars/Generic.kcm', builtinKeyboard=false, wakeMechanism=EPOLLWAKEUP, usingClockIoctl=true
12-31 16:01:17.410  2770  4170 I InputReader: Device added: id=9, name='HD Pro Webcam C920', sources=0x00000101
12-31 16:01:17.514  2770  3021 V PackageManager: reconcileAppsData finished 77 packages; restoreconNeeded was false
12-31 16:01:17.514  2770  2836 W art     : Long monitor contention with owner android.display (3021) at void com.android.server.am.ActivityManagerService.finishBooting()(ActivityManagerService.java:6756) waiters=0 in void com.android.server.am.BroadcastQueue.processNextBroadcast(boolean) for 239ms
12-31 16:01:17.529  2770  2836 I ActivityManager: Start proc 5709:com.google.android.marvin.talkback/u0a56 for broadcast com.google.android.marvin.talkback/com.android.talkback.BootReceiver
12-31 16:01:17.529  2770  2836 D BluetoothManagerService: User 0 unlocked
12-31 16:01:17.529  2770  3020 D BluetoothManagerService: Message: 301
12-31 16:01:17.530  2770  3020 D BluetoothManagerService: MESSAGE_USER_UNLOCKED
12-31 16:01:17.566  2770  2770 D ZenLog  : intercepted: -1|android|17040414|null|1000,alarmsOnly
12-31 16:01:17.567  2770  2770 V NotificationService: pkg=android canInterrupt=false intercept=true
12-31 16:01:17.568  5670  5670 W System  : ClassLoader referenced unknown path: /system/priv-app/ExtServices/lib/arm64
12-31 16:01:17.615  5709  5709 W System  : ClassLoader referenced unknown path: /system/app/talkback/lib/arm64
12-31 16:01:17.669  2770  2836 D MountService: onUnlockUser 0
12-31 16:01:17.669  2770  2836 D VoldConnector: SND -> {6 volume user_started 0}
12-31 16:01:17.670  1618  1647 D vold    : Linking /storage/emulated/0 to /mnt/user/0/primary
12-31 16:01:17.671  2770  4184 D VoldConnector: RCV <- {200 6 Command succeeded}
12-31 16:01:17.673  2770  4182 D MountService: Volume emulated broadcasting mounted to UserHandle{0}
12-31 16:01:17.674  2770  2836 W TextServicesManagerService: no available spell checker services found
12-31 16:01:17.768  2770  4740 D AlarmManagerService: Setting time of day to sec=1479944671
11-23 15:44:31.468  2770  4402 D NotificationSQLiteLog: Pruned event entries: 1
11-23 15:44:31.508  2770  2836 W Searchables: No web search activity found
11-23 15:44:31.524  2770  2770 D ConditionProviders.SCP: onReceive android.intent.action.TIME_SET
11-23 15:44:31.538  2770  4792 I ActivityManager: Start proc 5751:android.process.media/u0a10 for broadcast com.android.providers.downloads/.DownloadReceiver
11-23 15:44:31.556  2770  4404 I ActivityManager: Start proc 5764:com.android.providers.calendar/u0a4 for content provider com.android.providers.calendar/.CalendarProvider2
11-23 15:44:31.559  2770  2770 D ConditionProviders.SCP: notifyCondition condition://android/schedule?days=6.7&start=23.30&end=10.0&exitAtAlarm=false STATE_FALSE reason=!meetsSchedule
11-23 15:44:31.559  2770  2770 D ConditionProviders.SCP: notifyCondition condition://android/schedule?days=1.2.3.4.5&start=22.0&end=7.0&exitAtAlarm=false STATE_FALSE reason=!meetsSchedule
11-23 15:44:31.560  2770  2770 D ConditionProviders.SCP: Scheduling evaluate for Wed Nov 23 22:00:00 PST 2016 (1479967200000), in +6h15m28s476ms, now=Wed Nov 23 15:44:31 PST 2016 (1479944671524)
11-23 15:44:31.561  2770  2836 V BackupManagerService: No ancestral data
11-23 15:44:31.597  2770  4395 D ConnectivityService: NetworkAgentInfo [WIFI () - 100] validation passed
11-23 15:44:31.604  2770  5783 D WifiNetworkHistory: saving network history: "UPC0054202"WPA_PSK gw: 80:c6:ab:de:2b:84 Network Selection-status: NETWORK_SELECTION_ENABLED ephemeral=false choice:null link:0 status:0 nid:0 hasEverConnected: true
11-23 15:44:31.604  2770  5783 V WifiNetworkHistory: writeKnownNetworkHistory write config "UPC0054202"WPA_PSK
11-23 15:44:31.605  5751  5751 W System  : ClassLoader referenced unknown path: /system/priv-app/DownloadProvider/lib/arm64
11-23 15:44:31.620  5764  5764 W System  : ClassLoader referenced unknown path: /system/priv-app/CalendarProvider/lib/arm64
11-23 15:44:31.740  5751  5751 W System  : ClassLoader referenced unknown path: /system/priv-app/MediaProvider/lib/arm64
11-23 15:44:31.748  2770  2836 V KeyValueBackupJob: Scheduling k/v pass in 245 minutes
11-23 15:44:31.757  5764  5764 I CalendarProvider2: Created com.android.providers.calendar.CalendarAlarmManager@89bfb64(com.android.providers.calendar.CalendarProvider2@45ab1cd)
11-23 15:44:31.780  2770  2835 I UsageStatsService: Time changed in UsageStats by 217640593 seconds
11-23 15:44:31.780  2770  2835 I UsageStatsService: User[0] Flushing usage stats to disk
11-23 15:44:31.951  2770  2835 I UsageStatsDatabase: Time changed by +2518d23h43m13s617ms. files deleted: 0 files moved: 4
11-23 15:44:31.965  2770  2835 I UsageStatsService: User[0] Rollover scheduled @ 2016-11-24 15:44:13(1480031053721)
11-23 15:44:32.004  2770  2836 V BackupManagerService: Starting with transport com.google.android.gms/.backup.BackupTransportService
11-23 15:44:32.004  2770  2836 V BackupManagerService: Found transports: 2
11-23 15:44:32.019  2770  4792 I AccountManagerService: User 0 is unlocked - opening CE database
11-23 15:44:32.028  2770  2836 I ActivityManager: Start proc 5810:com.google.android.gms.persistent/u0a13 for service com.google.android.gms/.backup.BackupTransportService
11-23 15:44:32.029  2770  2836 I BackupManagerService: Found stale backup journal, scheduling
11-23 15:44:32.034  2770  2770 V BackupManagerService: Connected to transport ComponentInfo{android/com.android.internal.backup.LocalTransportService}
11-23 15:44:32.034  2770  2770 V BackupManagerService: Registering transport android/com.android.internal.backup.LocalTransportService::android/com.android.internal.backup.LocalTransport = android.app.backup.BackupTransport$TransportImpl@5ecae3c
11-23 15:44:32.061  2770  2836 I BackupManagerService: Backup enabled => false
11-23 15:44:32.142  5751  5751 D MediaScannerReceiver: action: android.intent.action.MEDIA_MOUNTED path: /storage/emulated/0
11-23 15:44:32.161  2770  4889 I ActivityManager: Start proc 5842:com.estrongs.android.pop/u0a34 for broadcast com.estrongs.android.pop/.EnableOEMConfig
11-23 15:44:32.168  5810  5810 W System  : ClassLoader referenced unknown path: /system/priv-app/PrebuiltGmsCorePano/lib/arm64
11-23 15:44:32.200  2770  2836 I ActivityManager: Start proc 5861:com.google.android.katniss:interactor/u0a16 for service com.google.android.katniss/.search.serviceapi.KatnissVoiceInteractionService
11-23 15:44:32.212  2770  2836 I ActivityManager: Loading recents for user 0 into memory.
11-23 15:44:32.287  2770  2836 I ActivityManager: Start proc 5880:com.google.android.remote.tv.services/u0a2 for added application com.google.android.remote.tv.services
11-23 15:44:32.289  2770  2836 D ActivityManager: Sending BOOT_COMPLETE user #0
11-23 15:44:32.305  4861  4861 D FallbackHome: User unlocked and real home found; let's go!
11-23 15:44:32.311  2770  4889 I ActivityManager: START u0 {act=android.intent.action.MAIN cat=[android.intent.category.HOME] flg=0x10000100 cmp=com.google.android.leanbacklauncher/.MainActivity} from uid 0 on display 0
11-23 15:44:32.339  2770  4889 I ActivityManager: Start proc 5907:com.google.android.leanbacklauncher/u0a17 for activity com.google.android.leanbacklauncher/.MainActivity
11-23 15:44:32.369  2770  2770 V NotificationListeners: enabling notification listener for 0: ComponentInfo{com.google.android.leanbacklauncher/com.google.android.leanbacklauncher.recommendations.NotificationsService}
11-23 15:44:32.388  2770  2770 D ConditionProviders.SCP: onReceive ScheduleConditionProvider.EVALUATE
11-23 15:44:32.390  2770  2770 D ConditionProviders.SCP: notifyCondition condition://android/schedule?days=6.7&start=23.30&end=10.0&exitAtAlarm=false STATE_FALSE reason=!meetsSchedule
11-23 15:44:32.391  2770  2770 D ConditionProviders.SCP: notifyCondition condition://android/schedule?days=1.2.3.4.5&start=22.0&end=7.0&exitAtAlarm=false STATE_FALSE reason=!meetsSchedule
11-23 15:44:32.394  2770  2770 D ConditionProviders.SCP: Scheduling evaluate for Wed Nov 23 22:00:00 PST 2016 (1479967200000), in +6h15m27s612ms, now=Wed Nov 23 15:44:32 PST 2016 (1479944672388)
11-23 15:44:32.406  2770  2770 I FusedLocation: engine stopped (com.android.location.fused)
11-23 15:44:32.422  5907  5907 W System  : ClassLoader referenced unknown path: /system/priv-app/LeanbackLauncher/lib/arm64
11-23 15:44:32.708  5861  5861 W System  : ClassLoader referenced unknown path: /system/priv-app/Katniss/lib/arm
11-23 15:44:32.722  5880  5880 W System  : ClassLoader referenced unknown path: /system/priv-app/AtvRemoteService/lib/arm64
11-23 15:44:32.788  5842  5842 W System  : ClassLoader referenced unknown path: /data/app/com.estrongs.android.pop-1/lib/arm64
11-23 15:44:33.099  5764  5764 I CalendarProvider2: Sending notification intent: Intent { act=android.intent.action.PROVIDER_CHANGED dat=content://com.android.calendar flg=0x20000000 }
11-23 15:44:33.100  5764  5764 W ContentResolver: Failed to get type for: content://com.android.calendar (Unknown URL content://com.android.calendar)
11-23 15:44:33.293  5861  5969 W System  : ClassLoader referenced unknown path: /system/priv-app/PrebuiltGmsCorePano/lib/arm
11-23 15:44:33.487  2770  4889 I ActivityManager: Start proc 6001:com.google.process.gapps/u0a13 for content provider com.google.android.gsf/.gservices.GservicesProvider
11-23 15:44:33.520  2770  2836 I ActivityManager: Start proc 6017:com.google.android.atv.customization/u0a1 for broadcast com.google.android.atv.customization/.PartnerReceiver
11-23 15:44:33.559  6001  6001 W System  : ClassLoader referenced unknown path: /system/priv-app/GoogleServicesFramework/lib/arm64
11-23 15:44:33.665  6001  6001 I GservicesProvider: Gservices pushing to system: true; secure/global: true
11-23 15:44:33.711  6017  6017 W System  : ClassLoader referenced unknown path: /system/priv-app/AtvCustomization/lib/arm64
11-23 15:44:33.751  5751  5853 V MediaScanner: pruneDeadThumbnailFiles... android.content.ContentProviderClient$CursorWrapperInner@818e40b
11-23 15:44:33.756  5751  5853 V MediaScanner: /pruneDeadThumbnailFiles... android.content.ContentProviderClient$CursorWrapperInner@818e40b
11-23 15:44:33.906  6001  6001 I GoogleHttpClient: GMS http client unavailable, use old client
11-23 15:44:33.983  5842  5842 I MultiDex: VM with version 2.1.0 has multidex support
11-23 15:44:33.983  5842  5842 I MultiDex: install
11-23 15:44:33.983  5842  5842 I MultiDex: VM has multidex support, MultiDex support library is disabled.
11-23 15:44:33.983  5842  5842 I MultiDex: install
11-23 15:44:33.983  5842  5842 I MultiDex: VM has multidex support, MultiDex support library is disabled.
11-23 15:44:34.023  5907  5919 W art     : Suspending all threads took: 76.207ms
11-23 15:44:34.025  5907  5919 I art     : Background partial concurrent mark sweep GC freed 254(10KB) AllocSpace objects, 0(0B) LOS objects, 40% free, 20MB/33MB, paused 77.039ms total 105.177ms
11-23 15:44:34.070  5810  5810 W System  : ClassLoader referenced unknown path: /system/priv-app/PrebuiltGmsCorePano/lib/arm64
11-23 15:44:34.071  5810  5810 W System  : ClassLoader referenced unknown path: /system/priv-app/PrebuiltGmsCorePano/lib/arm64
11-23 15:44:34.089  5810  5810 W linker  : /data/data/com.google.android.gms/app_extracted_libs/arm64-v8a/libgmscore.so: unused DT entry: type 0x7ffffffd arg 0x885
11-23 15:44:34.241  5810  5810 W System  : ClassLoader referenced unknown path: /system/priv-app/PrebuiltGmsCorePano/lib/arm64
11-23 15:44:34.242  5810  5810 W System  : ClassLoader referenced unknown path: /system/priv-app/PrebuiltGmsCorePano/lib/arm64
11-23 15:44:34.360  5810  5810 W linker  : /data/data/com.google.android.gms/app_extracted_libs/arm64-v8a/libconscrypt_gmscore_jni.so: unused DT entry: type 0x7ffffffd arg 0x15f
11-23 15:44:34.361  5810  5810 W linker  : /system/priv-app/PrebuiltGmsCorePano/PrebuiltGmsCorePano.apk!/lib/arm64-v8a/libgmscore.so: unused DT entry: type 0x7ffffffd arg 0x885
11-23 15:44:34.425  5810  5810 V JNIHelp : Registering com/google/android/gms/org/conscrypt/NativeCrypto's 235 native methods...
11-23 15:44:34.556  6091  6091 I com.google.android.leanbacklauncher: type=1400 audit(0.0:54): avc: denied { getattr } for comm=4173796E635461736B202332 path="/data/user_de/0/com.android.tv.settings" dev="mmcblk0p4" ino=524302 scontext=u:r:priv_app:s0:c512,c768 tcontext=u:object_r:system_app_data_file:s0 tclass=dir permissive=1
11-23 15:44:34.561  5907  6091 W System  : ClassLoader referenced unknown path: 
11-23 15:44:34.562  5907  6091 W System  : ClassLoader referenced unknown path: /system/priv-app/TvSettings/lib/arm64
11-23 15:44:34.821  5810  5810 D NetworkSecurityConfig: No Network Security Config specified, using platform default
11-23 15:44:34.824  5810  5810 I ProviderInstaller: Installed default security provider GmsCore_OpenSSL
11-23 15:44:34.928  5810  5830 W System  : ClassLoader referenced unknown path: 
11-23 15:44:34.929  5810  5830 W System  : ClassLoader referenced unknown path: /system/priv-app/PrebuiltGmsCorePano/lib/arm64
11-23 15:44:34.934  5810  5830 I DynamiteModule: Considering local module com.google.android.gms.googlecertificates:2 and remote module com.google.android.gms.googlecertificates:2
11-23 15:44:34.934  5810  5830 I DynamiteModule: Selected remote version of com.google.android.gms.googlecertificates, version >= 2
11-23 15:44:34.992  5810  5830 W System  : ClassLoader referenced unknown path: /data/user/0/com.google.android.gms/app_chimera/m/00000001/n/arm64-v8a
11-23 15:44:35.088  5810  5829 I art     : Background sticky concurrent mark sweep GC freed 30864(2MB) AllocSpace objects, 5(160KB) LOS objects, 48% free, 2MB/4MB, paused 6.006ms total 147.311ms
11-23 15:44:35.157  1657  1722 E SurfaceFlinger: ro.sf.lcd_density must be defined as a build property
11-23 15:44:35.302  5861  5969 W System  : ClassLoader referenced unknown path: /system/priv-app/PrebuiltGmsCorePano/lib/arm
11-23 15:44:35.303  5861  5969 W System  : ClassLoader referenced unknown path: /system/priv-app/PrebuiltGmsCorePano/lib/arm
11-23 15:44:35.406  5907  6147 I OpenGLRenderer: Initialized EGL, version 1.4
11-23 15:44:35.406  5907  6147 D OpenGLRenderer: Swap behavior 1
11-23 15:44:35.416  1657  1720 D gralloc : ion_alloc from ion_client:19 for 8294400 Bytes uncached buffer by using heap mask 16 successfully, mem_continue_flag is 1
11-23 15:44:35.476  1657  1720 D gralloc : ion_alloc from ion_client:19 for 8294400 Bytes uncached buffer by using heap mask 16 successfully, mem_continue_flag is 1
11-23 15:44:35.504  1657  1720 D gralloc : ion_alloc from ion_client:19 for 8294400 Bytes uncached buffer by using heap mask 16 successfully, mem_continue_flag is 1
11-23 15:44:35.763  2770  2770 V BackupManagerService: Connected to transport ComponentInfo{com.google.android.gms/com.google.android.gms.backup.BackupTransportService}
11-23 15:44:35.764  2770  2770 V BackupManagerService: Registering transport com.google.android.gms/.backup.BackupTransportService::com.google.android.gms/.backup.BackupTransportService = com.android.internal.backup.IBackupTransport$Stub$Proxy@a6ff7c0
11-23 15:44:35.825  5842  5842 W System  : ClassLoader referenced unknown path: 
11-23 15:44:35.826  5842  5842 W System  : ClassLoader referenced unknown path: /data/app/com.estrongs.android.pop-1/lib/arm64
11-23 15:44:35.833  5861  5969 W linker  : /data/data/com.google.android.gms/app_extracted_libs/armeabi-v7a/libgmscore.so: unused DT entry: type 0x7ffffffd arg 0x79f
11-23 15:44:36.089  5861  5969 W System  : ClassLoader referenced unknown path: /system/priv-app/PrebuiltGmsCorePano/lib/arm
11-23 15:44:36.091  5861  5969 W System  : ClassLoader referenced unknown path: /system/priv-app/PrebuiltGmsCorePano/lib/arm
11-23 15:44:36.238  5810  5810 I GCoreNlp: shouldConfirmNlp, NLP off. Ensuring opt-in disabled
11-23 15:44:36.247  5907  5907 D AppsAdapter: Created Settings View Holder v = com.google.android.leanbacklauncher.apps.SettingsCardView{5564895 VFE...C.. ......I. 0,0-0,0}
11-23 15:44:36.247  5907  5907 D AppsAdapter:    mMainView  = android.widget.FrameLayout{8187daa V.E...... ......I. 0,0-0,0 #7f0e0050 app:id/main}
11-23 15:44:36.249  5907  5907 D AppsAdapter:    mIconView  = android.widget.ImageView{4337d9b V.ED..... ......I. 0,0-0,0 #7f0e007c app:id/icon}
11-23 15:44:36.250  5907  5907 D AppsAdapter:    mLabelView = android.widget.TextView{b13e538 V.ED..... ......I. 0,0-0,0 #7f0e00dc app:id/label}
11-23 15:44:36.255  5907  5907 D AppsAdapter: Created Settings View Holder v = com.google.android.leanbacklauncher.apps.SettingsCardView{458ca76 VFE...C.. ......I. 0,0-0,0}
11-23 15:44:36.255  5907  5907 D AppsAdapter:    mMainView  = android.widget.FrameLayout{4c25877 V.E...... ......I. 0,0-0,0 #7f0e0050 app:id/main}
11-23 15:44:36.255  5907  5907 D AppsAdapter:    mIconView  = android.widget.ImageView{be1ce4 V.ED..... ......I. 0,0-0,0 #7f0e007c app:id/icon}
11-23 15:44:36.255  5907  5907 D AppsAdapter:    mLabelView = android.widget.TextView{a17f54d V.ED..... ......I. 0,0-0,0 #7f0e00dc app:id/label}
11-23 15:44:36.367  5861  5969 W linker  : /data/data/com.google.android.gms/app_extracted_libs/armeabi-v7a/libconscrypt_gmscore_jni.so: unused DT entry: type 0x7ffffffd arg 0x1c1
11-23 15:44:36.368  5861  5969 W linker  : /system/priv-app/PrebuiltGmsCorePano/PrebuiltGmsCorePano.apk!/lib/armeabi-v7a/libgmscore.so: unused DT entry: type 0x7ffffffd arg 0x79f
