11-23 15:44:45.952  6527  7102 E chromium: [6527:7102:ERROR:locale_manager.cc(730)] Cannot fetch geolocation api: , code=400
11-23 15:44:45.987  6527  6527 D AvSettingsAndroid: HDMI plug update: action=android.media.action.HDMI_AUDIO_PLUG, plug=1
11-23 15:44:45.987  6527  6527 D AvSettingsAndroid: Max channel count = 2
11-23 15:44:45.987  6527  6527 D AvSettingsAndroid: Extra encoding = 2
11-23 15:44:45.988  6527  6527 D AvSettingsAndroid: Got intent: android.media.MASTER_MUTE_CHANGED_ACTION
11-23 15:44:45.992  6527  6527 I chromium: [6527:6527:INFO:metrics_util.cc(107)] Metrics stat: total=0
11-23 15:44:45.993  6527  6527 I chromium: [6527:6527:INFO:metrics_util.cc(283)] Count histogram: SetVolumeLevel, sample=100, boundary=101
11-23 15:44:46.000  6527  7094 I chromium: [6527:7094:INFO:endpoint_with_namespace_handler.cc(93)] Added a namespace handler: local_id=receiver-172432c4-0028-950b-8c5e-d2daaff0a819, namespace=urn:x-cast:com.google.cast.setup
11-23 15:44:46.000  6527  7091 I chromium: [6527:7091:INFO:mdns_app_filter.cc(965)] Created mDNS socket for interface:name=wlan0, address=192.168.0.12, index=9
11-23 15:44:46.000  6527  7091 I chromium: [6527:7091:INFO:mdns_app_filter.cc(824)] MdnsAppFilter is starting.
11-23 15:44:46.005  6527  6973 E chromium: [6527:6973:ERROR:unix_stream_client_socket.cc(51)] Cannot connect unix socket: /dev/socket/panel: No such file or directory
11-23 15:44:46.011  6527  7102 I chromium: [6527:7102:INFO:setup_state.cc(205)] Setup state changed: SETUP_STATE_UNKNOWN (0) -> SETUP_STATE_CONNECTED (60)
11-23 15:44:46.012  6527  7102 E chromium: [6527:7102:ERROR:client_auth_signer.cc(191)] Cast certificate is not valid.
11-23 15:44:46.013  6527  7102 E chromium: [6527:7102:ERROR:client_auth_signer.cc(191)] Cast certificate is not valid.
11-23 15:44:46.016  6527  6527 I chromium: [6527:6527:INFO:cast_receiver_impl.cc(1147)] Discovery started or updated: state=idle
11-23 15:44:46.023  6527  6527 I chromium: [6527:6527:INFO:cast_receiver_impl.cc(1214)] Network is globally connected. Schedule config downloading if necessary.
11-23 15:44:46.038  6527  6527 E chromium: [6527:6527:ERROR:client_auth_signer.cc(191)] Cast certificate is not valid.
11-23 15:44:46.039  6527  6527 W chromium: [6527:6527:WARNING:client_auth_signer.cc(112)] No private key, hence empty signature.
11-23 15:44:46.039  6527  6527 I chromium: [6527:6527:INFO:config_downloader.cc(207)] Downloading config: headers='Accept: application/protobuf', url=https://chromecast-alpha.sandbox.google.com/cast/chromecast/device/baseconfig?m=fugu&M=Allwinner&p=fugu&b=1.21.75534&c=wifi&r=&pt=4&d=5410519008084c0a0acb&t=1479944686
11-23 15:44:46.039  6527  6527 I chromium: [6527:6527:INFO:cast_receiver_impl.cc(1220)] Network is globally connected. Schedule crl downloading if necessary.
11-23 15:44:46.039  6527  6527 I chromium: [6527:6527:INFO:crl_downloader.cc(155)] Downloading crl: url=https://chromecast-alpha.sandbox.google.com/cast/chromecast/device/crl
11-23 15:44:46.040  6527  6527 I chromium: [6527:6527:INFO:cast_receiver_impl.cc(1226)] Network is globally connected. Starting CcsManager.
11-23 15:44:46.040  6527  6527 I chromium: [6527:6527:INFO:ccs_manager_impl.cc(406)] Starting cloud ipc activity with CCS
11-23 15:44:46.040  6527  6527 I chromium: [6527:6527:INFO:ccs_manager_impl.cc(626)] CcsManagerImpl opt_in.cloud_ipc pref changed: 1
11-23 15:44:46.044  6527  7091 I chromium: [6527:7091:INFO:mdns_app_filter.cc(1252)] Re-probing due to newly registered service '1': _googlecast
11-23 15:44:46.051  6527  7091 W chromium: [6527:7091:WARNING:device_info_impl.cc(412)] No hotspot supported in this system.
11-23 15:44:46.115  6527  6527 I chromium: [6527:6527:INFO:metrics_recorder_impl.cc(741)] Upload opt-out event with response code 200
11-23 15:44:46.120  6527  7165 E ClientAuthCredsImpl: Server returned HTTP error code 500
11-23 15:44:46.121  6527  7165 E ClientAuthCredsImpl: attemptCredsProvisioning. Received null response.
11-23 15:44:46.121  6527  7165 I ClientAuthCredsProvisioning: ClientAuthCredsProvisioning. Next attempt(secs): 60
11-23 15:44:46.129  7010  7034 W VideoCapabilities: Unsupported mime video/jpeg
11-23 15:44:46.140  7010  7034 W VideoCapabilities: Unsupported mime video/mpeg1
11-23 15:44:46.144  6527  6527 W chromium: [6527:6527:WARNING:cast_utility_process_host.cc(402)] Received setup state change event while assistant process is stopped. Ignoring.
11-23 15:44:46.144  6527  6527 I chromium: [6527:6527:INFO:ble_discovery_controller.cc(72)] Starting BLE discovery
11-23 15:44:46.144  6527  6527 I chromium: [6527:6527:INFO:mdns_manager_impl.cc(293)] Successfully registered service: type=_googlecast
11-23 15:44:46.144  6527  6527 I chromium: [6527:6527:INFO:virtual_device.cc(208)] Registered mDNS service for virtual device: id=172432c4-0028-950b-8c5e-d2daaff0a819
11-23 15:44:46.156  7010  7034 W VideoCapabilities: Unrecognized profile/level 1/32 for video/mp4v-es
11-23 15:44:46.156  7010  7034 W VideoCapabilities: Unrecognized profile/level 32768/2 for video/mp4v-es
11-23 15:44:46.174  7010  7034 W VideoCapabilities: Unsupported mime video/x-vnd.on2.vp6
11-23 15:44:46.199  7010  7034 W VideoCapabilities: Unsupported mime video/wvc1
11-23 15:44:46.202  7010  7034 W VideoCapabilities: Unsupported mime video/x-ms-mpeg4v1
11-23 15:44:46.205  7010  7034 W VideoCapabilities: Unsupported mime video/x-ms-mpeg4v2
11-23 15:44:46.208  7010  7034 W VideoCapabilities: Unsupported mime video/divx
11-23 15:44:46.210  7010  7034 W VideoCapabilities: Unsupported mime video/xvid
11-23 15:44:46.214  7010  7034 W VideoCapabilities: Unsupported mime video/flv1
11-23 15:44:46.217  7010  7034 W VideoCapabilities: Unsupported mime video/rvg2
11-23 15:44:46.219  7010  7034 W VideoCapabilities: Unsupported mime video/wmv1
11-23 15:44:46.222  7010  7034 W VideoCapabilities: Unsupported mime video/wmv2
11-23 15:44:46.260  7010  7034 I VideoCapabilities: Unsupported profile 4 for video/mp4v-es
11-23 15:44:46.428  6527  7206 I chromium: [6527:7206:INFO:libupnp_util.cc(169)] SSDP server is initialized: upnp_addr=192.168.0.12, root_device_desc_url=http://192.168.0.12:8008/ssdp/device-desc.xml
11-23 15:44:46.446  6527  6527 I chromium: [6527:6527:INFO:config_downloader.cc(341)] Received Protobuf config response
11-23 15:44:46.468  6881  6881 I Finsky  : [1] com.google.android.finsky.services.aw.a(1069): Restore complete with 0 success and 0 failed.
11-23 15:44:46.490  5810  5810 I NetworkScheduler: Using standalone scheduling engine
11-23 15:44:46.627  2770  7272 I RecoverySystem: No recovery log file
11-23 15:44:46.632  2770  4792 I ActivityManager: Start proc 7275:eu.chainfire.supersu/u0a53 for broadcast eu.chainfire.supersu/.BootCompleteReceiver
11-23 15:44:46.677  7275  7275 W System  : ClassLoader referenced unknown path: /system/app/SuperSU/lib/arm64
11-23 15:44:46.831  2770  2788 I ActivityManager: Start proc 7302:com.google.android.play.games/u0a48 for broadcast com.google.android.play.games/com.google.android.gms.games.pano.recommendation.GamesPanoBroadcastReceiver
11-23 15:44:47.009  7275  7325 D SuperSU][APK: [SuperSU][APK][Installer] detect(277)
11-23 15:44:47.414  7275  7325 D SuperSU][APK: [SuperSU][APK][Installer] su --> 277
11-23 15:44:47.567  7302  7302 E PopupManager: No content view usable to display popups. Popups will not be displayed in response to this client's calls. Use setViewForPopups() to set your content view.
11-23 15:44:47.647  7275  7325 D SuperSU][APK: [SuperSU][APK][Installer] su backup --> 277
11-23 15:44:47.653  6527  6527 I chromium: [6527:6527:INFO:ccs_transport_https.cc(457)] CcsTransportHttps using CCS url https://chromecast-alpha.sandbox.google.com/cast/cloudcast/
11-23 15:44:47.674  2770  7272 I BootReceiver: Copying audit failures to DropBox
11-23 15:44:47.674  2770  7272 I BootReceiver: Checking for fsck errors
11-23 15:44:47.687  5810  6419 W ContentTaskController: Invalid newTask was provided to startTracking.
11-23 15:44:47.687  5810  6419 W ContentTaskController: Invalid newTask was provided to startTracking.
11-23 15:44:47.687  5810  6419 W ContentTaskController: Invalid newTask was provided to startTracking.
11-23 15:44:47.687  5810  6419 W ContentTaskController: Invalid newTask was provided to startTracking.
11-23 15:44:47.687  5810  6419 W ContentTaskController: Invalid newTask was provided to startTracking.
11-23 15:44:47.687  5810  6419 W ContentTaskController: Invalid newTask was provided to startTracking.
11-23 15:44:47.688  5810  6419 W ContentTaskController: Invalid newTask was provided to startTracking.
11-23 15:44:47.688  5810  6419 W ContentTaskController: Invalid newTask was provided to startTracking.
11-23 15:44:47.688  5810  6419 W ContentTaskController: Invalid newTask was provided to startTracking.
11-23 15:44:47.688  5810  6419 W ContentTaskController: Invalid newTask was provided to startTracking.
11-23 15:44:47.688  5810  6419 W ContentTaskController: Invalid newTask was provided to startTracking.
11-23 15:44:47.688  5810  6419 W ContentTaskController: Invalid newTask was provided to startTracking.
11-23 15:44:47.688  5810  6419 W ContentTaskController: Invalid newTask was provided to startTracking.
11-23 15:44:47.688  5810  6419 W ContentTaskController: Invalid newTask was provided to startTracking.
11-23 15:44:47.688  5810  6419 W ContentTaskController: Invalid newTask was provided to startTracking.
11-23 15:44:47.688  5810  6419 W ContentTaskController: Invalid newTask was provided to startTracking.
11-23 15:44:47.724  6527  6527 I chromium: [6527:6527:INFO:application_identification_settings.cc(288)] new ApplicationIdentificationSettings session_id: b6d707bc-1f59-4aa2-b330-5496ee17a8e8 app_id: 38579375 app_device_id: 59F5D12D9136EB6FE911ADA2337C3B53 flags: 7 headers: 512
11-23 15:44:47.725  6527  6527 I chromium: [6527:6527:INFO:metrics_util.cc(51)] Record action: Cast.DCS.DownloadSuccess
11-23 15:44:47.726  6527  6527 I chromium: [6527:6527:INFO:crl_downloader.cc(226)] CRL fetched.
11-23 15:44:47.728  6527  6527 D IdleScreenApplicationFactory: Creating daemon idle app: E8C28D3C
11-23 15:44:47.729  6527  7094 I chromium: [6527:7094:INFO:v2_transport.cc(348)] Added Cast V2 endpoint: id=idle-0
11-23 15:44:47.729  6527  6527 I chromium: [6527:6527:INFO:receiver_namespace_handler.cc(453)] Schedule RUNNING check for new current app
11-23 15:44:47.802  7275  7325 D SuperSU][APK: [SuperSU][APK][Installer] su daemon --> 277
11-23 15:44:47.802  7275  7325 D SuperSU][APK: [SuperSU][APK][Installer] sugote --> -3 / -3 / 0
11-23 15:44:47.837  6504  6518 W art     : Suspending all threads took: 17.693ms
11-23 15:44:47.840  7275  7325 D SuperSU][APK: [SuperSU][APK][Installer] supolicy --> 277
11-23 15:44:47.840  7275  7325 D SuperSU][APK: [SuperSU][APK][Installer] sukernel --> -3
11-23 15:44:47.845  7275  7325 D SuperSU][APK: [SuperSU][APK][Installer] su old --> -2
11-23 15:44:47.852  7275  7325 D SuperSU][APK: [SuperSU][APK][Installer] app_process --> 0
11-23 15:44:47.878  4861  4861 W ContextImpl: Calling a method in the system process without a qualified user: android.app.ContextImpl.startService:1385 android.content.ContextWrapper.startService:613 android.content.ContextWrapper.startService:613 com.android.tv.settings.users.UserSwitchListenerService$BootReceiver.onReceive:55 android.app.ActivityThread.handleReceiver:3011 
11-23 15:44:47.896  7275  7325 D SuperSU][APK: [SuperSU][APK][Installer] sdk == 24
11-23 15:44:47.896  7275  7325 D SuperSU][APK: [SuperSU][APK][Installer] su_bin_only == 0
11-23 15:44:47.896  7275  7325 D SuperSU][APK: [SuperSU][APK][Installer] xbin_only == 0
11-23 15:44:47.896  7275  7325 D SuperSU][APK: [SuperSU][APK][Installer] selinux_enforcing == 0
11-23 15:44:47.896  7275  7325 D SuperSU][APK: [SuperSU][APK][Installer] is_daemon_mode == 1
11-23 15:44:47.896  7275  7325 D SuperSU][APK: [SuperSU][APK][Installer] is_sugote_needed == 0
11-23 15:44:47.896  7275  7325 D SuperSU][APK: [SuperSU][APK][Installer] is_supolicy_needed == 1
11-23 15:44:47.896  7275  7325 D SuperSU][APK: [SuperSU][APK][Installer] context_toolbox == u:object_r:toolbox_exec:s0
11-23 15:44:47.896  7275  7325 D SuperSU][APK: [SuperSU][APK][Installer] want_install == 0
11-23 15:44:47.896  7275  7325 D SuperSU][APK: [SuperSU][APK][Installer] want_backup == 0
11-23 15:44:47.896  7275  7325 D SuperSU][APK: [SuperSU][APK][Installer] want_daemon == 0
11-23 15:44:47.897  7275  7325 D SuperSU][APK: [SuperSU][APK][Installer] want_sugote == 0
11-23 15:44:47.897  7275  7325 D SuperSU][APK: [SuperSU][APK][Installer] want_supolicy == 0
11-23 15:44:47.897  7275  7325 D SuperSU][APK: [SuperSU][APK][Installer] want_sukernel == 0
11-23 15:44:47.897  7275  7325 D SuperSU][APK: [SuperSU][APK][Installer] want_app_process == 1
11-23 15:44:47.897  7275  7325 D SuperSU][APK: [SuperSU][APK][Installer] have_recovery_context == 0
11-23 15:44:47.897  7275  7325 D SuperSU][APK: [SuperSU][APK][Installer] wantInstall() == 1
11-23 15:44:47.897  7275  7325 D SuperSU][APK: [SuperSU][APK][Installer] canInstall() == 1
11-23 15:44:47.898  6527  6527 D IdleScreenApplication: Start idle app: IdleScreenApp(E8C28D3C:idle-0), postData=
11-23 15:44:47.899  6527  6527 I chromium: [6527:6527:INFO:application_manager_impl.cc(968)] App starting: E8C28D3C (Backdrop)
11-23 15:44:47.899  6527  6527 I chromium: [6527:6527:INFO:application_identification_settings.cc(288)] new ApplicationIdentificationSettings session_id: 43136b11-9824-4eaf-8db6-84dd389ef7fa app_id: E8C28D3C app_device_id: 59F5D12D9136EB6FE911ADA2337C3B53 flags: 23 headers: 2047
11-23 15:44:47.899  6527  6527 I chromium: [6527:6527:INFO:application_manager_impl.cc(982)] App started: E8C28D3C (Backdrop), instance=idle-0
11-23 15:44:47.939  2770  2770 D ZenLog  : intercepted: 0|eu.chainfire.supersu|1|null|10053,alarmsOnly
11-23 15:44:47.940  2770  2770 V NotificationService: pkg=eu.chainfire.supersu canInterrupt=false intercept=true
11-23 15:44:47.985  6527  7091 I chromium: [6527:7091:INFO:mdns_app_filter.cc(1094)] MdnsAppFilter: Done probing.
11-23 15:44:48.150  6881  7058 D Volley  : [104] g.b: Cache cleared.
11-23 15:44:48.156  6527  6527 D AutoStartListener: Starting Cast Receiver service if not started yet.
11-23 15:44:48.187  6881  6994 D Volley  : [94] g.b: Cache cleared.
11-23 15:44:48.191  2770  4886 I ActivityManager: Start proc 7464:com.google.android.configupdater/u0a6 for broadcast com.google.android.configupdater/.CertPin.CertPinUpdateRequestReceiver
11-23 15:44:48.246  2770  4889 I ActivityManager: Start proc 7483:android.process.acore/u0a7 for content provider com.android.providers.contacts/.ContactMetadataProvider
11-23 15:44:48.297  6504  6504 W System  : ClassLoader referenced unknown path: 
11-23 15:44:48.318  7464  7464 W System  : ClassLoader referenced unknown path: /system/priv-app/ConfigUpdater/lib/arm64
11-23 15:44:48.378  7275  7325 W System.err: android.content.pm.PackageManager$NameNotFoundException: com.android.settings
11-23 15:44:48.378  7275  7325 W System.err: 	at android.app.ApplicationPackageManager.getApplicationInfoAsUser(ApplicationPackageManager.java:345)
11-23 15:44:48.378  7275  7325 W System.err: 	at android.app.ApplicationPackageManager.getApplicationInfo(ApplicationPackageManager.java:327)
11-23 15:44:48.378  7275  7325 W System.err: 	at android.app.ApplicationPackageManager.getResourcesForApplication(ApplicationPackageManager.java:1266)
11-23 15:44:48.378  7275  7325 W System.err: 	at eu.chainfire.supersu.Settings.f(Unknown Source)
11-23 15:44:48.378  7275  7325 W System.err: 	at eu.chainfire.supersu.SuperUserIntentService.a(Unknown Source)
11-23 15:44:48.378  7275  7325 W System.err: 	at eu.chainfire.supersu.SuperUserIntentService.onHandleIntent(Unknown Source)
11-23 15:44:48.378  7275  7325 W System.err: 	at android.app.IntentService$ServiceHandler.handleMessage(IntentService.java:67)
11-23 15:44:48.378  7275  7325 W System.err: 	at android.os.Handler.dispatchMessage(Handler.java:102)
11-23 15:44:48.378  7275  7325 W System.err: 	at android.os.Looper.loop(Looper.java:154)
11-23 15:44:48.379  7275  7325 W System.err: 	at android.os.HandlerThread.run(HandlerThread.java:61)
11-23 15:44:48.381  7483  7483 W System  : ClassLoader referenced unknown path: /system/priv-app/ContactsProvider/lib/arm64
11-23 15:44:48.627  6504  6518 W art     : Suspending all threads took: 12.119ms
11-23 15:44:48.790  6504  7533 I GoogleURLConnFactory: Using platform SSLCertificateSocketFactory
11-23 15:44:48.795  6504  7533 E BaseAppContext: Tried to stop global GMSCore RequestQueue. This is likely unintended, so ignoring.
11-23 15:44:48.829  7464  7464 E ConfigUpdater: ignoring update request
11-23 15:44:48.892  7464  7464 E ConfigUpdater: ignoring update request
11-23 15:44:48.927  7464  7464 E ConfigUpdater: ignoring update request
11-23 15:44:48.946  7464  7464 E ConfigUpdater: ignoring update request
11-23 15:44:48.957  7483  7483 W System  : ClassLoader referenced unknown path: /system/app/UserDictionaryProvider/lib/arm64
11-23 15:44:48.980  7464  7464 E ConfigUpdater: ignoring update request
11-23 15:44:49.000  7464  7464 E ConfigUpdater: ignoring update request
11-23 15:44:49.060  7464  7464 E ConfigUpdater: ignoring update request
11-23 15:44:49.208  6504  6518 W art     : Suspending all threads took: 13.013ms
11-23 15:44:49.234  5810  6579 I GCM     : GCM config loaded
11-23 15:44:49.372  6504  6518 W art     : Suspending all threads took: 30.992ms
11-23 15:44:49.418  7483  7554 I ContactLocale: AddressBook Labels [[en_US]]: […, A, B, C, D, E, F, G, H, I, J, K, L, M, N, O, P, Q, R, S, T, U, V, W, X, Y, Z, Α, Β, Γ, Δ, Ε, Ζ, Η, Θ, Ι, Κ, Λ, Μ, Ν, Ξ, Ο, Π, Ρ, Σ, Τ, Υ, Φ, Χ, Ψ, Ω, …, А, Б, В, Г, Д, Ђ, Е, Є, Ж, З, И, І, Й, Ј, К, Л, Љ, М, Н, Њ, О, П, Р, С, Т, Ћ, У, Ф, Х, Ц, Ч, Џ, Ш, Щ, Ю, Я, …, א, ב, ג, ד, ה, ו, ז, ח, ט, י, כ, ל, מ, נ, ס, ע, פ, צ, ק, ר, ש, ת, …, ا, ب, ت, ث, ج, ح, خ, د, ذ, ر, ز, س, ش, ص, ض, ط, ظ, ع, غ, ف, ق, ك, ل, م, ن, ه, و, ي, …, ก, ข, ฃ, ค, ฅ, ฆ, ง, จ, ฉ, ช, ซ, ฌ, ญ, ฎ, ฏ, ฐ, ฑ, ฒ, ณ, ด, ต, ถ, ท, ธ, น, บ, ป, ผ, ฝ, พ, ฟ, ภ, ม, ย, ร, ฤ, ล, ฦ, ว, ศ, ษ, ส, ห, ฬ, อ, ฮ, …, ㄱ, ㄴ, ㄷ, ㄹ, ㅁ, ㅂ, ㅅ, ㅇ, ㅈ, ㅊ, ㅋ, ㅌ, ㅍ, ㅎ, …, あ, か, さ, た, な, は, ま, や, ら, わ, #, …]
11-23 15:44:49.429  6504  7606 I DynamiteModule: Considering local module com.google.android.gms.googlecertificates:2 and remote module com.google.android.gms.googlecertificates:2
11-23 15:44:49.429  6504  7606 I DynamiteModule: Selected remote version of com.google.android.gms.googlecertificates, version >= 2
11-23 15:44:49.461  6504  7606 W System  : ClassLoader referenced unknown path: /data/user/0/com.google.android.gms/app_chimera/m/00000001/n/arm64-v8a
11-23 15:44:49.479  5751  7407 W MediaScanner: Error opening directory '/oem/media/', skipping: Permission denied.
11-23 15:44:49.600  5810  6579 W Conscrypt: Could not set socket write timeout: null
11-23 15:44:49.640  6504  6518 W art     : Suspending all threads took: 5.667ms
11-23 15:44:49.754  5810  6579 W Conscrypt: Could not set socket write timeout: null
11-23 15:44:49.921  2770  4431 I sunxi-hdmi-cec: hdmi-cec received initiator=0 destination=8 length=1 msg=8f 00 00
11-23 15:44:49.979  2770  6602 I ActivityManager: Start proc 7678:com.google.android.katniss/u0a16 for broadcast com.google.android.katniss/.hotword.BootReceiver
11-23 15:44:49.989  6527  7091 I chromium: [6527:7091:INFO:mdns_app_filter.cc(1213)] MdnsAppFilter: Done announcing.
11-23 15:44:50.013  2770  4428 I sunxi-hdmi-cec: hdmi-cec sent initiator=8 destination=0 length=2 msg=90 00 c1
11-23 15:44:50.014  6504  7665 I Backup  : [ComponentEnabler] Enabling target components
11-23 15:44:50.118  7678  7678 W System  : ClassLoader referenced unknown path: /system/priv-app/Katniss/lib/arm
11-23 15:44:50.131  6504  7665 V Backup  : [ComponentEnabler] Enabling Component: com.google.android.gms.backup.component.BackupOptInActivity
11-23 15:44:50.142  6504  7665 V Backup  : [ComponentEnabler] Enabling Component: com.google.android.gms.backup.component.BackupSettingsActivity
11-23 15:44:50.145  6504  7665 V Backup  : [ComponentEnabler] Enabling Component: com.google.android.gms.backup.component.D2dMigrateFlowActivity
11-23 15:44:50.152  6504  7665 V Backup  : [ComponentEnabler] Enabling Component: com.google.android.gms.backup.component.D2dMigrateService
11-23 15:44:50.176  6504  7606 W InstanceID/Rpc: Found 10013
11-23 15:44:50.219  6527  6527 E chromium: [6527:6527:ERROR:client_auth_signer.cc(191)] Cast certificate is not valid.
11-23 15:44:50.219  6527  6527 I chromium: [6527:6527:INFO:ccs_manager_impl.cc(838)] Registering device with CCS: message_id = adaab6d7-f231-4227-9fe6-ee35cb0f0eec
11-23 15:44:50.220  6527  7163 W chromium: [6527:7163:WARNING:client_auth_signer.cc(112)] No private key, hence empty signature.
11-23 15:44:50.222  6527  6527 I chromium: [6527:6527:INFO:application_identification_settings.cc(897)] CreateJwt completed; running all done signing callbacks.
11-23 15:44:50.224  5810  7698 I Auth    : [AccountStateSyncAdapter] performSync(account=<ELLIDED:712212984>)
11-23 15:44:50.244  6504  7694 I Auth    : [FRP,FrpUpdateIntentOperation] Frp is not supported for this device / user
11-23 15:44:50.301  6527  6527 I chromium: [6527:6527:INFO:metrics_util.cc(51)] Record action: Cloud.Transport.Https.Register.Out
11-23 15:44:50.301  6527  6527 E chromium: [6527:6527:ERROR:client_auth_signer.cc(191)] Cast certificate is not valid.
11-23 15:44:50.302  6527  6527 W chromium: [6527:6527:WARNING:client_auth_signer.cc(112)] No private key, hence empty signature.
11-23 15:44:50.302  6527  6527 E chromium: [6527:6527:ERROR:cast_auth_headers.cc(131)] Unable to update signature header
11-23 15:44:50.302  6527  6527 E chromium: [6527:6527:ERROR:client_auth_signer.cc(191)] Cast certificate is not valid.
11-23 15:44:50.302  6527  6527 W chromium: [6527:6527:WARNING:client_auth_signer.cc(112)] No private key, hence empty signature.
11-23 15:44:50.302  6527  6527 E chromium: [6527:6527:ERROR:cast_auth_headers.cc(131)] Unable to update signature header
11-23 15:44:50.302  6527  6527 E chromium: [6527:6527:ERROR:client_auth_signer.cc(191)] Cast certificate is not valid.
11-23 15:44:50.302  6527  6527 E chromium: [6527:6527:ERROR:client_auth_signer.cc(191)] Cast certificate is not valid.
11-23 15:44:50.309  6504  7664 V Backup  : [MigrateUtil] Clearing migrate temp dir: /data/user/0/com.google.android.gms/files/migrate_dir
11-23 15:44:50.321  7678  7726 W System  : ClassLoader referenced unknown path: /system/priv-app/PrebuiltGmsCorePano/lib/arm
11-23 15:44:50.324  6504  7665 I Backup  : [ComponentEnabler] Enabling source components
11-23 15:44:50.324  6504  7665 V Backup  : [ComponentEnabler] Enabling Component: com.google.android.gms.backup.component.D2dSourceActivity
11-23 15:44:50.332  6504  7665 V Backup  : [ComponentEnabler] Enabling Component: com.google.android.gms.backup.component.D2dSourceService
11-23 15:44:50.342  6504  7665 V Backup  : [ComponentEnabler] Enabling Component: com.google.android.gms.backup.component.CloudRestoreFlowActivity
11-23 15:44:50.344  2770  4886 I WindowManager: Destroying surface Surface(name=com.android.systemui.ImageWallpaper) called by com.android.server.wm.WindowStateAnimator.destroySurface:2014 com.android.server.wm.WindowStateAnimator.destroySurfaceLocked:881 com.android.server.wm.WindowState.removeLocked:1449 com.android.server.wm.WindowManagerService.removeWindowInnerLocked:2478 com.android.server.wm.WindowManagerService.removeWindowLocked:2436 com.android.server.wm.WindowManagerService.removeWindowLocked:2305 com.android.server.wm.WindowManagerService.removeWindow:2300 com.android.server.wm.Session.remove:193 
11-23 15:44:50.369  6527  6527 E chromium: [6527:6527:ERROR:ccs_transport_https.cc(537)] Received response code 403 for message_id = adaab6d7-f231-4227-9fe6-ee35cb0f0eec - )]}'
11-23 15:44:50.369  6527  6527 E chromium: 
11-23 15:44:50.369  6527  6527 E chromium: [["er",,,,,403,,,,7]
11-23 15:44:50.369  6527  6527 E chromium: ]
11-23 15:44:50.369  6527  6527 I chromium: [6527:6527:INFO:metrics_util.cc(51)] Record action: Cloud.Transport.Https.Register.Out.Error
11-23 15:44:50.369  6527  6527 I chromium: [6527:6527:INFO:ccs_manager_impl.cc(1388)] Scheduling next register for device in time: 59.917s
11-23 15:44:50.449  5810  7698 I Auth    : [AccountStateSyncAdapter] Skipping sync because account state sync is not enabled.
11-23 15:44:50.474  5810  7744 I ClearcutBootCompleteIntentOperation: Device boot count in clearcut increased.
11-23 15:44:50.536  2770  2789 I ActivityManager: Start proc 7754:com.google.process.gapps/u0a37 for broadcast com.google.android.syncadapters.contacts/.ContactsSyncAdapterBroadcastReceiver
11-23 15:44:50.541  7678  7750 E WVMExtractor: Failed to open libwvm.so: dlopen failed: cannot locate symbol "_ZNK7android11MediaSource11ReadOptions9getSeekToEPxPNS1_8SeekModeE" referenced by "/system/vendor/lib/libwvm.so"...
11-23 15:44:50.553  2770  2770 W art     : Long monitor contention with owner FileObserver (3016) at void com.android.server.wallpaper.WallpaperManagerService$WallpaperObserver.onEvent(int, java.lang.String)(WallpaperManagerService.java:242) waiters=0 in void com.android.server.wallpaper.WallpaperManagerService$WallpaperConnection.onServiceConnected(android.content.ComponentName, android.os.IBinder) for 216ms
11-23 15:44:50.561  1695  1763 I MediaPlayerService: MediaPlayerService::getOMX
11-23 15:44:50.562  7678  7767 I OMXClient: MuxOMX ctor
11-23 15:44:50.564  6504  7704 W art     : Long monitor contention with owner PlayGamesAsyncThread1 (7693) at long android.database.sqlite.SQLiteConnection.nativePrepareStatement(long, java.lang.String)(SQLiteConnection.java:-2) waiters=0 in android.database.sqlite.SQLiteDatabase android.database.sqlite.SQLiteOpenHelper.getWritableDatabase() for 468ms
11-23 15:44:50.565  1688  4946 I OMXMaster: makeComponentInstance(OMX.google.raw.decoder) in mediacodec process
11-23 15:44:50.599  1695  1695 I MediaPlayerService: MediaPlayerService::getOMX
11-23 15:44:50.600  7678  7777 I OMXClient: MuxOMX ctor
11-23 15:44:50.601  1688  4614 I OMXMaster: makeComponentInstance(OMX.google.raw.decoder) in mediacodec process
11-23 15:44:50.627  1695  7204 I MediaPlayerService: MediaPlayerService::getOMX
11-23 15:44:50.628  7678  7781 I OMXClient: MuxOMX ctor
11-23 15:44:50.629  1688  5002 I OMXMaster: makeComponentInstance(OMX.google.raw.decoder) in mediacodec process
11-23 15:44:50.655  1695  4560 I MediaPlayerService: MediaPlayerService::getOMX
11-23 15:44:50.655  7678  7787 I OMXClient: MuxOMX ctor
11-23 15:44:50.657  1688  5002 I OMXMaster: makeComponentInstance(OMX.google.raw.decoder) in mediacodec process
11-23 15:44:51.231  2770  4792 W art     : Long monitor contention with owner main (2770) at void com.android.server.wallpaper.WallpaperManagerService$WallpaperConnection.onServiceConnected(android.content.ComponentName, android.os.IBinder)(WallpaperManagerService.java:601) waiters=0 in void com.android.server.wallpaper.WallpaperManagerService$WallpaperConnection.attachEngine(android.service.wallpaper.IWallpaperEngine) for 676ms
11-23 15:44:51.236  5810  7710 W WakefulBroadcastReceiver: No active wake lock id #1
11-23 15:44:51.435  4545  4545 W art     : Long monitor contention with owner AsyncTask #2 (7825) at android.graphics.Bitmap android.app.WallpaperManager$Globals.peekWallpaperBitmap(android.content.Context, boolean, int, int)(WallpaperManager.java:295) waiters=0 in void android.app.WallpaperManager$Globals.forgetLoadedWallpaper() for 183ms
11-23 15:44:51.464  1657  1722 D gralloc : ion_alloc from ion_client:19 for 8294400 Bytes uncached buffer by using heap mask 16 successfully, mem_continue_flag is 1
11-23 15:44:51.554  1657  1720 D gralloc : ion_alloc from ion_client:19 for 10575360 Bytes uncached buffer by using heap mask 16 successfully, mem_continue_flag is 1
11-23 15:44:52.080  7678  7726 W System  : ClassLoader referenced unknown path: /system/priv-app/PrebuiltGmsCorePano/lib/arm
11-23 15:44:52.082  7678  7726 W System  : ClassLoader referenced unknown path: /system/priv-app/PrebuiltGmsCorePano/lib/arm
11-23 15:44:52.090  7678  7726 W linker  : /data/data/com.google.android.gms/app_extracted_libs/armeabi-v7a/libgmscore.so: unused DT entry: type 0x7ffffffd arg 0x79f
11-23 15:44:52.097  7678  7726 W System  : ClassLoader referenced unknown path: /system/priv-app/PrebuiltGmsCorePano/lib/arm
11-23 15:44:52.099  7678  7726 W System  : ClassLoader referenced unknown path: /system/priv-app/PrebuiltGmsCorePano/lib/arm
11-23 15:44:52.104  7678  7726 W linker  : /data/data/com.google.android.gms/app_extracted_libs/armeabi-v7a/libconscrypt_gmscore_jni.so: unused DT entry: type 0x7ffffffd arg 0x1c1
11-23 15:44:52.104  7678  7726 W linker  : /system/priv-app/PrebuiltGmsCorePano/PrebuiltGmsCorePano.apk!/lib/armeabi-v7a/libgmscore.so: unused DT entry: type 0x7ffffffd arg 0x79f
11-23 15:44:52.211  5751  7407 V MediaScanner: pruneDeadThumbnailFiles... android.content.ContentProviderClient$CursorWrapperInner@739a2e
11-23 15:44:52.212  5751  7407 V MediaScanner: /pruneDeadThumbnailFiles... android.content.ContentProviderClient$CursorWrapperInner@739a2e
11-23 15:44:52.367  7754  7754 W System  : ClassLoader referenced unknown path: /system/app/GoogleContactsSyncAdapter/lib/arm64
11-23 15:44:52.438  7678  7726 V JNIHelp : Registering com/google/android/gms/org/conscrypt/NativeCrypto's 235 native methods...
11-23 15:44:52.462  7678  7726 D NetworkSecurityConfig: No Network Security Config specified, using platform default
11-23 15:44:52.465  7678  7726 I ProviderInstaller: Installed default security provider GmsCore_OpenSSL
11-23 15:44:52.548  5907  5907 D NVID    : Ranker$onEntitiesLoaded
11-23 15:44:52.555  5907  5907 D NVID    : RecommendationsManager$onRecommendationsReset
11-23 15:44:52.555  5907  5907 D NVID    : Ranker$isBlacklisted  com.google.android.videos
11-23 15:44:52.555  5907  5907 D NVID    : Ranker$isBlacklisted  com.google.android.videos
11-23 15:44:52.555  5907  5907 D NVID    : Ranker$isBlacklisted  com.google.android.videos
11-23 15:44:52.555  5907  5907 D NVID    : Ranker$isBlacklisted  com.google.android.videos
11-23 15:44:52.555  5907  5907 D NVID    :   blacklistedCount  0
11-23 15:44:52.555  5907  5907 D NVID    :   postedBatch.size()  4
11-23 15:44:52.555  5907  5907 D NVID    : RecommendationsManager$clearAllRecommendations  3
11-23 15:44:52.557  5907  5907 D NVID    : Ranker$isBlacklisted  com.google.android.videos
11-23 15:44:52.620  5907  5907 D NVID    : Ranker$isBlacklisted  com.google.android.videos
11-23 15:44:52.638  5907  5907 D NVID    : Ranker$isBlacklisted  com.google.android.videos
11-23 15:44:52.648  5907  5907 D NVID    : Ranker$isBlacklisted  com.google.android.videos
11-23 15:44:52.677  5907  5919 W art     : Suspending all threads took: 18.238ms
11-23 15:44:52.684  5907  5919 I art     : Background partial concurrent mark sweep GC freed 3573(257KB) AllocSpace objects, 4(8MB) LOS objects, 38% free, 25MB/41MB, paused 19.349ms total 51.160ms
11-23 15:44:52.712  7754  7754 I GoogleHttpClient: GMS http client unavailable, use old client
11-23 15:44:52.785  2770  4886 I ActivityManager: Start proc 7932:com.google.android.tv/u0a24 for broadcast com.google.android.tv/.receiver.BootCompletedReceiver
11-23 15:44:52.813  7754  7937 I GoogleHttpClient: GMS http client unavailable, use old client
11-23 15:44:52.830  6504  6518 W art     : Suspending all threads took: 327.340ms
11-23 15:44:52.915  7932  7932 W System  : ClassLoader referenced unknown path: /system/priv-app/TV/lib/arm
11-23 15:44:53.015  6504  7968 I CheckinService: Disabling old GoogleServicesFramework version
11-23 15:44:53.227  6504  7975 I CheckinChimeraService: Checking schedule, now: 1479944693227 next: 1479965022956
11-23 15:44:53.321  6504  7975 I CheckinChimeraService: active receiver: disabled
11-23 15:44:53.338  7932  7932 D FirebaseApp: com.google.firebase.auth.FirebaseAuth is not linked. Skipping initialization.
11-23 15:44:53.370  7932  7932 D FirebaseApp: com.google.firebase.crash.FirebaseCrash is not linked. Skipping initialization.
11-23 15:44:53.371  7932  7932 D FirebaseApp: com.google.android.gms.measurement.AppMeasurement is not linked. Skipping initialization.
11-23 15:44:53.371  7932  7932 I FirebaseInitProvider: FirebaseApp initialization successful
11-23 15:44:53.452  7932  7932 I TvApplication: Starting Live Channels 1.11.010 (3406044-30)
11-23 15:44:53.469  2770  2789 I ActivityManager: Start proc 8016:com.google.android.tv.tuner/u0a24 for content provider com.google.android.tv/.tuner.TunerPreferenceProvider
11-23 15:44:53.584  6504  7664 I FA-SVC  : App measurement is starting up, version: 10084
11-23 15:44:53.585  6504  7664 I FA-SVC  : To enable debug logging run: adb shell setprop log.tag.FA VERBOSE
11-23 15:44:53.602  6504  7606 V SmartDevice: [service,SmartDeviceIntentHandlers] OnUpgradeOrBootOperation got intent: Intent { act=android.intent.action.BOOT_COMPLETED flg=0x9000010 cmp=com.google.android.gms/.chimera.GmsIntentOperationService (has extras) } with flag 2
11-23 15:44:53.639  7932  7932 I GAv4    : Google Analytics 9.2.56 is starting up. To enable debug logging on a device run:
11-23 15:44:53.639  7932  7932 I GAv4    :   adb shell setprop log.tag.GAv4 DEBUG
11-23 15:44:53.639  7932  7932 I GAv4    :   adb logcat -s GAv4
11-23 15:44:53.644  8016  8016 W System  : ClassLoader referenced unknown path: /system/priv-app/TV/lib/arm
11-23 15:44:53.689  5810  7991 W art     : Long monitor contention with owner highpool[0] (7919) at void java.lang.Object.wait!()(Object.java:-2) waiters=0 in void scr.a(fqb) for 434ms
11-23 15:44:53.728  8016  8016 I TvApplication: Starting Live Channels 1.11.010 (3406044-30)
11-23 15:44:53.734  6504  7401 W DriveInitializer: Awaiting to be initialized
11-23 15:44:53.734  6504  8054 W DriveInitializer: Background init thread started
11-23 15:44:53.789  8016  8016 I GAv4    : Google Analytics 9.2.56 is starting up. To enable debug logging on a device run:
11-23 15:44:53.789  8016  8016 I GAv4    :   adb shell setprop log.tag.GAv4 DEBUG
11-23 15:44:53.789  8016  8016 I GAv4    :   adb logcat -s GAv4
11-23 15:44:53.922  6504  8076 I FA-SVC  : This instance being marked as an uploader
11-23 15:44:53.974  8016  8077 W GAv4    : CampaignTrackingReceiver is not registered, not exported or is disabled. Installation campaign tracking is not possible. See http://goo.gl/8Rd3yj for instructions.
11-23 15:44:53.976  7932  8078 W GAv4    : CampaignTrackingReceiver is not registered, not exported or is disabled. Installation campaign tracking is not possible. See http://goo.gl/8Rd3yj for instructions.
11-23 15:44:54.128  2770  2836 I ActivityManager: Waited long enough for: ServiceRecord{8fb22e0 u0 com.estrongs.android.pop/com.duapps.ad.services.KeepAliveService}
11-23 15:44:54.186  8016  8016 I TvApplication: Started Live Channels 1.11.010 (3406044-30)
11-23 15:44:54.191  7932  7932 I TvApplication: Started Live Channels 1.11.010 (3406044-30)
11-23 15:44:54.822  2770  7083 W ActivityManager: Unable to start service Intent { cmp=com.google.android.gms/iit } U=0: not found
11-23 15:44:54.873  6504  7606 I Wear_Controller: Wear is not allowed to run on this device. Not starting control service.
11-23 15:44:54.889  2770  7085 W ActivityManager: Unable to start service Intent { cmp=com.google.android.gms/wnp } U=0: not found
11-23 15:44:54.947  2770  2836 I ActivityManager: Waited long enough for: ServiceRecord{2c84858 u0 com.google.android.apps.mediashell/.MediaShellCastReceiverService}
11-23 15:44:54.998  5810  5829 I art     : Background sticky concurrent mark sweep GC freed 4495(463KB) AllocSpace objects, 7(140KB) LOS objects, 15% free, 5MB/6MB, paused 1.943ms total 136.130ms
11-23 15:44:55.139  2770  4889 I ActivityManager: Start proc 8166:com.google.android.play.games.ui/u0a48 for service com.google.android.play.games/com.google.android.gms.games.service.PlayGamesBridgeService
11-23 15:44:55.292  2770  7083 I ActivityManager: Start proc 8203:com.google.android.gms.ui/u0a13 for service com.google.android.gms/.chimera.UiIntentOperationService
11-23 15:44:55.305  5810  5810 I WearableService: Wear is not allowed to run on this device. Not starting Wear service.
11-23 15:44:55.385  6504  8054 W DriveInitializer: Background init thread ended
11-23 15:44:55.491  6504  8171 I CheckinChimeraService: Checking schedule, now: 1479944695491 next: 1479965022956
11-23 15:44:55.496  6504  8109 E MDM     : [140] plv.a: Couldn't connect to Google API client: gbi{statusCode=API_UNAVAILABLE, resolution=null, message=null}
11-23 15:44:55.502  8203  8203 W System  : ClassLoader referenced unknown path: /system/priv-app/PrebuiltGmsCorePano/lib/arm64
11-23 15:44:55.506  6504  8225 W art     : Long monitor contention with owner lowpool[0] (8149) at boolean android.app.ActivityThread.releaseProvider(android.content.IContentProvider, boolean)(ActivityThread.java:5555) waiters=0 in android.content.IContentProvider android.app.ActivityThread.acquireExistingProvider(android.content.Context, java.lang.String, int, boolean) for 134ms
11-23 15:44:55.589  6504  8171 I CheckinChimeraService: active receiver: disabled
11-23 15:44:55.634  2770  2779 I art     : Background partial concurrent mark sweep GC freed 25007(1981KB) AllocSpace objects, 13(352KB) LOS objects, 33% free, 9MB/13MB, paused 2.028ms total 118.162ms
11-23 15:44:55.677  5810  7913 I PhenotypeFlagCommitter: Experiment Configs successfully retrieved for com.google.android.gms.lockbox
11-23 15:44:55.725  8203  8203 W System  : ClassLoader referenced unknown path: /system/priv-app/PrebuiltGmsCorePano/lib/arm64
11-23 15:44:55.729  8203  8203 W System  : ClassLoader referenced unknown path: /system/priv-app/PrebuiltGmsCorePano/lib/arm64
11-23 15:44:55.733  8203  8203 W linker  : /data/data/com.google.android.gms/app_extracted_libs/arm64-v8a/libgmscore.so: unused DT entry: type 0x7ffffffd arg 0x885
11-23 15:44:55.737  8203  8203 W System  : ClassLoader referenced unknown path: /system/priv-app/PrebuiltGmsCorePano/lib/arm64
11-23 15:44:55.740  8203  8203 W System  : ClassLoader referenced unknown path: /system/priv-app/PrebuiltGmsCorePano/lib/arm64
11-23 15:44:55.767  8203  8203 W linker  : /data/data/com.google.android.gms/app_extracted_libs/arm64-v8a/libconscrypt_gmscore_jni.so: unused DT entry: type 0x7ffffffd arg 0x15f
11-23 15:44:55.768  8203  8203 W linker  : /system/priv-app/PrebuiltGmsCorePano/PrebuiltGmsCorePano.apk!/lib/arm64-v8a/libgmscore.so: unused DT entry: type 0x7ffffffd arg 0x885
11-23 15:44:55.771  8203  8203 V JNIHelp : Registering com/google/android/gms/org/conscrypt/NativeCrypto's 235 native methods...
11-23 15:44:55.810  8203  8203 D NetworkSecurityConfig: No Network Security Config specified, using platform default
11-23 15:44:55.814  8203  8203 I ProviderInstaller: Installed default security provider GmsCore_OpenSSL
11-23 15:44:55.968  5810  5829 I art     : Background partial concurrent mark sweep GC freed 12854(918KB) AllocSpace objects, 10(200KB) LOS objects, 40% free, 5MB/9MB, paused 2.984ms total 306.035ms
11-23 15:44:55.969  7932  7932 D TunerInputController: Broadcast intent received:Intent { act=android.intent.action.BOOT_COMPLETED flg=0x9000010 cmp=com.google.android.tv/.tuner.TunerInputController (has extras) }
11-23 15:44:55.996  7932  7932 D TunerInputController: Device: UsbDevice[mName=/dev/bus/usb/004/002,mVendorId=3136,mProductId=32768,mClass=0,mSubclass=0,mProtocol=0,mManufacturerName=ELMCU,mProductName=iPazzPort,mVersion=1.16,mSerialNumber=null,mConfigurations=[
11-23 15:44:55.996  7932  7932 D TunerInputController: UsbConfiguration[mId=1,mName=null,mAttributes=160,mMaxPower=50,mInterfaces=[
11-23 15:44:55.996  7932  7932 D TunerInputController: UsbInterface[mId=0,mAlternateSetting=0,mName=null,mClass=3,mSubclass=1,mProtocol=1,mEndpoints=[
11-23 15:44:55.996  7932  7932 D TunerInputController: UsbEndpoint[mAddress=129,mAttributes=3,mMaxPacketSize=8,mInterval=10]]
11-23 15:44:55.996  7932  7932 D TunerInputController: UsbInterface[mId=1,mAlternateSetting=0,mName=null,mClass=3,mSubclass=1,mProtocol=2,mEndpoints=[
11-23 15:44:55.996  7932  7932 D TunerInputController: UsbEndpoint[mAddress=130,mAttributes=3,mMaxPacketSize=7,mInterval=10]]]]
11-23 15:44:55.997  7932  7932 D TunerInputController: Device: UsbDevice[mName=/dev/bus/usb/001/002,mVendorId=1133,mProductId=2093,mClass=239,mSubclass=2,mProtocol=1,mManufacturerName=null,mProductName=HD Pro Webcam C920,mVersion=2.0,mSerialNumber=695AC3EF,mConfigurations=[
11-23 15:44:55.997  7932  7932 D TunerInputController: UsbConfiguration[mId=1,mName=null,mAttributes=128,mMaxPower=250,mInterfaces=[
11-23 15:44:55.997  7932  7932 D TunerInputController: UsbInterface[mId=0,mAlternateSetting=0,mName=null,mClass=14,mSubclass=1,mProtocol=0,mEndpoints=[
11-23 15:44:55.997  7932  7932 D TunerInputController: UsbEndpoint[mAddress=131,mAttributes=3,mMaxPacketSize=64,mInterval=8]]
11-23 15:44:55.997  7932  7932 D TunerInputController: UsbInterface[mId=1,mAlternateSetting=0,mName=null,mClass=14,mSubclass=2,mProtocol=0,mEndpoints=[]
11-23 15:44:55.997  7932  7932 D TunerInputController: UsbInterface[mId=1,mAlternateSetting=1,mName=null,mClass=14,mSubclass=2,mProtocol=0,mEndpoints=[
11-23 15:44:55.997  7932  7932 D TunerInputController: UsbEndpoint[mAddress=129,mAttributes=5,mMaxPacketSize=192,mInterval=1]]
11-23 15:44:55.997  7932  7932 D TunerInputController: UsbInterface[mId=1,mAlternateSetting=2,mName=null,mClass=14,mSubclass=2,mProtocol=0,mEndpoints=[
11-23 15:44:55.997  7932  7932 D TunerInputController: UsbEndpoint[mAddress=129,mAttributes=5,mMaxPacketSize=384,mInterval=1]]
11-23 15:44:55.997  7932  7932 D TunerInputController: UsbInterface[mId=1,mAlternateSetting=3,mName=null,mClass=14,mSubclass=2,mProtocol=0,mEndpoints=[
11-23 15:44:55.997  7932  7932 D TunerInputController: UsbEndpoint[mAddress=129,mAttributes=5,mMaxPacketSize=512,mInterval=1]]
11-23 15:44:55.997  7932  7932 D TunerInputController: UsbInterface[mId=1,mAlternateSetting=4,mName=null,mClass=14,mSubclass=2,mProtocol=0,mEndpoints=[
11-23 15:44:55.997  7932  7932 D TunerInputController: UsbEndpoint[mAddress=129,mAttributes=5,mMaxPacketSize=640,mInterval=1]]
11-23 15:44:55.997  7932  7932 D TunerInputController: UsbInterface[mId=1,mAlternateSetting=5,mName=null,mClass=14,mSubclass=2,mProtocol=0,mEndpoints=[
11-23 15:44:55.997  7932  7932 D TunerInputController: UsbEndpoint[mAddress=129,mAttributes=5,mMaxPacketSize=800,mInterval=1]]
11-23 15:44:55.997  7932  7932 D TunerInputController: UsbInterface[mId=1,mAlternateSetting=6,mName=null,mClass=14,mSubclass=2,mProtocol=0,mEndpoints=[
11-23 15:44:55.997  7932  7932 D TunerInputController: UsbEndpoint[mAddress=129,mAttributes=5,mMaxPacketSize=944,mInterval=1]]
11-23 15:44:55.997  7932  7932 D TunerInputController: UsbInterface[mId=1,mAlternateSetting=7,mName=null,mClass=14,mSubclass=2,mProtocol=0,mEndpoints=[
11-23 15:44:55.997  7932  7932 D TunerInputController: UsbEndpoint[mAddress=129,mAttributes=5,mMaxPacketSize=2688,mInterval=1]]
11-23 15:44:55.997  7932  7932 D TunerInputController: UsbInterface[mId=1,mAlternateSetting=8,mName=null,mClass=14,mSubclass=2,mProtocol=0,mEndpoints=[
11-23 15:44:55.997  7932  7932 D TunerInputController: UsbEndpoint[mAddress=129,mAttributes=5,mMaxPacketSize=2848,mInterval=1]]
11-23 15:44:55.997  7932  7932 D TunerInputController: UsbInterface[mId=1,mAlternateSetting=9,mName=null,mClass=14,mSubclass=2,mProtocol=0,mEndpoints=[
11-23 15:44:55.997  7932  7932 D TunerInputController: UsbEndpoint[mAddress=129,mAttributes=5,mMaxPacketSize=3040,mInterval=1]]
11-23 15:44:55.997  7932  7932 D TunerInputController: UsbInterface[mId=1,mAlternateSetting=10,mName=null,mClass=14,mSubclass=2,mProtocol=0,mEndpoints=[
11-23 15:44:55.997  7932  7932 D TunerInputController: UsbEndpoint[mAddress=129,mAttributes=5,mMaxPacketSize=4992,mInterval=1]]
11-23 15:44:55.997  7932  7932 D TunerInputController: UsbInterface[mId=1,mAlternateSetting=11,mName=null,mClass=14,mSubclass=2,mProtocol=0,mEndpoints=[
11-23 15:44:55.997  7932  7932 D TunerInputController: UsbEndpoint[mAddress=129,mAttributes=5,mMaxPacketSize=5116,mInterval=1]]
11-23 15:44:55.997  7932  7932 D TunerInputController: UsbInterface[mId=2,mAlternateSetting=0,mName=null,mClass=1,mSubclass=1,mProtocol=0,mEndpoints=[]
11-23 15:44:55.997  7932  7932 D TunerInputController: UsbInterface[mId=3,mAlternateSetting=0,mName=null,mClass=1,mSubclass=2,mProtocol=0,mEndpoints=[]
11-23 15:44:55.997  7932  7932 D TunerInputController: UsbInterface[mId=3,mAlternateSetting=1,mName=null,mClass=1,mSubclass=2,mProtocol=0,mEndpoints=[
11-23 15:44:55.997  7932  7932 D TunerInputController: UsbEndpoint[mAddress=130,mAttributes=5,mMaxPacketSize=68,mInterval=4]]
11-23 15:44:55.997  7932  7932 D TunerInputController: UsbInterface[mId=3,mAlternateSetting=2,mName=null,mClass=1,mSubclass=2,mProtocol=0,mEndpoints=[
11-23 15:44:55.997  7932  7932 D TunerInputController: UsbEndpoint[mAddress=130,mAttributes=5,mMaxPacketSize=100,mInterval=4]]
11-23 15:44:55.997  7932  7932 D TunerInputController: UsbInterface[mId=3,mAlternateSetting=3,mName=null,mClass=1,mSubclass=2,mProtocol=0,mEndpoints=[
11-23 15:44:55.997  7932  7932 D TunerInputController: UsbEndpoint[mAddress=130,mAttributes=5,mMaxPacketSize=132,mInterval=4]]]]
11-23 15:44:55.997  7932  7932 D TunerInputController: enableTunerTvInputService: false
11-23 15:44:56.065  6504  7606 I PhenotypeFlagCommitter: Experiment Configs successfully retrieved for com.google.android.gms.people
11-23 15:44:56.782  5880  5880 I ATVRemote.BootReceiver: onReceive
11-23 15:44:57.934  5810  8113 W PhenotypeFlagCommitter: Committing snapshot for com.google.android.location failed, retrying
11-23 15:44:58.164  5880  5880 I ATVRemote.RemoteService: Virtual Remote Service enabled
11-23 15:44:58.226  1687  1687 I keystore: type=1400 audit(0.0:55): avc: denied { read write } for name="scdev" dev="tmpfs" ino=7256 scontext=u:r:keystore:s0 tcontext=u:object_r:device:s0 tclass=chr_file permissive=1
11-23 15:44:58.226  1687  1687 I keystore: type=1400 audit(0.0:56): avc: denied { open } for path="/dev/scdev" dev="tmpfs" ino=7256 scontext=u:r:keystore:s0 tcontext=u:object_r:device:s0 tclass=chr_file permissive=1
11-23 15:44:58.226  1687  1687 I keystore: type=1400 audit(0.0:57): avc: denied { ioctl } for path="/dev/scdev" dev="tmpfs" ino=7256 scontext=u:r:keystore:s0 tcontext=u:object_r:device:s0 tclass=chr_file permissive=1
11-23 15:44:58.241  1687  1687 D         : *AW-DBG*----:(AWSCHW_send_cmd-1341):----Enter
11-23 15:44:58.241  1687  1687 D         : *AW-DBG*----:(schw_keym_get_keypair_public-1267):----Enter
11-23 15:44:58.241  1687  1687 D         : *AW-DBG*----:(schw_keym_unwrap_key-403):----Enter
11-23 15:44:58.241  1687  1687 D         : *AW-DBG*----:(schw_keym_unwrap_key-415):----keyBlobLength30
11-23 15:44:58.241  1687  1687 D         : *AW-DBG*----:(schw_keym_unwrap_key-433):----map_id:1
11-23 15:44:58.242  1687  1687 D         : *AW-DBG*----:(schw_keym_unwrap_key-438):----key type:6
11-23 15:44:58.242  1687  1687 D         : *AW-DBG*----:(schw_keym_unwrap_key-443):----key is_hardware flay:0xfaaf
11-23 15:44:58.242  1687  1687 D         : *AW-DBG*----:(schw_keym_unwrap_key-448):----publicLen:0
11-23 15:44:58.242  1687  1687 D         : *AW-DBG*----:(schw_keym_unwrap_key-463):----privateLen:1192
11-23 15:44:58.242  1687  1687 D         : *AW-DBG*----:(schw_keym_extract_key-244):----Enter
11-23 15:44:58.242  1687  1687 D         : *AW-DBG*----:(schw_secure_optctrl-87):----Enter
11-23 15:44:58.242  1687  1687 D         : *AW-DBG*----:(schw_secure_optctrl-102):----Exit:ret0
11-23 15:44:58.242  1687  1687 D         : *AW-DBG*----:(schw_keym_extract_key-265):----keySlotLength1222
11-23 15:44:58.242  1687  1687 D         : *AW-DBG*----:(schw_secure_optrev-66):----Enter
11-23 15:44:58.309  1687  1687 D         : *AW-DBG*----:(schw_secure_optrev-81):----Exit:ret1222
11-23 15:44:58.309  1687  1687 D         : *AW-DBG*----:(schw_keym_extract_key-283):----key made by aw hw keymaster! 
11-23 15:44:58.319  1687  1687 D         : *AW-DBG*----:(schw_keym_extract_key-294):----Exit:ret0
11-23 15:44:58.319  1687  1687 D         : *AW-DBG*----:(schw_keym_unwrap_key-481):----Exit:ret0
11-23 15:44:58.319  1687  1687 D         : *AW-DBG*----:(schw_keym_get_keypair_public-1319):----Exit:ret0
11-23 15:44:58.319  1687  1687 D         : *AW-DBG*----:(AWSCHW_send_cmd-1426):----Exit:ret0
11-23 15:44:58.337  1687  1687 D         : *AW-DBG*----:(AWSCHW_send_cmd-1341):----Enter
11-23 15:44:58.337  1687  1687 D         : *AW-DBG*----:(schw_keym_get_keypair_public-1267):----Enter
11-23 15:44:58.337  1687  1687 D         : *AW-DBG*----:(schw_keym_unwrap_key-403):----Enter
11-23 15:44:58.337  1687  1687 D         : *AW-DBG*----:(schw_keym_unwrap_key-415):----keyBlobLength30
11-23 15:44:58.337  1687  1687 D         : *AW-DBG*----:(schw_keym_unwrap_key-433):----map_id:1
11-23 15:44:58.337  1687  1687 D         : *AW-DBG*----:(schw_keym_unwrap_key-438):----key type:6
11-23 15:44:58.337  1687  1687 D         : *AW-DBG*----:(schw_keym_unwrap_key-443):----key is_hardware flay:0xfaaf
11-23 15:44:58.337  1687  1687 D         : *AW-DBG*----:(schw_keym_unwrap_key-448):----publicLen:0
11-23 15:44:58.337  1687  1687 D         : *AW-DBG*----:(schw_keym_unwrap_key-463):----privateLen:1192
11-23 15:44:58.337  1687  1687 D         : *AW-DBG*----:(schw_keym_extract_key-244):----Enter
11-23 15:44:58.337  1687  1687 D         : *AW-DBG*----:(schw_secure_optctrl-87):----Enter
11-23 15:44:58.338  1687  1687 D         : *AW-DBG*----:(schw_secure_optctrl-102):----Exit:ret0
11-23 15:44:58.338  1687  1687 D         : *AW-DBG*----:(schw_keym_extract_key-265):----keySlotLength1222
11-23 15:44:58.338  1687  1687 D         : *AW-DBG*----:(schw_secure_optrev-66):----Enter
11-23 15:44:58.338  1687  1687 D         : *AW-DBG*----:(schw_secure_optrev-81):----Exit:ret1222
