11-23 15:44:58.338  1687  1687 D         : *AW-DBG*----:(schw_keym_extract_key-283):----key made by aw hw keymaster! 
11-23 15:44:58.338  1687  1687 D         : *AW-DBG*----:(schw_keym_extract_key-294):----Exit:ret0
11-23 15:44:58.338  1687  1687 D         : *AW-DBG*----:(schw_keym_unwrap_key-481):----Exit:ret0
11-23 15:44:58.338  1687  1687 D         : *AW-DBG*----:(schw_keym_get_keypair_public-1319):----Exit:ret0
11-23 15:44:58.338  1687  1687 D         : *AW-DBG*----:(AWSCHW_send_cmd-1426):----Exit:ret0
11-23 15:44:58.347  5880  8447 I ATVRemote.Server: Listening on 6466
11-23 15:44:58.358  2770  8236 D BluetoothManagerService: checkIfCallerIsForegroundUser: valid=true callingUser=0 parentUser=-10000 foregroundUser=0
11-23 15:44:58.359  5880  5880 V ATVRemote.BTService: Bluetooth Mac Address: 34:C3:D2:93:F8:7E
11-23 15:44:58.366  2770  7083 D BluetoothManagerService: checkIfCallerIsForegroundUser: valid=true callingUser=0 parentUser=-10000 foregroundUser=0
11-23 15:44:58.367  5880  5880 W BluetoothAdapter: getBluetoothService() called with no BluetoothManagerCallback
11-23 15:44:58.377  2770  2770 D BluetoothManagerService: Bluetooth Adapter name changed to fugu
11-23 15:44:58.377  2770  2770 D BluetoothManagerService: Stored Bluetooth name: fugu
11-23 15:44:58.377  4477  5011 D BluetoothAdapterProperties: Name is: fugu
11-23 15:44:58.379  5880  5880 I ATVRemote.BTService: Making discoverable on Bluetooth LE
11-23 15:44:58.381  4477  5011 D BluetoothAdapterProperties: Discoverable Timeout:120
11-23 15:44:58.382  4477  5011 D BluetoothAdapterProperties: Scan Mode:23
11-23 15:44:58.384  5880  5880 E BluetoothAdapter: Bluetooth LE advertising not supported
11-23 15:44:58.384  5880  5880 W ATVRemote.BTService: Cannot advertise on Bluetooth LE
11-23 15:44:58.437  5880  5880 I ATVRemote.DiscoveryService: onCreate
11-23 15:44:58.444  1698  2268 D MDnsDS  : Starting MDNSD
11-23 15:44:58.479  4477  4477 E bt_h5   : h5_timeout_handler
11-23 15:44:58.479  4477  5040 E bt_h5   : retransmitting (2) pkts, retransfer count(0)
11-23 15:44:58.479  4477  5040 E bt_h5   : 0x52
11-23 15:44:58.479  4477  5040 E bt_h5   : 0x0C
11-23 15:44:58.479  4477  5040 E bt_h5   : 0xF1
11-23 15:44:58.479  4477  5040 E bt_h5   : 0x01
11-23 15:44:58.479  4477  5040 E bt_h5   : 0x05
11-23 15:44:58.479  4477  5040 E bt_h5   : 0x09
11-23 15:44:58.479  4477  5040 E bt_h5   : 0x66
11-23 15:44:58.479  4477  5040 E bt_h5   : 0x75
11-23 15:44:58.479  4477  5040 E bt_h5   : 0x67
11-23 15:44:58.479  4477  5040 E bt_h5   : 0x75
11-23 15:44:58.479  4477  5040 E bt_h5   : 0x13
11-23 15:44:58.479  4477  5040 E bt_h5   : 0x03
11-23 15:44:58.479  4477  5040 E bt_h5   : 0x05
11-23 15:44:58.479  4477  5040 E bt_h5   : 0x11
11-23 15:44:58.479  4477  5040 E bt_h5   : 0x0A
11-23 15:44:58.479  4477  5040 E bt_h5   : 0x11
11-23 15:44:58.479  4477  5040 E bt_h5   : 0x13
11-23 15:44:58.479  4477  5040 E bt_h5   : 0x0C
11-23 15:44:58.479  4477  5040 E bt_h5   : 0xF8
11-23 15:44:58.479  4477  5040 E bt_h5   : 0x66
11-23 15:44:58.479  4477  5040 E bt_h5   : 0x75
11-23 15:44:58.479  4477  5040 E bt_h5   : 0x67
11-23 15:44:58.479  4477  5040 E bt_h5   : 0x75
11-23 15:44:58.479  4477  5040 E bt_h5   : 0x00
11-23 15:44:58.479  4477  5040 E bt_h5   : 0x00
11-23 15:44:58.479  4477  5040 E bt_h5   : 0x00
11-23 15:44:58.479  4477  5040 E bt_h5   : 0x00
11-23 15:44:58.479  4477  5040 E bt_h5   : 0x00
11-23 15:44:58.480  4477  5040 E bt_h5   : 0x00
11-23 15:44:58.480  4477  5040 E bt_h5   : 0x00
11-23 15:44:58.480  4477  5040 E bt_h5   : 0x00
11-23 15:44:58.480  4477  5040 E bt_h5   : 0x00
11-23 15:44:58.657  5880  8471 I ATVRemote.DiscoveryService: Constructing NSD service info
11-23 15:44:58.660  2770  6602 D BluetoothManagerService: checkIfCallerIsForegroundUser: valid=true callingUser=0 parentUser=-10000 foregroundUser=0
11-23 15:44:58.663  2770  3020 D BluetoothManagerService: Message: 20
11-23 15:44:58.664  2770  3020 D BluetoothManagerService: Added callback: android.bluetooth.IBluetoothManagerCallback$Stub$Proxy@2773551:true
11-23 15:44:58.666  5880  8471 I ATVRemote.DiscoveryService: TXT Record bt = 34:C3:D2:93:F8:7E
11-23 15:44:58.666  2770  7083 D BluetoothManagerService: checkIfCallerIsForegroundUser: valid=true callingUser=0 parentUser=-10000 foregroundUser=0
11-23 15:44:58.687  5880  8471 I ATVRemote.DiscoveryService: registering service
11-23 15:44:58.694  1698  2268 D MDnsDS  : serviceRegister(2, (null), fugu, _androidtvremote._tcp., (null), (null), 6466, 21, <binary>)
11-23 15:44:58.695  1698  2268 D MDnsDS  : startMonitoring 2
11-23 15:44:58.695  1698  2268 D MDnsDS  : triggering rescan
11-23 15:44:58.696  1698  2268 D MDnsDS  : serviceRegister successful
11-23 15:44:58.696  1698  2267 D MDnsDS  : Monitor poll got data pollCount = 1, 1
11-23 15:44:58.696  1698  2267 D MDnsDS  : controlSocket shows revent= 1
11-23 15:44:58.696  1698  2267 D MDnsDS  : MDnsSdListener::Monitor got 1
11-23 15:44:58.696  1698  2267 D MDnsDS  : MDnsSdListener::Monitor poll rescanning - size=10, live=1
11-23 15:44:58.696  1698  2267 D MDnsDS  : Going to poll with pollCount 2
11-23 15:44:58.816  5810  8113 I PhenotypeFlagCommitter: Experiment Configs successfully retrieved for com.google.android.location
11-23 15:44:58.952  8203  8290 I PhenotypeFlagCommitter: Experiment Configs successfully retrieved for com.google.android.gms.people.ui
11-23 15:44:59.053  2770  2789 I ActivityManager: Start proc 8501:com.google.android.youtube.tv/u0a55 for broadcast com.google.android.youtube.tv/com.google.android.apps.youtube.tv.activity.RecommendationService$BootReceiver
11-23 15:44:59.432  8501  8501 W System  : ClassLoader referenced unknown path: /system/app/YouTubeLeanback/lib/arm
11-23 15:44:59.483  6527  7094 E chromium: [6527:7094:ERROR:client_auth_signer.cc(191)] Cast certificate is not valid.
11-23 15:44:59.483  6527  7163 W chromium: [6527:7163:WARNING:client_auth_signer.cc(112)] No private key, hence empty signature.
11-23 15:44:59.758  1698  2267 D MDnsDS  : Monitor poll got data pollCount = 2, 1
11-23 15:44:59.758  1698  2267 D MDnsDS  : Monitor found [1].revents = 1 - calling ProcessResults
11-23 15:44:59.758  1698  2267 D MDnsDS  : register succeeded for 2 as fugu
11-23 15:44:59.758  1698  2267 D MDnsDS  : controlSocket shows revent= 0
11-23 15:44:59.758  1698  2267 D MDnsDS  : Going to poll with pollCount 2
11-23 15:44:59.762  5880  8455 I ATVRemote.DiscoveryService: registration success: name: fugu, type: null, host: null, port: 0, txtRecord: 
11-23 15:45:00.096  8501  8576 W System  : ClassLoader referenced unknown path: /system/priv-app/PrebuiltGmsCorePano/lib/arm
11-23 15:45:00.112  8501  8576 W System  : ClassLoader referenced unknown path: /system/priv-app/PrebuiltGmsCorePano/lib/arm
11-23 15:45:00.113  8501  8576 W System  : ClassLoader referenced unknown path: /system/priv-app/PrebuiltGmsCorePano/lib/arm
11-23 15:45:00.116  8501  8576 W linker  : /data/data/com.google.android.gms/app_extracted_libs/armeabi-v7a/libgmscore.so: unused DT entry: type 0x7ffffffd arg 0x79f
11-23 15:45:00.116  8501  8576 W linker  : /data/data/com.google.android.gms/app_extracted_libs/armeabi-v7a/libgmscore.so: is missing DT_SONAME will use basename as a replacement: "libgmscore.so"
11-23 15:45:00.121  8501  8576 W System  : ClassLoader referenced unknown path: /system/priv-app/PrebuiltGmsCorePano/lib/arm
11-23 15:45:00.123  8501  8576 W System  : ClassLoader referenced unknown path: /system/priv-app/PrebuiltGmsCorePano/lib/arm
11-23 15:45:00.125  8501  8576 W linker  : /data/data/com.google.android.gms/app_extracted_libs/armeabi-v7a/libconscrypt_gmscore_jni.so: unused DT entry: type 0x7ffffffd arg 0x1c1
11-23 15:45:00.125  8501  8576 W linker  : /data/data/com.google.android.gms/app_extracted_libs/armeabi-v7a/libconscrypt_gmscore_jni.so: is missing DT_SONAME will use basename as a replacement: "libconscrypt_gmscore_jni.so"
11-23 15:45:00.126  8501  8576 V JNIHelp : Registering com/google/android/gms/org/conscrypt/NativeCrypto's 235 native methods...
11-23 15:45:00.151  8501  8576 D NetworkSecurityConfig: No Network Security Config specified, using platform default
11-23 15:45:00.153  8501  8576 I ProviderInstaller: Installed default security provider GmsCore_OpenSSL
11-23 15:45:00.320  4477  5199 V Avrcp   : Active sessions changed, 0 sessions
11-23 15:45:00.335  8501  8501 W InstanceID/Rpc: Found 10013
11-23 15:45:00.371  2770  2789 I ActivityManager: Start proc 8617:com.google.android.talk/u0a64 for broadcast com.google.android.talk/com.google.android.apps.hangouts.service.broadcastreceiver.BootReceiver
11-23 15:45:00.507  6527  7094 E chromium: [6527:7094:ERROR:client_auth_signer.cc(191)] Cast certificate is not valid.
11-23 15:45:00.508  6527  7163 W chromium: [6527:7163:WARNING:client_auth_signer.cc(112)] No private key, hence empty signature.
11-23 15:45:01.115  8617  8700 I Babel_SMS: MmsConfig: mnc/mcc: 0/0
11-23 15:45:01.115  8617  8700 I Babel_SMS: MmsConfig.loadMmsSettings
11-23 15:45:01.117  8617  8700 I Babel_SMS: MmsConfig.loadDeviceMmsSettings from API: mUserAgent=, mUaProfUrl=
11-23 15:45:01.117  8617  8700 I Babel_SMS: MmsConfig.loadFromDatabase
11-23 15:45:01.141  8617  8628 W art     : Suspending all threads took: 23.239ms
11-23 15:45:01.157  8617  8700 E Babel_SMS: canonicalizeMccMnc: invalid mccmnc 
11-23 15:45:01.157  8617  8700 I Babel_SMS: MmsConfig.loadFromResources
11-23 15:45:01.158  8617  8700 E Babel_SMS: canonicalizeMccMnc: invalid mccmnc nullnull
11-23 15:45:01.158  8617  8617 I Babel_Prime: wrapCrashReportingIntoUncaughtExceptionHandler
11-23 15:45:01.160  8617  8617 I Babel_App: Startup - clean
11-23 15:45:01.161  8617  8700 I Babel_SMS: MmsConfig.loadMmsSettings: mUserAgent=Hangouts/14.0.136618992, mUaProfUrl=https://ssl.gstatic.com/android/hangouts/hangouts_mms_ua_profile.xml
11-23 15:45:01.165  8617  8706 I Babel_Prime: isMemoryEnabled=false
11-23 15:45:01.166  8617  8706 I Babel_Prime: isTimerEnabled=false
11-23 15:45:01.166  8617  8706 I Babel_Prime: isCrashCounterEnabled=true
11-23 15:45:01.167  8617  8706 I Babel_Prime: primesPackageConfigurationsProvider=false
11-23 15:45:01.201  8617  8617 I Babel_Prime: startMemoryMonitor
11-23 15:45:01.269  8617  8617 W Babel   : On boot, found 1 ready accounts
11-23 15:45:01.269  8617  8617 I Babel   : babel boot account: Redacted-20-chars
11-23 15:45:01.295  2770  4889 I ActivityManager: Start proc 8721:com.skype.raider/u0a62 for broadcast com.skype.raider/com.skype.android.push.RegisterReceiver
11-23 15:45:01.324  8617  8617 I Babel_ConcService: Binding ConcurrentService
11-23 15:45:01.436  8617  8748 I Babel_ConcService: Acquired partial wake lock to keep ConcurrentService alive
11-23 15:45:01.516  8617  8749 W System  : ClassLoader referenced unknown path: /system/priv-app/PrebuiltGmsCorePano/lib/arm64
11-23 15:45:01.532  8617  8749 W System  : ClassLoader referenced unknown path: /system/priv-app/PrebuiltGmsCorePano/lib/arm64
11-23 15:45:01.533  8617  8749 W System  : ClassLoader referenced unknown path: /system/priv-app/PrebuiltGmsCorePano/lib/arm64
11-23 15:45:01.535  8617  8749 W linker  : /data/data/com.google.android.gms/app_extracted_libs/arm64-v8a/libgmscore.so: unused DT entry: type 0x7ffffffd arg 0x885
11-23 15:45:01.540  8617  8749 W System  : ClassLoader referenced unknown path: /system/priv-app/PrebuiltGmsCorePano/lib/arm64
11-23 15:45:01.542  8617  8749 W System  : ClassLoader referenced unknown path: /system/priv-app/PrebuiltGmsCorePano/lib/arm64
11-23 15:45:01.547  8617  8749 W linker  : /data/data/com.google.android.gms/app_extracted_libs/arm64-v8a/libconscrypt_gmscore_jni.so: unused DT entry: type 0x7ffffffd arg 0x15f
11-23 15:45:01.548  8617  8749 W linker  : /system/priv-app/PrebuiltGmsCorePano/PrebuiltGmsCorePano.apk!/lib/arm64-v8a/libgmscore.so: unused DT entry: type 0x7ffffffd arg 0x885
11-23 15:45:01.549  8617  8749 V JNIHelp : Registering com/google/android/gms/org/conscrypt/NativeCrypto's 235 native methods...
11-23 15:45:01.569  8617  8749 D NetworkSecurityConfig: No Network Security Config specified, using platform default
11-23 15:45:01.571  8617  8749 I ProviderInstaller: Installed default security provider GmsCore_OpenSSL
11-23 15:45:01.713  8617  8749 I Babel   : connection state changed from UNKNOWN to CONNECTED
11-23 15:45:01.756  8721  8721 I SkypePerf: startup start
11-23 15:45:02.024  8721  8721 W linker  : library "libutils.so" ("/system/lib/libutils.so") needed or dlopened by "/data/app/com.skype.raider-1/lib/arm/libSkyLib-Version-2016-09-01-77.so" is not accessible for the namespace "classloader-namespace" - the access is temporarily granted as a workaround for http://b/26394120, note that the access will be removed in future releases of Android.
11-23 15:45:02.025  8721  8721 W linker  : library "libmedia.so" ("/system/lib/libmedia.so") needed or dlopened by "/data/app/com.skype.raider-1/lib/arm/libSkyLib-Version-2016-09-01-77.so" is not accessible for the namespace "classloader-namespace" - the access is temporarily granted as a workaround for http://b/26394120, note that the access will be removed in future releases of Android.
11-23 15:45:02.026  8721  8721 W linker  : library "libbinder.so" ("/system/lib/libbinder.so") needed or dlopened by "/data/app/com.skype.raider-1/lib/arm/libSkyLib-Version-2016-09-01-77.so" is not accessible for the namespace "classloader-namespace" - the access is temporarily granted as a workaround for http://b/26394120, note that the access will be removed in future releases of Android.
11-23 15:45:02.041  6527  7094 E chromium: [6527:7094:ERROR:client_auth_signer.cc(191)] Cast certificate is not valid.
11-23 15:45:02.042  6527  7163 W chromium: [6527:7163:WARNING:client_auth_signer.cc(112)] No private key, hence empty signature.
11-23 15:45:02.109  8617  8737 W Babel_ConcService: Requested work for fmtaccount_reg_renewal_102529_2 but the TaskSet contained no waiting tasks for its tag
11-23 15:45:02.111  8617  8748 W art     : Long monitor contention with owner Hangouts Concurrent Service Scheduler Thread 0 (8737) at boolean bgf.a(bff)(SourceFile:203) waiters=0 in bff bgf.b(java.lang.String) for 651ms
11-23 15:45:02.114  8617  8751 W art     : Long monitor contention with owner Hangouts Concurrent Service Scheduler Thread 0 (8737) at boolean bgf.a(bff)(SourceFile:203) waiters=1 in bff bgf.b(java.lang.String) for 654ms
11-23 15:45:02.147  8617  8740 W VideoCapabilities: Unsupported mime video/jpeg
11-23 15:45:02.149  8617  8740 W VideoCapabilities: Unsupported mime video/mpeg1
11-23 15:45:02.164  8617  8740 W VideoCapabilities: Unrecognized profile/level 1/32 for video/mp4v-es
11-23 15:45:02.164  8617  8740 W VideoCapabilities: Unrecognized profile/level 32768/2 for video/mp4v-es
11-23 15:45:02.174  8617  8740 W VideoCapabilities: Unsupported mime video/x-vnd.on2.vp6
11-23 15:45:02.180  8617  8740 W VideoCapabilities: Unsupported mime video/wvc1
11-23 15:45:02.187  8617  8740 W VideoCapabilities: Unsupported mime video/x-ms-mpeg4v1
11-23 15:45:02.195  8617  8740 W VideoCapabilities: Unsupported mime video/x-ms-mpeg4v2
11-23 15:45:02.197  8617  8740 W VideoCapabilities: Unsupported mime video/divx
11-23 15:45:02.202  8617  8740 W VideoCapabilities: Unsupported mime video/xvid
11-23 15:45:02.205  8617  8740 W VideoCapabilities: Unsupported mime video/flv1
11-23 15:45:02.208  8617  8740 W VideoCapabilities: Unsupported mime video/rvg2
11-23 15:45:02.210  8617  8740 W VideoCapabilities: Unsupported mime video/wmv1
11-23 15:45:02.213  8617  8740 W VideoCapabilities: Unsupported mime video/wmv2
11-23 15:45:02.240  8617  8740 I VideoCapabilities: Unsupported profile 4 for video/mp4v-es
11-23 15:45:02.265  8617  8740 W vclib   : No microphone available for hangout calls
11-23 15:45:02.277  8617  8751 I Babel_ConcService: Released partial wake lock as ConcurrentService became idle
11-23 15:45:02.278  8617  8747 I Babel_ConcService: Acquired partial wake lock to keep ConcurrentService alive
11-23 15:45:02.279  8617  8747 I Babel_ConcService: Released partial wake lock as ConcurrentService became idle
11-23 15:45:02.295  8617  8748 I Babel_ConcService: Acquired partial wake lock to keep ConcurrentService alive
11-23 15:45:02.299  8617  8748 I Babel_ConcService: Released partial wake lock as ConcurrentService became idle
11-23 15:45:02.300  8721  8721 V skype_jni: jni_CallDevice::jni_CallDevice()
11-23 15:45:02.300  8721  8721 V skype_jni: jni_CallDevice::Init()
11-23 15:45:02.300  8721  8721 E skype_jni: g_jniCallback == 0
11-23 15:45:02.300  8721  8721 E skype_jni: g_pcmInit == 0
11-23 15:45:02.326  8721  8721 I om.skype.raider: type=1400 audit(0.0:58): avc: denied { read } for name="core_id" dev="sysfs" ino=13501 scontext=u:r:untrusted_app:s0:c512,c768 tcontext=u:object_r:sysfs:s0 tclass=file permissive=1
11-23 15:45:02.326  8721  8721 I om.skype.raider: type=1400 audit(0.0:59): avc: denied { open } for path="/sys/devices/system/cpu/cpu1/topology/core_id" dev="sysfs" ino=13501 scontext=u:r:untrusted_app:s0:c512,c768 tcontext=u:object_r:sysfs:s0 tclass=file permissive=1
11-23 15:45:02.419  8721  8721 V skype_jni: JNI Init
11-23 15:45:02.419  8721  8721 V skype_jni: jniSetup
11-23 15:45:02.419  8721  8721 V skype_jni: jniSetup_HwOffload
11-23 15:45:02.460  1679  2365 E HALCameraFactory: Obtain calling process failed
11-23 15:45:02.676  1679  1679 E HALCameraFactory: Obtain calling process failed
11-23 15:45:02.679  1679  2365 E HALCameraFactory: Obtain calling process failed
11-23 15:45:02.881  2770  2836 I ActivityManager: Waited long enough for: ServiceRecord{59b84b2 u0 com.android.tv.settings/.users.UserSwitchListenerService}
11-23 15:45:02.885  8721  8874 D NetworkSecurityConfig: No Network Security Config specified, using platform default
11-23 15:45:03.097  2770  2788 W BroadcastQueue: Permission Denial: receiving Intent { act=android.intent.action.BOOT_COMPLETED flg=0x9000010 (has extras) } to com.ttxapps.wifiadb/.BootCompleted requires android.permission.RECEIVE_BOOT_COMPLETED due to sender null (uid 1000)
11-23 15:45:03.390  6527  6527 D RecommendationsService: onReceive: Intent { act=com.google.android.apps.mediashell.ACTION_RECOMMEND flg=0x14 (has extras) }
11-23 15:45:03.514  5810  6419 W ContentTaskController: Invalid newTask was provided to startTracking.
11-23 15:45:03.778  5810  6419 W ContentTaskController: Invalid newTask was provided to startTracking.
11-23 15:45:03.942  6504  6504 I CmaSystemUpdateService: receiver: Intent { act=com.google.android.gms.update.BOOT_START_SERVICE flg=0x10 pkg=com.google.android.gms cmp=com.google.android.gms/.update.SystemUpdateServiceReceiver }
11-23 15:45:03.944  6504  6504 I CmaSystemUpdateService: receiver: Intent { act=com.google.android.gms.update.BOOT_START_SERVICE flg=0x10 pkg=com.google.android.gms cmp=com.google.android.gms/.update.SystemUpdateServiceReceiver }
11-23 15:45:04.269  5810  6419 W ContentTaskController: Invalid newTask was provided to startTracking.
11-23 15:45:04.314  5810  6419 W ContentTaskController: Invalid newTask was provided to startTracking.
11-23 15:45:04.315  5810  6419 W ContentTaskController: Invalid newTask was provided to startTracking.
11-23 15:45:04.590  2770  2789 W art     : Long monitor contention with owner PackageManager (3051) at void com.android.server.pm.PackageManagerService$PackageHandler.doHandleMessage(android.os.Message)(PackageManagerService.java:1666) waiters=0 in int com.android.server.pm.PackageManagerService.checkUidPermission(java.lang.String, int) for 277ms
11-23 15:45:04.591  2770  8236 W art     : Long monitor contention with owner PackageManager (3051) at void com.android.server.pm.PackageManagerService$PackageHandler.doHandleMessage(android.os.Message)(PackageManagerService.java:1666) waiters=1 in int com.android.server.pm.PackageManagerService.checkPermission(java.lang.String, java.lang.String, int) for 276ms
11-23 15:45:04.592  2770  7085 W art     : Long monitor contention with owner PackageManager (3051) at void com.android.server.pm.PackageManagerService$PackageHandler.doHandleMessage(android.os.Message)(PackageManagerService.java:1666) waiters=2 in int com.android.server.pm.PackageManagerService.getPackageUid(java.lang.String, int, int) for 262ms
11-23 15:45:04.592  2770  2788 W art     : Long monitor contention with owner PackageManager (3051) at void com.android.server.pm.PackageManagerService$PackageHandler.doHandleMessage(android.os.Message)(PackageManagerService.java:1666) waiters=3 in android.content.pm.PackageInfo com.android.server.pm.PackageManagerService.getPackageInfo(java.lang.String, int, int) for 244ms
11-23 15:45:04.643  2770  4170 I InputReader: Reconfiguring input devices.  changes=0x00000010
11-23 15:45:04.791  2770  2835 W Searchables: No web search activity found
11-23 15:45:04.858  2770  2770 D TvRemoteService: provider: com.android.server.tv.TvRemoteProviderProxy@6f67962
11-23 15:45:04.910  6504  6504 I CmaSystemUpdateService: connectivity change: Intent { act=android.net.conn.CONNECTIVITY_CHANGE flg=0x4000010 (has extras) }
11-23 15:45:04.910  6504  6504 I CmaSystemUpdateService: receiver: Intent { act=android.net.conn.CONNECTIVITY_CHANGE flg=0x4000010 (has extras) }
11-23 15:45:04.979  5810  5810 I GCoreNlp: shouldConfirmNlp, NLP off. Ensuring opt-in disabled
11-23 15:45:05.015  8721  9015 I LYNC PAL: JNI_Pal_Init_Base: vm 0xf47320c0 loader 0x1007f6 loadMethod 0x700445f8
11-23 15:45:05.019  8721  9015 I LYNC PAL: JNI_Pal_Init: vm 0xf47320c0 loader 0x1007f6 loadMethod 0x700445f8 GetEnv 0
11-23 15:45:05.019  8721  9015 I LYNC PAL: findClass com/microsoft/media/RtcPalConfig loader 0x1007f6
11-23 15:45:05.045  8721  9015 I LYNC PAL: findClass com/microsoft/media/RtcPalEnvironment loader 0x1007f6
11-23 15:45:05.046  8721  9015 I LYNC PAL: findClass com/microsoft/media/NetworkPal loader 0x1007f6
11-23 15:45:05.046  8721  9015 I LYNC PAL: findClass com/microsoft/media/ifaddrs loader 0x1007f6
11-23 15:45:05.046  8721  9015 I LYNC PAL: findClass com/microsoft/media/MMVRSurfaceView loader 0x1007f6
11-23 15:45:05.048  8721  9015 I LYNC PAL: findClass com/microsoft/media/MMVRSurfaceView loader 0x1007f6
11-23 15:45:05.049  8721  9015 I LYNC PAL: findClass com/microsoft/media/NTLMEngineImpl loader 0x1007f6
11-23 15:45:05.049  8721  9015 I LYNC PAL: findClass com/microsoft/media/RtcPalEnvironment loader 0x1007f6
11-23 15:45:05.050  8721  9015 I LYNC PAL: JNI_Pal_Init: got init java class 0x200011
11-23 15:45:05.050  8721  9015 I LYNC PAL: JNI_Pal_Init: got init java class method 0xf32c5f18
11-23 15:45:05.062  2770  2779 I art     : Background partial concurrent mark sweep GC freed 52641(3MB) AllocSpace objects, 39(1188KB) LOS objects, 33% free, 9MB/14MB, paused 13.064ms total 394.252ms
11-23 15:45:05.156  9015  9015 I Thread-4: type=1400 audit(0.0:60): avc: denied { read } for name="core_id" dev="sysfs" ino=5720 scontext=u:r:untrusted_app:s0:c512,c768 tcontext=u:object_r:sysfs:s0 tclass=file permissive=1
11-23 15:45:05.156  9015  9015 I Thread-4: type=1400 audit(0.0:61): avc: denied { open } for path="/sys/devices/system/cpu/cpu1/topology/core_id" dev="sysfs" ino=5720 scontext=u:r:untrusted_app:s0:c512,c768 tcontext=u:object_r:sysfs:s0 tclass=file permissive=1
11-23 15:45:05.158  2770  4886 W BackupManagerService: dataChanged but no participant pkg='com.skype.raider' uid=10062
11-23 15:45:05.218  2770  2789 W AccountManagerService: insertAccountIntoDatabase: Account {name=xxx, type=com.skype.contacts.sync}, skipping since the account already exists
11-23 15:45:05.248  2770  3020 D BluetoothManagerService: Message: 20
11-23 15:45:05.250  2770  3020 D BluetoothManagerService: Added callback: android.bluetooth.IBluetoothManagerCallback$Stub$Proxy@704af5b:true
11-23 15:45:05.336  2770  3020 D BluetoothManagerService: Message: 30
11-23 15:45:05.354  2770  3020 D BluetoothManagerService: Message: 30
11-23 15:45:05.360  6504  9044 W art     : Long monitor contention with owner [aww] processing com.google.android.gms.security.snet.SnetGcmSchedulerChimeraIntentService for action com.google.android.gms.security.snet.ACTION_SET_PERIOD (9041) at boolean android.os.BinderProxy.transactNative(int, android.os.Parcel, android.os.Parcel, int)(Binder.java:-2) waiters=0 in void com.google.android.chimera.container.IntentOperationService$HandleActionTask$IntentHandler$IntentOperationRunner.run() for 334ms
11-23 15:45:05.389  8721  8721 D BluetoothA2dp: Proxy object connected
11-23 15:45:05.411  1679  2365 E HALCameraFactory: Obtain calling process failed
11-23 15:45:05.449  2770  3020 D BluetoothManagerService: Message: 400
11-23 15:45:05.457  8721  8734 D BluetoothHeadset: Proxy object connected
11-23 15:45:05.467  2770  3020 D BluetoothManagerService: Message: 31
11-23 15:45:05.591  2770  3020 D BluetoothManagerService: Message: 31
11-23 15:45:05.592  8721  8721 D BluetoothHeadset: Proxy object disconnected
11-23 15:45:05.631  6504  9020 I SystemUpdateTask: cancelUpdate (empty URL)
11-23 15:45:05.631  6504  9020 I CmaSystemUpdateService: active receiver: disabled
11-23 15:45:06.030  5810  5829 I art     : Background sticky concurrent mark sweep GC freed 31662(2MB) AllocSpace objects, 5(100KB) LOS objects, 35% free, 5MB/9MB, paused 12.770ms total 110.556ms
11-23 15:45:06.096  8721  8823 I System.out: There is callback from service
11-23 15:45:06.140  5810  8934 W ContentTaskController: Invalid newTask was provided to startTracking.
11-23 15:45:06.808  9114  9114 E uncrypt : failed to clear bootloader message: failed to find /misc partition
11-23 15:45:06.808  9114  9114 I uncrypt :   received 0, exiting now
11-23 15:45:06.808  2770  8236 E RecoverySystemService: uncrypt failed with status: -1
11-23 15:45:06.818  6504  9020 E SystemUpdateService: Failed to call RecoverySystem.cancelScheduledUpdate
11-23 15:45:06.818  6504  9020 E SystemUpdateService: java.lang.reflect.InvocationTargetException
11-23 15:45:06.818  6504  9020 E SystemUpdateService: 	at java.lang.reflect.Method.invoke(Native Method)
11-23 15:45:06.818  6504  9020 E SystemUpdateService: 	at qoi.c(:com.google.android.gms:134)
11-23 15:45:06.818  6504  9020 E SystemUpdateService: 	at wwn.d(:com.google.android.gms:193)
11-23 15:45:06.818  6504  9020 E SystemUpdateService: 	at wwn.p(:com.google.android.gms:2128)
11-23 15:45:06.818  6504  9020 E SystemUpdateService: 	at wwn.a(:com.google.android.gms:444)
11-23 15:45:06.818  6504  9020 E SystemUpdateService: 	at wwn.doInBackground(:com.google.android.gms:44163)
11-23 15:45:06.818  6504  9020 E SystemUpdateService: 	at android.os.AsyncTask$2.call(AsyncTask.java:304)
11-23 15:45:06.818  6504  9020 E SystemUpdateService: 	at java.util.concurrent.FutureTask.run(FutureTask.java:237)
11-23 15:45:06.818  6504  9020 E SystemUpdateService: 	at java.lang.Thread.run(Thread.java:761)
11-23 15:45:06.818  6504  9020 E SystemUpdateService: Caused by: java.io.IOException: cancel scheduled update failed
11-23 15:45:06.818  6504  9020 E SystemUpdateService: 	at android.os.RecoverySystem.cancelScheduledUpdate(RecoverySystem.java:555)
11-23 15:45:06.818  6504  9020 E SystemUpdateService: 	... 9 more
11-23 15:45:06.819  6504  9020 E SystemUpdateTask: exception trying to cancel scheduled update
11-23 15:45:06.819  6504  9020 E SystemUpdateTask: java.io.IOException: Failed to invoke RecoverySystem.cancelScheduledUpdate
11-23 15:45:06.819  6504  9020 E SystemUpdateTask: 	at qoi.c(:com.google.android.gms:140)
11-23 15:45:06.819  6504  9020 E SystemUpdateTask: 	at wwn.d(:com.google.android.gms:193)
11-23 15:45:06.819  6504  9020 E SystemUpdateTask: 	at wwn.p(:com.google.android.gms:2128)
11-23 15:45:06.819  6504  9020 E SystemUpdateTask: 	at wwn.a(:com.google.android.gms:444)
11-23 15:45:06.819  6504  9020 E SystemUpdateTask: 	at wwn.doInBackground(:com.google.android.gms:44163)
11-23 15:45:06.819  6504  9020 E SystemUpdateTask: 	at android.os.AsyncTask$2.call(AsyncTask.java:304)
11-23 15:45:06.819  6504  9020 E SystemUpdateTask: 	at java.util.concurrent.FutureTask.run(FutureTask.java:237)
11-23 15:45:06.819  6504  9020 E SystemUpdateTask: 	at java.lang.Thread.run(Thread.java:761)
11-23 15:45:07.362  6504  9219 I SystemUpdateTask: cancelUpdate (empty URL)
11-23 15:45:07.362  6504  9219 I CmaSystemUpdateService: active receiver: disabled
11-23 15:45:08.366  9222  9222 E uncrypt : failed to clear bootloader message: failed to find /misc partition
11-23 15:45:08.367  9222  9222 I uncrypt :   received 0, exiting now
11-23 15:45:08.367  2770  8236 E RecoverySystemService: uncrypt failed with status: -1
11-23 15:45:08.368  6504  9219 E SystemUpdateService: Failed to call RecoverySystem.cancelScheduledUpdate
11-23 15:45:08.368  6504  9219 E SystemUpdateService: java.lang.reflect.InvocationTargetException
11-23 15:45:08.368  6504  9219 E SystemUpdateService: 	at java.lang.reflect.Method.invoke(Native Method)
11-23 15:45:08.368  6504  9219 E SystemUpdateService: 	at qoi.c(:com.google.android.gms:134)
11-23 15:45:08.368  6504  9219 E SystemUpdateService: 	at wwn.d(:com.google.android.gms:193)
11-23 15:45:08.368  6504  9219 E SystemUpdateService: 	at wwn.p(:com.google.android.gms:2128)
11-23 15:45:08.368  6504  9219 E SystemUpdateService: 	at wwn.a(:com.google.android.gms:444)
11-23 15:45:08.368  6504  9219 E SystemUpdateService: 	at wwn.doInBackground(:com.google.android.gms:44163)
11-23 15:45:08.368  6504  9219 E SystemUpdateService: 	at android.os.AsyncTask$2.call(AsyncTask.java:304)
11-23 15:45:08.368  6504  9219 E SystemUpdateService: 	at java.util.concurrent.FutureTask.run(FutureTask.java:237)
11-23 15:45:08.368  6504  9219 E SystemUpdateService: 	at java.lang.Thread.run(Thread.java:761)
11-23 15:45:08.368  6504  9219 E SystemUpdateService: Caused by: java.io.IOException: cancel scheduled update failed
11-23 15:45:08.368  6504  9219 E SystemUpdateService: 	at android.os.RecoverySystem.cancelScheduledUpdate(RecoverySystem.java:555)
11-23 15:45:08.368  6504  9219 E SystemUpdateService: 	... 9 more
11-23 15:45:08.369  6504  9219 E SystemUpdateTask: exception trying to cancel scheduled update
11-23 15:45:08.369  6504  9219 E SystemUpdateTask: java.io.IOException: Failed to invoke RecoverySystem.cancelScheduledUpdate
11-23 15:45:08.369  6504  9219 E SystemUpdateTask: 	at qoi.c(:com.google.android.gms:140)
11-23 15:45:08.369  6504  9219 E SystemUpdateTask: 	at wwn.d(:com.google.android.gms:193)
11-23 15:45:08.369  6504  9219 E SystemUpdateTask: 	at wwn.p(:com.google.android.gms:2128)
11-23 15:45:08.369  6504  9219 E SystemUpdateTask: 	at wwn.a(:com.google.android.gms:444)
11-23 15:45:08.369  6504  9219 E SystemUpdateTask: 	at wwn.doInBackground(:com.google.android.gms:44163)
11-23 15:45:08.369  6504  9219 E SystemUpdateTask: 	at android.os.AsyncTask$2.call(AsyncTask.java:304)
11-23 15:45:08.369  6504  9219 E SystemUpdateTask: 	at java.util.concurrent.FutureTask.run(FutureTask.java:237)
11-23 15:45:08.369  6504  9219 E SystemUpdateTask: 	at java.lang.Thread.run(Thread.java:761)
11-23 15:45:09.661  8721  9031 I System.out: There is callback from service
11-23 15:45:09.791  8721  9217 I System.out: There is callback from service
11-23 15:45:10.180  2770  2836 I ActivityManager: Waited long enough for: ServiceRecord{ffab1da u0 com.google.android.tv/.dvr.DvrRecordingService}
11-23 15:45:10.194  2770  2836 I ActivityManager: Waited long enough for: ServiceRecord{88a560b u0 com.google.android.tv/.recommendation.NotificationService}
11-23 15:45:11.395  5810  8934 W ContentTaskController: Invalid newTask was provided to startTracking.
11-23 15:45:11.456  9473  9473 I ls      : type=1400 audit(0.0:62): avc: denied { getattr } for path="/dev/video0" dev="tmpfs" ino=9153 scontext=u:r:shell:s0 tcontext=u:object_r:video_device:s0 tclass=chr_file permissive=1
11-23 15:45:11.842  5810  8934 W ContentTaskController: Invalid newTask was provided to startTracking.
11-23 15:45:11.913  5810  8934 W ContentTaskController: Invalid newTask was provided to startTracking.
11-23 15:45:12.104  5810  8934 W ContentTaskController: Invalid newTask was provided to startTracking.
11-23 15:45:12.266  5810  8934 W ContentTaskController: Invalid newTask was provided to startTracking.
11-23 15:45:12.609  2770  4886 I ActivityManager: Killing 6017:com.google.android.atv.customization/u0a1 (adj 906): empty #17
11-23 15:45:12.971  5810  8934 W ContentTaskController: Invalid newTask was provided to startTracking.
11-23 15:45:13.027  6504  7968 I CheckinService: Done disabling old GoogleServicesFramework version
11-23 15:45:13.659  5810  8934 W ContentTaskController: Invalid newTask was provided to startTracking.
11-23 15:45:14.345  5810  8934 W ContentTaskController: Invalid newTask was provided to startTracking.
11-23 15:45:16.086  8617  8695 W Babel   : bas TOOK TOO LONG! (15000ms > 10000ms)
11-23 15:45:16.203  8617  8712 W Babel   : bas TOOK TOO LONG! (15000ms > 10000ms)
11-23 15:45:18.726  2770  4144 I ActivityManager: Killing 7275:eu.chainfire.supersu/u0a53 (adj 906): empty #17
11-23 15:45:18.726  2770  4144 I ActivityManager: Killing 7142:com.google.android.atv.widget/u0a28 (adj 906): empty #18
11-23 15:45:18.780  7302  9929 E PopupManager: No content view usable to display popups. Popups will not be displayed in response to this client's calls. Use setViewForPopups() to set your content view.
11-23 15:45:18.816  6504  6519 W GamesServiceBroker: Client connected with SDK 8487000, Services 10084846, and Games 39080846
11-23 15:45:18.859  6881  6881 I Finsky  : [1] com.google.android.finsky.services.DailyHygiene$DailyHygieneService.onStartCommand(2319): Beginning daily hygiene, foreground = false
11-23 15:45:18.862  6881  6881 I Finsky  : [1] com.google.android.finsky.services.DailyHygiene.a(381): Probe [GmceZE_qw2hix_2zLW0VgdxGk3Y] for daily hygiene pass
11-23 15:45:18.909  2770  2770 W art     : Long monitor contention with owner AlarmManager (4144) at void com.android.server.AlarmManagerService$AlarmThread.run()(AlarmManagerService.java:2491) waiters=0 in void com.android.server.AlarmManagerService$DeliveryTracker.onSendFinished(android.app.PendingIntent, android.content.Intent, int, java.lang.String, android.os.Bundle) for 152ms
11-23 15:45:19.305  6504  9965 W GamesServiceBroker: Client connected with SDK 8487000, Services 10084846, and Games 39080846
11-23 15:45:19.321  6504  9959 W GamesServiceBroker: Client connected with SDK 8487000, Services 10084846, and Games 39080846
11-23 15:45:19.358  6504  9965 W GamesServiceBroker: Client connected with SDK 8487000, Services 10084846, and Games 39080846
11-23 15:45:19.373  6504  9945 V AccountUtils: 0 accounts found with uca feature
11-23 15:45:19.389  6504  9945 W DataBroker: No player ID found when refreshing
11-23 15:45:19.396  6504  9965 W GamesServiceBroker: Client connected with SDK 8487000, Services 10084846, and Games 39080846
11-23 15:45:19.413  6504  9965 W GamesServiceBroker: Client connected with SDK 8487000, Services 10084846, and Games 39080846
11-23 15:45:19.425  7302  9929 W GamesRecommendationsService: onHandleIntent: googleApiClient fail to connect; bailing out...
11-23 15:45:19.664  6881  6996 D NetworkSecurityConfig: No Network Security Config specified, using platform default
11-23 15:45:19.965  6881  6894 W art     : Suspending all threads took: 5.672ms
11-23 15:45:20.508  6881  6881 I Finsky  : [1] com.google.android.finsky.selfupdate.c.a(130): Skipping DFE self-update. Local Version [80711668] >= Server Version [-1]
11-23 15:45:20.532  2770  2789 W ActivityManager: Unable to start service Intent { act=com.google.android.gms.car.service.START pkg=com.google.android.gms } U=0: not found
11-23 15:45:20.543  2770  7085 W ActivityManager: Unbind failed: could not find connection for android.os.BinderProxy@80d8af4
11-23 15:45:20.544  6881 10048 E GmsClient: unable to connect to service: com.google.android.gms.car.service.START on com.google.android.gms
11-23 15:45:20.546  6881  6881 W Finsky  : [1] com.google.android.finsky.i.d.a(132): Could not connect to GMS for Auto connection state: ConnectionResult{statusCode=API_UNAVAILABLE, resolution=null, message=null}
11-23 15:45:21.189  6881  6881 I Finsky  : [1] com.google.android.finsky.services.DailyHygiene.c(756): Logging device features
11-23 15:45:21.221  2770  7083 W ActivityManager: Unable to start service Intent { act=com.google.android.gms.deviceconnection.service.START pkg=com.google.android.gms } U=0: not found
11-23 15:45:21.231  2770  4792 W ActivityManager: Unbind failed: could not find connection for android.os.BinderProxy@dca9045
11-23 15:45:21.231  6881 10087 E GmsClient: unable to connect to service: com.google.android.gms.deviceconnection.service.START on com.google.android.gms
11-23 15:45:21.240  6881  6881 I Finsky  : [1] com.google.android.finsky.selfupdate.SelfUpdateCheckerScheduler.a(53): Cancelling accelerated self-Update check
11-23 15:45:21.245  6881  6881 W InstanceID/Rpc: Found 10013
11-23 15:45:21.279  6881  6881 W Finsky  : [1] com.google.android.finsky.utils.cs.a(196): onConnectionFailed result: ConnectionResult{statusCode=API_UNAVAILABLE, resolution=null, message=null}
11-23 15:45:21.433  6881 10102 I Finsky  : [125] com.google.android.finsky.receivers.FlushLogsReceiver$FlushLogsService.onHandleIntent(161): Flushing event logs for [GmceZE_qw2hix_2zLW0VgdxGk3Y]
11-23 15:45:21.461  6881  7066 I PlayCommon: [109] com.google.android.play.a.g.e(862): Preparing logs for uploading
11-23 15:45:21.463  6881 10104 I PlayCommon: [126] com.google.android.play.a.g.e(862): Preparing logs for uploading
11-23 15:45:21.463  6881 10104 I PlayCommon: [126] com.google.android.play.a.g.e(864): No file ready to send
11-23 15:45:21.646  6881  7066 I PlayCommon: [109] com.google.android.play.a.g.a(1002): Connecting to server: https://play.googleapis.com/play/log?format=raw&proto_v2=true
11-23 15:45:21.838  6881  7066 I PlayCommon: [109] com.google.android.play.a.g.a(1077): Successfully uploaded logs.
11-23 15:45:23.842  6881  7066 I PlayCommon: [109] com.google.android.play.a.g.e(862): Preparing logs for uploading
11-23 15:45:23.842  6881  7066 I PlayCommon: [109] com.google.android.play.a.g.e(864): No file ready to send
11-23 15:45:23.996  2770  4886 I ActivityManager: Killing 5709:com.google.android.marvin.talkback/u0a56 (adj 906): empty #17
11-23 15:45:24.049  2770  7083 I ActivityManager: Killing 7464:com.google.android.configupdater/u0a6 (adj 906): empty #17
11-23 15:45:24.307  8501 10281 W System  : ClassLoader referenced unknown path: 
11-23 15:45:24.307  8501 10281 W System  : ClassLoader referenced unknown path: /system/priv-app/PrebuiltGmsCorePano/lib/arm
11-23 15:45:24.672  8501 10281 W System  : ClassLoader referenced unknown path: /data/user/0/com.google.android.gms/app_chimera/m/00000001/n/armeabi-v7a
11-23 15:45:24.673  8501 10281 W System  : ClassLoader referenced unknown path: /data/user/0/com.google.android.gms/app_chimera/m/00000001/n/armeabi
11-23 15:45:24.683  8501 10281 D DynamitePackage: Instantiated singleton DynamitePackage.
11-23 15:45:24.683  8501 10281 D DynamitePackage: Instantiating com.google.android.gms.ads.adshield.ChimeraAdShieldCreatorImpl
11-23 15:45:24.846  8501 10281 I art     : Rejecting re-init on previously-failed class java.lang.Class<abr>: java.lang.NoClassDefFoundError: Failed resolution of: Lcom/google/android/chimera/Fragment;
11-23 15:45:24.846  8501 10281 I art     :   at java.lang.Class dalvik.system.DexFile.defineClassNative(java.lang.String, java.lang.ClassLoader, java.lang.Object, dalvik.system.DexFile) (DexFile.java:-2)
11-23 15:45:24.846  8501 10281 I art     :   at java.lang.Class dalvik.system.DexFile.defineClass(java.lang.String, java.lang.ClassLoader, java.lang.Object, dalvik.system.DexFile, java.util.List) (DexFile.java:299)
11-23 15:45:24.846  8501 10281 I art     :   at java.lang.Class dalvik.system.DexFile.loadClassBinaryName(java.lang.String, java.lang.ClassLoader, java.util.List) (DexFile.java:292)
11-23 15:45:24.846  8501 10281 I art     :   at java.lang.Class dalvik.system.DexPathList.findClass(java.lang.String, java.util.List) (DexPathList.java:418)
11-23 15:45:24.846  8501 10281 I art     :   at java.lang.Class dalvik.system.BaseDexClassLoader.findClass(java.lang.String) (BaseDexClassLoader.java:54)
11-23 15:45:24.846  8501 10281 I art     :   at java.lang.Class com.google.android.chimera.container.internal.DelegateLastPathClassLoader.loadClass(java.lang.String, boolean) (:com.google.android.gms:28)
11-23 15:45:24.846  8501 10281 I art     :   at java.lang.Class java.lang.ClassLoader.loadClass(java.lang.String) (ClassLoader.java:312)
11-23 15:45:24.846  8501 10281 I art     :   at hs hs.a(android.content.Context, java.lang.String, java.lang.String, boolean) (:com.google.android.gms.DynamiteModulesA:2618)
11-23 15:45:24.846  8501 10281 I art     :   at hs hj.b(android.content.Context, boolean) (:com.google.android.gms.DynamiteModulesA:130)
11-23 15:45:24.846  8501 10281 I art     :   at void hj.a(android.content.Context, boolean) (:com.google.android.gms.DynamiteModulesA:90)
11-23 15:45:24.846  8501 10281 I art     :   at hk hk.a(java.lang.String, android.content.Context, boolean) (:com.google.android.gms.DynamiteModulesA:80)
11-23 15:45:24.846  8501 10281 I art     :   at void com.google.android.gms.ads.adshield.internal.a.<init>(java.lang.String, android.content.Context, boolean) (:com.google.android.gms.DynamiteModulesA:29)
11-23 15:45:24.846  8501 10281 I art     :   at android.os.IBinder com.google.android.gms.ads.adshield.ChimeraAdShieldCreatorImpl.newAdShieldClient(java.lang.String, aih) (:com.google.android.gms.DynamiteModulesA:25)
11-23 15:45:24.846  8501 10281 I art     :   at boolean com.google.android.gms.ads.adshield.internal.g.onTransact(int, android.os.Parcel, android.os.Parcel, int) (:com.google.android.gms.DynamiteModulesA:55)
11-23 15:45:24.846  8501 10281 I art     :   at boolean android.os.Binder.transact(int, android.os.Parcel, android.os.Parcel, int) (Binder.java:499)
11-23 15:45:24.846  8501 10281 I art     :   at android.os.IBinder com.google.android.gms.ads.adshield.internal.h.newAdShieldClient(java.lang.String, kue) (:com.google.android.gms:99)
11-23 15:45:24.846  8501 10281 I art     :   at android.os.IBinder com.google.android.gms.ads.adshield.AdShieldCreatorImpl.newAdShieldClient(java.lang.String, kue) (:com.google.android.gms:34)
11-23 15:45:24.846  8501 10281 I art     :   at boolean com.google.android.gms.ads.adshield.internal.g.onTransact(int, android.os.Parcel, android.os.Parcel, int) (:com.google.android.gms:55)
11-23 15:45:24.846  8501 10281 I art     :   at boolean android.os.Binder.transact(int, android.os.Parcel, android.os.Parcel, int) (Binder.java:499)
11-23 15:45:24.846  8501 10281 I art     :   at android.os.IBinder cmo.a(java.lang.String, chv) ((null):-1)
11-23 15:45:24.846  8501 10281 I art     :   at cmj cmi.b(java.lang.String, android.content.Context, boolean) ((null):0)
11-23 15:45:24.846  8501 10281 I art     :   at cmj cmi.a(java.lang.String, android.content.Context, boolean) ((null):-1)
11-23 15:45:24.847  8501 10281 I art     :   at void bkh.<init>(java.lang.String, android.content.Context, boolean) ((null):-1)
11-23 15:45:24.847  8501 10281 I art     :   at void dgj.<init>(java.lang.String, android.content.Context, boolean) (SourceFile:39)
11-23 15:45:24.847  8501 10281 I art     :   at dgg dgh.a(java.lang.String, android.content.Context, boolean) (SourceFile:2017)
11-23 15:45:24.847  8501 10281 I art     :   at dgg dgh.a(java.lang.String, android.content.Context) (SourceFile:1027)
11-23 15:45:24.847  8501 10281 I art     :   at dgg dtl.b() (SourceFile:280)
11-23 15:45:24.847  8501 10281 I art     :   at void dtl.a() (SourceFile:253)
11-23 15:45:24.847  8501 10281 I art     :   at dgg dtm.c() (SourceFile:1053)
11-23 15:45:24.847  8501 10281 I art     :   at java.lang.Object dtm.b() (SourceFile:211)
11-23 15:45:24.847  8501 10281 I art     :   at java.lang.Object eim.a() (SourceFile:136)
11-23 15:45:24.847  8501 10281 I art     :   at java.lang.String dtn.c() (SourceFile:230)
11-23 15:45:24.847  8501 10281 I art     :   at java.lang.Object dtn.b() (SourceFile:226)
11-23 15:45:24.847  8501 10281 I art     :   at java.lang.Object eim.a() (SourceFile:136)
11-23 15:45:24.847  8501 10281 I art     :   at java.lang.String dtl.e() (SourceFile:370)
11-23 15:45:24.847  8501 10281 I art     :   at void dyl.a(htd) (SourceFile:51)
11-23 15:45:24.847  8501 10281 I art     :   at void avu.a(avu, htd) (SourceFile:33)
11-23 15:45:24.847  8501 10281 I art     :   at void avv.run() (SourceFile:50)
11-23 15:45:24.847  8501 10281 I art     :   at java.lang.Object java.util.concurrent.Executors$RunnableAdapter.call() (Executors.java:428)
11-23 15:45:24.847  8501 10281 I art     :   at void java.util.concurrent.FutureTask.run() (FutureTask.java:237)
11-23 15:45:24.847  8501 10281 I art     :   at void java.util.concurrent.ThreadPoolExecutor.runWorker(java.util.concurrent.ThreadPoolExecutor$Worker) (ThreadPoolExecutor.java:1133)
11-23 15:45:24.847  8501 10281 I art     :   at void java.util.concurrent.ThreadPoolExecutor$Worker.run() (ThreadPoolExecutor.java:607)
11-23 15:45:24.847  8501 10281 I art     :   at void java.lang.Thread.run() (Thread.java:761)
11-23 15:45:24.847  8501 10281 I art     : Caused by: java.lang.ClassNotFoundException: Didn't find class "com.google.android.chimera.Fragment" on path: DexPathList[[zip file "/data/data/com.google.android.gms/app_chimera/m/00000001/DynamiteModulesA_GmsCore_atv_xhdpi_release.apk"],nativeLibraryDirectories=[/data/user/0/com.google.android.gms/app_chimera/m/00000001/n/armeabi-v7a, /data/user/0/com.google.android.gms/app_chimera/m/00000001/n/armeabi, /system/lib, /vendor/lib]]
11-23 15:45:24.847  8501 10281 I art     :   at java.lang.Class dalvik.system.BaseDexClassLoader.findClass(java.lang.String) (BaseDexClassLoader.java:56)
11-23 15:45:24.847  8501 10281 I art     :   at java.lang.Class java.lang.ClassLoader.loadClass(java.lang.String, boolean) (ClassLoader.java:380)
11-23 15:45:24.847  8501 10281 I art     :   at java.lang.Class com.google.android.chimera.container.internal.DelegateLastPathClassLoader.loadClass(java.lang.String, boolean) (:com.google.android.gms:34)
11-23 15:45:24.847  8501 10281 I art     :   at java.lang.Class java.lang.ClassLoader.loadClass(java.lang.String) (ClassLoader.java:312)
11-23 15:45:24.847  8501 10281 I art     :   at java.lang.Class dalvik.system.DexFile.defineClassNative(java.lang.String, java.lang.ClassLoader, java.lang.Object, dalvik.system.DexFile) (DexFile.java:-2)
11-23 15:45:24.847  8501 10281 I art     :   at java.lang.Class dalvik.system.DexFile.defineClass(java.lang.String, java.lang.ClassLoader, java.lang.Object, dalvik.system.DexFile, java.util.List) (DexFile.java:299)
11-23 15:45:24.847  8501 10281 I art     :   at java.lang.Class dalvik.system.DexFile.loadClassBinaryName(java.lang.String, java.lang.ClassLoader, java.util.List) (DexFile.java:292)
11-23 15:45:24.847  8501 10281 I art     :   at java.lang.Class dalvik.system.DexPathList.findClass(java.lang.String, java.util.List) (DexPathList.java:418)
11-23 15:45:24.847  8501 10281 I art     :   at java.lang.Class dalvik.system.BaseDexClassLoader.findClass(java.lang.String) (BaseDexClassLoader.java:54)
11-23 15:45:24.847  8501 10281 I art     :   at java.lang.Class com.google.android.chimera.container.internal.DelegateLastPathClassLoader.loadClass(java.lang.String, boolean) (:com.google.android.gms:28)
11-23 15:45:24.847  8501 10281 I art     :   at java.lang.Class java.lang.ClassLoader.loadClass(java.lang.String) (ClassLoader.java:312)
11-23 15:45:24.847  8501 10281 I art     :   at hs hs.a(android.content.Context, java.lang.String, java.lang.String, boolean) (:com.google.android.gms.DynamiteModulesA:2618)
11-23 15:45:24.847  8501 10281 I art     :   at hs hj.b(android.content.Context, boolean) (:com.google.android.gms.DynamiteModulesA:130)
11-23 15:45:24.847  8501 10281 I art     :   at void hj.a(android.content.Context, boolean) (:com.google.android.gms.DynamiteModulesA:90)
11-23 15:45:24.847  8501 10281 I art     :   at hk hk.a(java.lang.String, android.content.Context, boolean) (:com.google.android.gms.DynamiteModulesA:80)
11-23 15:45:24.847  8501 10281 I art     :   at void com.google.android.gms.ads.adshield.internal.a.<init>(java.lang.String, android.content.Context, boolean) (:com.google.android.gms.DynamiteModulesA:29)
11-23 15:45:24.847  8501 10281 I art     :   at android.os.IBinder com.google.android.gms.ads.adshield.ChimeraAdShieldCreatorImpl.newAdShieldClient(java.lang.String, aih) (:com.google.android.gms.DynamiteModulesA:25)
11-23 15:45:24.847  8501 10281 I art     :   at boolean com.google.android.gms.ads.adshield.internal.g.onTransact(int, android.os.Parcel, android.os.Parcel, int) (:com.google.android.gms.DynamiteModulesA:55)
11-23 15:45:24.847  8501 10281 I art     :   at boolean android.os.Binder.transact(int, android.os.Parcel, android.os.Parcel, int) (Binder.java:499)
11-23 15:45:24.847  8501 10281 I art     :   at android.os.IBinder com.google.android.gms.ads.adshield.internal.h.newAdShieldClient(java.lang.String, kue) (:com.google.android.gms:99)
11-23 15:45:24.847  8501 10281 I art     :   at android.os.IBinder com.google.android.gms.ads.adshield.AdShieldCreatorImpl.newAdShieldClient(java.lang.String, kue) (:com.google.android.gms:34)
11-23 15:45:24.847  8501 10281 I art     :   at boolean com.google.android.gms.ads.adshield.internal.g.onTransact(int, android.os.Parcel, android.os.Parcel, int) (:com.google.android.gms:55)
11-23 15:45:24.847  8501 10281 I art     :   at boolean android.os.Binder.transact(int, android.os.Parcel, android.os.Parcel, int) (Binder.java:499)
11-23 15:45:24.847  8501 10281 I art     :   at android.os.IBinder cmo.a(java.lang.String, chv) ((null):-1)
11-23 15:45:24.847  8501 10281 I art     :   at cmj cmi.b(java.lang.String, android.content.Context, boolean) ((null):0)
11-23 15:45:24.847  8501 10281 I art     :   at cmj cmi.a(java.lang.String, android.content.Context, boolean) ((null):-1)
