11-23 15:46:11.880  5810  7265 W ContentTaskController: Invalid task was provided to stopTracking.
11-23 15:46:11.888  5810 13271 I VacuumService: Vacuum at: now=1479944771888 tag=VacuumService
11-23 15:46:11.905  1678  1708 V audio_hw_primary: out_set_parameters: routing=1024
11-23 15:46:11.905  1678  1708 V audio_hw_primary: out_set_parameters, line: 1565
11-23 15:46:11.905  1678  1708 V audio_hw_primary: >>>>>>>> adev->mode:0,adev->out_device is: 1024, val is : 1024
11-23 15:46:11.906  1678  1705 V audio_hw_primary: adev_set_voice_volume, volume: 1.000000
11-23 15:46:11.919  8617  8617 I Babel_Conv: Conversation loader finished for UgyYUbP9k546516v1sR4AaABAQ, count# 1
11-23 15:46:11.942  8617  8751 I Babel_ConcService: Acquired partial wake lock to keep ConcurrentService alive
11-23 15:46:11.945  8617  8751 I Babel_ConcService: Released partial wake lock as ConcurrentService became idle
11-23 15:46:12.105  8617 12523 D Babel   : Idle: Shutdown runnable posted in release with a delay of 5000 ms.
11-23 15:46:12.163  8617 12508 D Babel   : Idle: Shutdown runnable posted in release with a delay of 5000 ms.
11-23 15:46:12.270  1678  1705 V audio_hw_primary: adev_set_voice_volume, volume: 0.800000
11-23 15:46:12.352  8617  8617 D Babel   : Idle: Shutdown runnable posted in release with a delay of 5000 ms.
11-23 15:46:12.481  2770  4886 I ActivityManager: Start proc 13312:com.google.android.gms.unstable/u0a13 for service com.google.android.gms/.droidguard.DroidGuardService
11-23 15:46:12.485  5810  7265 W ContentTaskController: Invalid newTask was provided to startTracking.
11-23 15:46:12.509  1678  1708 V audio_hw_primary: out_set_parameters: routing=1024
11-23 15:46:12.509  1678  1708 V audio_hw_primary: out_set_parameters, line: 1565
11-23 15:46:12.509  1678  1708 V audio_hw_primary: >>>>>>>> adev->mode:0,adev->out_device is: 1024, val is : 1024
11-23 15:46:12.510  1678  1705 V audio_hw_primary: adev_set_voice_volume, volume: 1.000000
11-23 15:46:12.639 13312 13312 W System  : ClassLoader referenced unknown path: /system/priv-app/PrebuiltGmsCorePano/lib/arm64
11-23 15:46:12.751 13312 13312 W System  : ClassLoader referenced unknown path: /system/priv-app/PrebuiltGmsCorePano/lib/arm64
11-23 15:46:12.765 13312 13312 W System  : ClassLoader referenced unknown path: /system/priv-app/PrebuiltGmsCorePano/lib/arm64
11-23 15:46:12.767 13312 13312 W linker  : /data/data/com.google.android.gms/app_extracted_libs/arm64-v8a/libgmscore.so: unused DT entry: type 0x7ffffffd arg 0x885
11-23 15:46:12.771 13312 13312 W System  : ClassLoader referenced unknown path: /system/priv-app/PrebuiltGmsCorePano/lib/arm64
11-23 15:46:12.773 13312 13312 W System  : ClassLoader referenced unknown path: /system/priv-app/PrebuiltGmsCorePano/lib/arm64
11-23 15:46:12.842  8617  8621 I art     : Compiler allocated 4MB to compile void com.google.android.apps.hangouts.views.MessageListItemView.a(android.database.Cursor, int, bib, dbc, boolean)
11-23 15:46:12.868  1678  1705 V audio_hw_primary: adev_set_voice_volume, volume: 0.800000
11-23 15:46:13.031  8617  8621 I art     : Do partial code cache collection, code=102KB, data=114KB
11-23 15:46:13.031  8617  8621 I art     : After code cache collection, code=102KB, data=114KB
11-23 15:46:13.031  8617  8621 I art     : Increasing code cache capacity to 512KB
11-23 15:46:13.541 13312 13312 W linker  : /data/data/com.google.android.gms/app_extracted_libs/arm64-v8a/libconscrypt_gmscore_jni.so: unused DT entry: type 0x7ffffffd arg 0x15f
11-23 15:46:13.542 13312 13312 W linker  : /system/priv-app/PrebuiltGmsCorePano/PrebuiltGmsCorePano.apk!/lib/arm64-v8a/libgmscore.so: unused DT entry: type 0x7ffffffd arg 0x885
11-23 15:46:13.554  1679  2365 E HALCameraFactory: Obtain calling process failed
11-23 15:46:13.554  1678  1708 V audio_hw_primary: out_set_parameters: routing=1024
11-23 15:46:13.554  1678  1708 V audio_hw_primary: out_set_parameters, line: 1565
11-23 15:46:13.554  1678  1708 V audio_hw_primary: >>>>>>>> adev->mode:0,adev->out_device is: 1024, val is : 1024
11-23 15:46:13.555  1678  1705 V audio_hw_primary: adev_set_voice_volume, volume: 1.000000
11-23 15:46:13.557 13312 13312 V JNIHelp : Registering com/google/android/gms/org/conscrypt/NativeCrypto's 235 native methods...
11-23 15:46:13.572  2770  6602 I ActivityManager: START u0 {act=android.media.action.VIDEO_CAPTURE flg=0x3 clip={video/mp4 U:content://com.google.android.apps.hangouts.conversation.v2/share_path/Pictures/Hangouts/video-20161123_154613.mp4} (has extras)} from uid 10064 on display 0
11-23 15:46:13.857  6527  7217 I chromium: [6527:7217:INFO:ssdp_device.c(101)] SSDP packets sent for 30 seconds = 5
11-23 15:46:13.913  1678  1705 V audio_hw_primary: adev_set_voice_volume, volume: 0.800000
11-23 15:46:15.009 13312 13312 D NetworkSecurityConfig: No Network Security Config specified, using platform default
11-23 15:46:15.011 13312 13312 I ProviderInstaller: Installed default security provider GmsCore_OpenSSL
11-23 15:46:15.014  8617 12463 I Babel_ConcService: Acquired partial wake lock to keep ConcurrentService alive
11-23 15:46:15.023  6527  7094 E chromium: [6527:7094:ERROR:client_auth_signer.cc(191)] Cast certificate is not valid.
11-23 15:46:15.023  6527  7163 W chromium: [6527:7163:WARNING:client_auth_signer.cc(112)] No private key, hence empty signature.
11-23 15:46:15.104  8617  8617 I Choreographer: Skipped 89 frames!  The application may be doing too much work on its main thread.
11-23 15:46:15.190  1657  1722 D gralloc : ion_alloc from ion_client:19 for 146432 Bytes uncached buffer by using heap mask 16 successfully, mem_continue_flag is 1
11-23 15:46:15.192  1657  1722 D gralloc : ion_alloc from ion_client:19 for 146432 Bytes uncached buffer by using heap mask 16 successfully, mem_continue_flag is 1
11-23 15:46:15.193  1657  1722 D gralloc : ion_alloc from ion_client:19 for 146432 Bytes uncached buffer by using heap mask 16 successfully, mem_continue_flag is 1
11-23 15:46:15.411  1657  4880 D gralloc : ion_alloc from ion_client:19 for 146432 Bytes uncached buffer by using heap mask 16 successfully, mem_continue_flag is 1
11-23 15:46:15.586  8617 12508 D Babel   : Idle: Shutdown runnable posted in release with a delay of 5000 ms.
11-23 15:46:15.855  5810  6419 W ContentTaskController: Invalid newTask was provided to startTracking.
11-23 15:46:15.884  8617  8617 I Babel_Conv: Conversation loader finished for UgyYUbP9k546516v1sR4AaABAQ, count# 1
11-23 15:46:15.911  5810  7265 W ContentTaskController: Invalid newTask was provided to startTracking.
11-23 15:46:16.048  6527  7094 E chromium: [6527:7094:ERROR:client_auth_signer.cc(191)] Cast certificate is not valid.
11-23 15:46:16.048  6527  7163 W chromium: [6527:7163:WARNING:client_auth_signer.cc(112)] No private key, hence empty signature.
11-23 15:46:16.064  1689  1689 I WVCdm   : CdmEngine::OpenSession
11-23 15:46:16.213  5810  6419 W ContentTaskController: Invalid newTask was provided to startTracking.
11-23 15:46:16.222  2770  3021 I WindowManager: Destroying surface Surface(name=Toast) called by com.android.server.wm.WindowStateAnimator.destroySurface:2014 com.android.server.wm.WindowStateAnimator.destroySurfaceLocked:881 com.android.server.wm.WindowState.destroyOrSaveSurface:2073 com.android.server.wm.WindowSurfacePlacer.performSurfacePlacementInner:429 com.android.server.wm.WindowSurfacePlacer.performSurfacePlacementLoop:232 com.android.server.wm.WindowSurfacePlacer.performSurfacePlacement:180 com.android.server.wm.WindowManagerService$H.handleMessage:8079 android.os.Handler.dispatchMessage:102 
11-23 15:46:16.298  1689  1689 I WVCdm   : CdmEngine::QueryKeyControlInfo
11-23 15:46:16.317  1689  1762 W WVCdm   : BufferReader::Read<T> : Failure during parse: Not enough bytes (4)
11-23 15:46:16.317  1689  1762 W WVCdm   : CdmEngine::ExtractWidevinePssh: Unable to read atom size.
11-23 15:46:16.317  1689  1762 I WVCdm   : CdmEngine::GenerateKeyRequest
11-23 15:46:16.319  1689  1762 D WVCdm   : PrepareKeyRequest: nonce=955433091
11-23 15:46:16.377  8617 12463 I Babel_ConcService: Released partial wake lock as ConcurrentService became idle
11-23 15:46:16.378  8617  8747 I Babel_ConcService: Acquired partial wake lock to keep ConcurrentService alive
11-23 15:46:16.379  8617  8747 I Babel_ConcService: Released partial wake lock as ConcurrentService became idle
11-23 15:46:16.605  5810  7265 W ContentTaskController: Invalid task was provided to stopTracking.
11-23 15:46:16.678  1678  1708 D audio_hw_primary: out_standby
11-23 15:46:16.719  8617  8800 I Babel_ConcService: Acquired partial wake lock to keep ConcurrentService alive
11-23 15:46:16.721  8617 12524 D Babel   : Idle: Shutdown runnable posted in release with a delay of 5000 ms.
11-23 15:46:16.721  8617  8800 I Babel_ConcService: Released partial wake lock as ConcurrentService became idle
11-23 15:46:16.744  8617  8617 I Babel_Conv: Conversation loader finished for UgyYUbP9k546516v1sR4AaABAQ, count# 1
11-23 15:46:16.782  8617 12508 D Babel   : Idle: Shutdown runnable posted in release with a delay of 5000 ms.
11-23 15:46:17.038  5810  7265 W ContentTaskController: Invalid task was provided to stopTracking.
11-23 15:46:17.352  1689  1689 I WVCdm   : CdmEngine::CloseSession
11-23 15:46:17.585  6527  7094 E chromium: [6527:7094:ERROR:client_auth_signer.cc(191)] Cast certificate is not valid.
11-23 15:46:17.586  6527  7163 W chromium: [6527:7163:WARNING:client_auth_signer.cc(112)] No private key, hence empty signature.
11-23 15:46:17.601  8617  8617 D Babel   : Idle: Shutdown runnable posted in release with a delay of 5000 ms.
11-23 15:46:17.608  8617  8617 I Babel_Conv: Conversation loader finished for UgyYUbP9k546516v1sR4AaABAQ, count# 1
11-23 15:46:17.631  8617  8751 I Babel_ConcService: Acquired partial wake lock to keep ConcurrentService alive
11-23 15:46:17.632  8617  8751 I Babel_ConcService: Released partial wake lock as ConcurrentService became idle
11-23 15:46:17.697  5810  6145 W art     : Long monitor contention with owner lowpool[3] (6579) at void android.database.sqlite.SQLiteConnection.nativeClose(long)(SQLiteConnection.java:-2) waiters=0 in fzu fzu.a() for 407ms
11-23 15:46:17.793 13312 13328 E linker  : readlink("/proc/self/fd/44") failed: No such file or directory [fd=44]
11-23 15:46:17.793 13312 13328 E linker  : warning: unable to get realpath for the library "/data/user/0/com.google.android.gms/app_dg_cache/1FECE961A655634046D6AB5E18FE6F74212FBEA6/lib/libdC14BB7282EA1.so". Will use given path.
11-23 15:46:18.012 13312 13546 I qtaguid : Tagging socket 33 with tag 3000180300000000(805312515) for uid -1 failed errno=-2
11-23 15:46:18.012 13312 13546 I NetworkManagementSocketTagger: tagSocketFd(33, 805312515, -1) failed with errno-2
11-23 15:46:18.016  1689  1689 I WVCdm   : CdmEngine::OpenSession
11-23 15:46:18.021  1689  1689 I WVCdm   : CdmEngine::QueryKeyControlInfo
11-23 15:46:18.057  1689  1762 W WVCdm   : BufferReader::Read<T> : Failure during parse: Not enough bytes (4)
11-23 15:46:18.057  1689  1762 W WVCdm   : CdmEngine::ExtractWidevinePssh: Unable to read atom size.
11-23 15:46:18.057  1689  1762 I WVCdm   : CdmEngine::GenerateKeyRequest
11-23 15:46:18.058  1689  1762 D WVCdm   : PrepareKeyRequest: nonce=2616154878
11-23 15:46:18.087  5810  8934 W art     : Long monitor contention with owner netscheduler-queue-handler (7265) at void nov.a(npn, int)(:com.google.android.gms:345) waiters=0 in int nov.d(npb) for 1.601s
11-23 15:46:18.108 13312 13546 I qtaguid : Untagging socket 33 failed errno=-2
11-23 15:46:18.108 13312 13546 W NetworkManagementSocketTagger: untagSocket(33) failed with errno -2
11-23 15:46:18.126 13328 13328 I Binder:13312_2: type=1400 audit(0.0:63): avc: denied { read } for name="/" dev="tmpfs" ino=5125 scontext=u:r:priv_app:s0:c512,c768 tcontext=u:object_r:device:s0 tclass=dir permissive=1
11-23 15:46:18.126 13328 13328 I Binder:13312_2: type=1400 audit(0.0:64): avc: denied { open } for path="/dev" dev="tmpfs" ino=5125 scontext=u:r:priv_app:s0:c512,c768 tcontext=u:object_r:device:s0 tclass=dir permissive=1
11-23 15:46:18.230  5810  8934 W ContentTaskController: Invalid newTask was provided to startTracking.
11-23 15:46:18.237 13312 13546 E linker  : readlink("/proc/self/fd/45") failed: No such file or directory [fd=45]
11-23 15:46:18.238 13312 13546 E linker  : warning: unable to get realpath for the library "/data/user/0/com.google.android.gms/app_dg_cache/1FECE961A655634046D6AB5E18FE6F74212FBEA6/lib/libdC14BB7282EA1.so". Will use given path.
11-23 15:46:18.476 13703 13703 I dex2oat : type=1400 audit(0.0:65): avc: denied { write } for name="trace_marker" dev="debugfs" ino=174 scontext=u:r:priv_app:s0:c512,c768 tcontext=u:object_r:debugfs:s0 tclass=file permissive=1
11-23 15:46:18.476 13703 13703 I dex2oat : type=1400 audit(0.0:66): avc: denied { open } for path="/sys/kernel/debug/tracing/trace_marker" dev="debugfs" ino=174 scontext=u:r:priv_app:s0:c512,c768 tcontext=u:object_r:debugfs:s0 tclass=file permissive=1
11-23 15:46:18.492 13703 13703 I dex2oat : /system/bin/dex2oat --dex-file=/data/user/0/com.google.android.gms/app_fb/f.apk --oat-fd=46 --oat-location=/data/user/0/com.google.android.gms/app_fb/f.dex --compiler-filter=speed
11-23 15:46:18.866 13703 13703 I dex2oat : dex2oat took 375.313ms (threads: 4) arena alloc=400KB (410584B) java alloc=51KB (52704B) native alloc=988KB (1012696B) free=2MB (2657320B)
11-23 15:46:18.875 13312 13328 E linker  : readlink("/proc/self/fd/46") failed: No such file or directory [fd=46]
11-23 15:46:18.875 13312 13328 E linker  : warning: unable to get realpath for the library "/data/data/com.google.android.gms/app_fb/f.dex". Will use given path.
11-23 15:46:18.877 13312 13328 W System  : ClassLoader referenced unknown path: 
11-23 15:46:18.881 13312 13546 W art     : Long monitor contention with owner Binder:13312_2 (13328) at java.lang.Object dalvik.system.DexFile.openDexFileNative(java.lang.String, java.lang.String, int, java.lang.ClassLoader, dalvik.system.DexPathList$Element[])(DexFile.java:-2) waiters=0 in java.lang.Class kra.a(kra, java.lang.String) for 157ms
11-23 15:46:18.889 13312 13546 E linker  : readlink("/proc/self/fd/46") failed: No such file or directory [fd=46]
11-23 15:46:18.889 13312 13546 E linker  : warning: unable to get realpath for the library "/system/lib64/hw/gralloc.tulip.so". Will use given path.
11-23 15:46:18.889 13312 13546 E linker  : readlink("/proc/self/fd/49") failed: No such file or directory [fd=49]
11-23 15:46:18.889 13312 13546 E linker  : warning: unable to get realpath for the library "/system/lib64/libGLESv1_CM.so". Will use given path.
11-23 15:46:18.890 13312 13546 E linker  : readlink("/proc/self/fd/50") failed: No such file or directory [fd=50]
11-23 15:46:18.890 13312 13546 E linker  : warning: unable to get realpath for the library "/system/lib64/libc.so". Will use given path.
11-23 15:46:18.890 13312 13546 E linker  : readlink("/proc/self/fd/51") failed: No such file or directory [fd=51]
11-23 15:46:18.890 13312 13546 E linker  : warning: unable to get realpath for the library "/system/lib64/libcutils.so". Will use given path.
11-23 15:46:18.890 13312 13546 E linker  : readlink("/proc/self/fd/52") failed: No such file or directory [fd=52]
11-23 15:46:18.890 13312 13546 E linker  : warning: unable to get realpath for the library "/system/lib64/libhardware.so". Will use given path.
11-23 15:46:18.891 13312 13546 E linker  : readlink("/proc/self/fd/53") failed: No such file or directory [fd=53]
11-23 15:46:18.891 13312 13546 E linker  : warning: unable to get realpath for the library "/system/lib64/libion.so". Will use given path.
11-23 15:46:18.891 13312 13546 E linker  : readlink("/proc/self/fd/54") failed: No such file or directory [fd=54]
11-23 15:46:18.891 13312 13546 E linker  : warning: unable to get realpath for the library "/system/lib64/liblog.so". Will use given path.
11-23 15:46:18.891 13312 13546 E linker  : readlink("/proc/self/fd/55") failed: No such file or directory [fd=55]
11-23 15:46:18.891 13312 13546 E linker  : warning: unable to get realpath for the library "/system/lib64/libm.so". Will use given path.
11-23 15:46:18.892 13312 13546 E linker  : readlink("/proc/self/fd/56") failed: No such file or directory [fd=56]
11-23 15:46:18.892 13312 13546 E linker  : warning: unable to get realpath for the library "/system/lib64/libstdc++.so". Will use given path.
11-23 15:46:18.892 13312 13546 E linker  : readlink("/proc/self/fd/57") failed: No such file or directory [fd=57]
11-23 15:46:18.892 13312 13546 E linker  : warning: unable to get realpath for the library "/system/lib64/liblog.so". Will use given path.
11-23 15:46:18.892 13312 13546 E linker  : readlink("/proc/self/fd/58") failed: No such file or directory [fd=58]
11-23 15:46:18.892 13312 13546 E linker  : warning: unable to get realpath for the library "/system/lib64/libc++.so". Will use given path.
11-23 15:46:18.893 13312 13546 E linker  : readlink("/proc/self/fd/59") failed: No such file or directory [fd=59]
11-23 15:46:18.893 13312 13546 E linker  : warning: unable to get realpath for the library "/system/lib64/libc.so". Will use given path.
11-23 15:46:18.893 13312 13546 E linker  : readlink("/proc/self/fd/60") failed: No such file or directory [fd=60]
11-23 15:46:18.893 13312 13546 E linker  : warning: unable to get realpath for the library "/system/lib64/libm.so". Will use given path.
11-23 15:46:18.920 13312 13328 E linker  : readlink("/proc/self/fd/46") failed: No such file or directory [fd=46]
11-23 15:46:18.920 13312 13328 E linker  : warning: unable to get realpath for the library "/system/lib64/hw/gralloc.tulip.so". Will use given path.
11-23 15:46:18.949 13312 13546 E linker  : readlink("/proc/self/fd/48") failed: No such file or directory [fd=48]
11-23 15:46:18.949 13312 13546 E linker  : warning: unable to get realpath for the library "/system/lib64/hw/gralloc.tulip.so". Will use given path.
11-23 15:46:18.990 13312 13328 E linker  : readlink("/proc/self/fd/48") failed: No such file or directory [fd=48]
11-23 15:46:18.990 13312 13328 E linker  : warning: unable to get realpath for the library "/system/lib64/hw/gralloc.tulip.so". Will use given path.
11-23 15:46:19.011 13312 13546 E linker  : readlink("/proc/self/fd/48") failed: No such file or directory [fd=48]
11-23 15:46:19.011 13312 13546 E linker  : warning: unable to get realpath for the library "/system/lib64/hw/gralloc.tulip.so". Will use given path.
11-23 15:46:19.055 13312 13546 E linker  : readlink("/proc/self/fd/46") failed: No such file or directory [fd=46]
11-23 15:46:19.055 13312 13546 E linker  : warning: unable to get realpath for the library "/system/lib64/hw/gralloc.tulip.so". Will use given path.
11-23 15:46:19.100 13312 13325 I art     : Background sticky concurrent mark sweep GC freed 7954(1002KB) AllocSpace objects, 8(252KB) LOS objects, 36% free, 2MB/3MB, paused 10.713ms total 20.280ms
11-23 15:46:19.131 13312 13546 E linker  : readlink("/proc/self/fd/46") failed: No such file or directory [fd=46]
11-23 15:46:19.131 13312 13546 E linker  : warning: unable to get realpath for the library "/system/lib64/hw/gralloc.tulip.so". Will use given path.
11-23 15:46:19.462  1689  1689 I WVCdm   : CdmEngine::CloseSession
11-23 15:46:20.294  5810 13679 I PhenotypeFlagCommitter: Experiment Configs successfully retrieved for com.google.android.gms.playlog.uploader
11-23 15:46:20.400  5810 13679 I GoogleURLConnFactory: Using platform SSLCertificateSocketFactory
11-23 15:46:20.409  6504  6518 W art     : Suspending all threads took: 32.634ms
11-23 15:46:20.420  5810  8173 W Conscrypt: Could not set socket write timeout: null
11-23 15:46:20.487  5810  8173 W Conscrypt: Could not set socket write timeout: null
11-23 15:46:20.614  5810  7265 W ContentTaskController: Invalid newTask was provided to startTracking.
11-23 15:46:21.623  5810  7265 W ContentTaskController: Invalid newTask was provided to startTracking.
11-23 15:46:22.603  8617  8617 D Babel   : RefCountedService(com.google.android.apps.hangouts.requestwriter.RequestWriter) onDestroy (count=0, startId=16 stopped=true)
11-23 15:46:22.612  8617  8617 I Babel_ConcService: onStartCommand
11-23 15:46:22.614  8617  8748 I Babel_ConcService: Acquired partial wake lock to keep ConcurrentService alive
11-23 15:46:22.621  8617  8748 I Babel_ConcService: Released partial wake lock as ConcurrentService became idle
11-23 15:46:24.217  6527  7094 E chromium: [6527:7094:ERROR:client_auth_signer.cc(191)] Cast certificate is not valid.
11-23 15:46:24.218  6527  7163 W chromium: [6527:7163:WARNING:client_auth_signer.cc(112)] No private key, hence empty signature.
11-23 15:46:25.337  6527  7094 E chromium: [6527:7094:ERROR:client_auth_signer.cc(191)] Cast certificate is not valid.
11-23 15:46:25.338  6527  7163 W chromium: [6527:7163:WARNING:client_auth_signer.cc(112)] No private key, hence empty signature.
11-23 15:46:26.898  6527  7094 E chromium: [6527:7094:ERROR:client_auth_signer.cc(191)] Cast certificate is not valid.
11-23 15:46:26.899  6527  7163 W chromium: [6527:7163:WARNING:client_auth_signer.cc(112)] No private key, hence empty signature.
