12-31 16:00:50.962  2770  2770 W PackageManager: Not granting permission android.permission.INJECT_EVENTS to package com.google.android.tv.remote.service (protectionLevel=2 flags=0x3008be4d)
12-31 16:00:50.962  2770  2770 W PackageManager: Unknown permission com.google.android.tv.bugreportsender.READ_BUGREPORTS in package com.google.android.tv.remote.service
12-31 16:00:50.963  2770  2770 W PackageManager: Unknown permission com.google.android.gallery3d.permission.GALLERY_PROVIDER in package com.android.bluetooth
12-31 16:00:50.963  2770  2770 W PackageManager: Unknown permission com.android.gallery3d.permission.GALLERY_PROVIDER in package com.android.bluetooth
12-31 16:00:50.963  2770  2770 W PackageManager: Unknown permission android.permission.PROCESS_PHONE_ACCOUNT_REGISTRATION in package com.android.providers.contacts
12-31 16:00:50.963  2770  2770 V PackageManager: reconcileAppsData for null u0 0x3
12-31 16:00:51.287  2770  2770 V PackageManager: reconcileAppsData finished 77 packages; restoreconNeeded was false
12-31 16:00:51.425  2770  2770 I art     : Starting a blocking GC Explicit
12-31 16:00:51.426  2770  2835 W art     : Long monitor contention with owner main (2770) at int android.net.LocalSocketImpl.readba_native(byte[], int, int, java.io.FileDescriptor)(LocalSocketImpl.java:-2) waiters=0 in void com.android.server.pm.Settings$RuntimePermissionPersistence.writePermissionsSync(int) for 261ms
12-31 16:00:51.481  2770  2770 I art     : Explicit concurrent mark sweep GC freed 7050(702KB) AllocSpace objects, 5(100KB) LOS objects, 33% free, 4MB/6MB, paused 561us total 54.617ms
12-31 16:00:51.501  2770  2770 I SystemServer: StartOtaDexOptService
12-31 16:00:51.522  2770  2770 I SystemServer: StartUserManagerService
12-31 16:00:51.523  2770  2770 I SystemServiceManager: Starting com.android.server.pm.UserManagerService$LifeCycle
12-31 16:00:51.547  1655  1655 I lowmemorykiller: ActivityManager connected
12-31 16:00:51.550  2770  2770 D SensorService: nuSensorService starting...
12-31 16:00:59.390  1653  1653 I healthd : type=1400 audit(0.0:45): avc: denied { dac_override } for capability=1 scontext=u:r:healthd:s0 tcontext=u:r:healthd:s0 tclass=capability permissive=1
12-31 16:00:59.394  2770  2770 I SystemServiceManager: Starting com.android.server.BatteryService
12-31 16:00:59.394  2770  4120 D SensorService: new thread SensorEventAckReceiver
12-31 16:00:59.395  2770  4121 D SensorService: nuSensorService thread starting...
12-31 16:00:59.413  2770  2770 I SystemServiceManager: Starting com.android.server.usage.UsageStatsService
12-31 16:00:59.458  2770  2770 I SystemServiceManager: Starting com.android.server.webkit.WebViewUpdateService
12-31 16:00:59.475  2770  2770 I SystemServer: Reading configuration...
12-31 16:00:59.475  2770  2770 I SystemServer: StartSchedulingPolicyService
12-31 16:00:59.476  2770  2770 I SystemServiceManager: Starting com.android.server.telecom.TelecomLoaderService
12-31 16:00:59.477  2770  2770 I SystemServer: StartTelephonyRegistry
12-31 16:00:59.491  2770  2770 I SystemServer: StartEntropyMixer
12-31 16:00:59.494  2770  2770 I EntropyMixer: Writing entropy...
12-31 16:00:59.517  2770  2770 I SystemServer: Camera Service
12-31 16:00:59.518  2770  2770 I SystemServiceManager: Starting com.android.server.camera.CameraService
12-31 16:00:59.530  2770  4131 I ServiceThread: Enabled StrictMode logging for CameraService_proxy looper.
12-31 16:00:59.533  2770  2770 I SystemServer: StartAccountManagerService
12-31 16:00:59.537  2770  2770 I SystemServiceManager: Starting com.android.server.accounts.AccountManagerService$Lifecycle
12-31 16:00:59.552  2770  2770 I SystemServer: StartContentService
12-31 16:00:59.557  2770  2770 I SystemServiceManager: Starting com.android.server.content.ContentService$Lifecycle
12-31 16:00:59.567  2770  2770 I SystemServer: InstallSystemProviders
12-31 16:00:59.597  2770  2770 W System  : ClassLoader referenced unknown path: /system/priv-app/SettingsProvider/lib/arm64
12-31 16:00:59.698  2770  2770 I SystemServer: StartVibratorService
12-31 16:00:59.699  2770  2770 E VibratorService: Couldn't load vibrator module (No such file or directory)
12-31 16:00:59.699  2770  2770 W VibratorService: Tried to stop vibrating but there is no vibrator device.
12-31 16:00:59.702  2770  2770 I SystemServer: StartConsumerIrService
12-31 16:00:59.703  2770  2770 E ConsumerIrService: Can't open consumer IR HW Module, error: -2
12-31 16:00:59.703  2770  2770 I SystemServer: StartAlarmManagerService
12-31 16:00:59.704  2770  2770 I SystemServiceManager: Starting com.android.server.AlarmManagerService
12-31 16:00:59.707  2770  2770 D AlarmManagerService: Kernel timezone updated to 480 minutes west of GMT
12-31 16:00:59.715  2770  2770 I SystemServer: InitWatchdog
12-31 16:00:59.715  2770  2770 I SystemServer: StartInputManagerService
12-31 16:00:59.733  2770  2770 I InputManager: Initializing input manager, mUseDevInputEventForAudioJack=true
12-31 16:00:59.766  2770  2770 I SystemServer: StartWindowManagerService
12-31 16:00:59.887  2770  3021 I WindowManager: No existing display settings /data/system/display_settings.xml; starting empty
12-31 16:00:59.980  2770  2770 I SystemServer: StartVrManagerService
12-31 16:00:59.980  2770  2770 I SystemServiceManager: Starting com.android.server.vr.VrManagerService
12-31 16:00:59.986  2770  2770 W VrManagerService: init_native: Could not open VR hardware module, error No such file or directory (-2).
12-31 16:00:59.995  2770  2770 I VrManagerService: VR package found, enabling VR components
12-31 16:01:00.004  2770  2770 I InputManager: Starting input manager
12-31 16:01:00.007  2770  4170 D EventHub: No input device configuration file found for device 'sunxi-keyboard'.
12-31 16:01:00.013  2770  2770 I SystemServiceManager: Starting com.android.server.BluetoothService
12-31 16:01:00.033  2770  2770 D BluetoothManagerService: Loading stored name and address
12-31 16:01:00.033  2770  2770 D BluetoothManagerService: Stored bluetooth Name=fugu,Address=22:22:FB:02:3B:49
12-31 16:01:00.033  2770  2770 I SystemServer: ConnectivityMetricsLoggerService
12-31 16:01:00.034  2770  2770 I SystemServiceManager: Starting com.android.server.connectivity.MetricsLoggerService
12-31 16:01:00.047  2770  2770 I SystemServer: PinnerService
12-31 16:01:00.047  2770  2770 I SystemServiceManager: Starting com.android.server.PinnerService
12-31 16:01:00.047  2770  2770 E PinnerService: Starting PinnerService
12-31 16:01:00.048  2770  2770 I SystemServiceManager: Starting com.android.server.InputMethodManagerService$Lifecycle
12-31 16:01:00.053  2770  4170 W EventHub: Unable to disable kernel key repeat for /dev/input/event7: Function not implemented
12-31 16:01:00.053  2770  4170 I EventHub: New device: id=1, fd=96, path='/dev/input/event7', name='sunxi-keyboard', classes=0x1, configuration='', keyLayout='/system/usr/keylayout/sunxi-keyboard.kl', keyCharacterMap='/system/usr/keychars/Generic.kcm', builtinKeyboard=false, wakeMechanism=EPOLLWAKEUP, usingClockIoctl=true
12-31 16:01:00.054  2770  4170 D EventHub: No input device configuration file found for device 'axp81x-supplyer'.
12-31 16:01:00.060  2770  4170 W EventHub: Unable to disable kernel key repeat for /dev/input/event2: Function not implemented
12-31 16:01:00.061  2770  4170 I EventHub: New device: id=2, fd=97, path='/dev/input/event2', name='axp81x-supplyer', classes=0x1, configuration='', keyLayout='/system/usr/keylayout/Generic.kl', keyCharacterMap='/system/usr/keychars/Generic.kcm', builtinKeyboard=false, wakeMechanism=EPOLLWAKEUP, usingClockIoctl=true
12-31 16:01:00.062  2770  4170 D EventHub: No input device configuration file found for device 'sunxi-ths'.
12-31 16:01:00.084  2770  2770 I InputMethodManagerService: All the enabled IMEs are gone. Reset default enabled IMEs.
12-31 16:01:00.084  2770  2770 W InputMethodUtils: Found no fallback locale. imis=[]
12-31 16:01:00.084  2770  2770 W InputMethodUtils: No software keyboard is found. imis=[] fallbackLocale=null
12-31 16:01:00.087  2770  2770 I SystemServer: StartAccessibilityManagerService
12-31 16:01:00.104  2770  2770 I ActivityManager: Config changes=1df8 {1.0 ?mcc?mnc [en_US] ldltr sw540dp w960dp h540dp 320dpi lrg long land ?uimode ?night -touch -keyb/v/h dpad/v s.2}
12-31 16:01:00.119  2770  2835 I UsageStatsService: User[0] Rollover scheduled @ 2010-01-01 16:01:00(1262390460104)
12-31 16:01:00.135  2770  3021 I ActivityManager: Config changes=400 {1.0 ?mcc?mnc [en_US] ldltr sw540dp w918dp h540dp 320dpi lrg long land ?uimode ?night -touch -keyb/v/h dpad/v s.3}
12-31 16:01:00.138  2770  4170 E EventHub: could not get driver version for /dev/input/mouse0, Not a typewriter
12-31 16:01:00.167  2770  2770 I SystemServiceManager: Starting com.android.server.MountService$Lifecycle
12-31 16:01:00.201  2770  4182 D MountService: Thinking about init, mSystemReady=false, mDaemonConnected=true
12-31 16:01:00.201  2770  4182 D MountService: Thinking about reset, mSystemReady=false, mDaemonConnected=true
12-31 16:01:00.201  2770  2770 I SystemServiceManager: Starting com.android.server.UiModeManagerService
12-31 16:01:00.205  2770  2770 I ActivityManager: Config changes=200 {1.0 ?mcc?mnc [en_US] ldltr sw540dp w918dp h540dp 320dpi lrg long land television -touch -keyb/v/h dpad/v s.4}
12-31 16:01:00.207  2770  4182 D MountService: Thinking about init, mSystemReady=false, mDaemonConnected=true
12-31 16:01:00.207  2770  4182 D MountService: Thinking about reset, mSystemReady=false, mDaemonConnected=true
12-31 16:01:00.207  2770  4182 D CryptdConnector: SND -> {1 cryptfs getfield SystemLocale}
12-31 16:01:00.214  2770  4185 D CryptdConnector: RCV <- {200 1 -1}
12-31 16:01:00.223  2770  4182 W MountService: No primary storage mounted!
12-31 16:01:00.223  2770  4182 D VoldConnector: SND -> {1 asec list}
12-31 16:01:00.229  2770  4184 D VoldConnector: RCV <- {200 1 asec operation succeeded}
12-31 16:01:00.231  2770  4182 I PackageManager: No secure containers found
12-31 16:01:00.231  2770  4182 W PackageManager: Not granting permission android.permission.CAMERA to package com.skype.raider because it was previously installed without
12-31 16:01:00.231  2770  4182 W PackageManager: Not granting permission android.permission.RECORD_AUDIO to package com.skype.raider because it was previously installed without
12-31 16:01:00.231  2770  4182 W PackageManager: Not granting permission android.permission.ACCESS_FINE_LOCATION to package com.skype.raider because it was previously installed without
12-31 16:01:00.231  2770  4182 W PackageManager: Not granting permission android.permission.READ_PHONE_STATE to package com.skype.raider because it was previously installed without
12-31 16:01:00.232  2770  4182 W PackageManager: Not granting permission android.permission.CALL_PHONE to package com.skype.raider because it was previously installed without
12-31 16:01:00.232  2770  4182 W PackageManager: Not granting permission android.permission.WRITE_EXTERNAL_STORAGE to package com.skype.raider because it was previously installed without
12-31 16:01:00.232  2770  4182 W PackageManager: Not granting permission android.permission.GET_ACCOUNTS to package com.skype.raider because it was previously installed without
12-31 16:01:00.232  2770  4182 W PackageManager: Not granting permission android.permission.READ_CONTACTS to package com.skype.raider because it was previously installed without
12-31 16:01:00.232  2770  4182 W PackageManager: Not granting permission android.permission.WRITE_CONTACTS to package com.skype.raider because it was previously installed without
12-31 16:01:00.232  2770  4182 W PackageManager: Unknown permission com.amazon.device.messaging.permission.RECEIVE in package com.skype.raider
12-31 16:01:00.232  2770  4182 W PackageManager: Unknown permission com.nokia.pushnotifications.permission.RECEIVE in package com.skype.raider
12-31 16:01:00.232  2770  4182 W PackageManager: Not granting permission android.permission.RECEIVE_SMS to package com.skype.raider because it was previously installed without
12-31 16:01:00.232  2770  4182 W PackageManager: Not granting permission android.permission.READ_SMS to package com.skype.raider because it was previously installed without
12-31 16:01:00.232  2770  4182 W PackageManager: Not granting permission android.permission.READ_EXTERNAL_STORAGE to package com.skype.raider because it was previously installed without
12-31 16:01:00.232  2770  4182 W PackageManager: Unknown permission com.sec.android.provider.badge.permission.READ in package com.skype.raider
12-31 16:01:00.232  2770  4182 W PackageManager: Unknown permission com.sec.android.provider.badge.permission.WRITE in package com.skype.raider
12-31 16:01:00.232  2770  4182 W PackageManager: Unknown permission com.htc.launcher.permission.READ_SETTINGS in package com.skype.raider
12-31 16:01:00.232  2770  4182 W PackageManager: Unknown permission com.htc.launcher.permission.UPDATE_SHORTCUT in package com.skype.raider
12-31 16:01:00.232  2770  4182 W PackageManager: Unknown permission com.sonyericsson.home.permission.BROADCAST_BADGE in package com.skype.raider
12-31 16:01:00.232  2770  4182 W PackageManager: Unknown permission com.anddoes.launcher.permission.UPDATE_COUNT in package com.skype.raider
12-31 16:01:00.232  2770  4182 W PackageManager: Unknown permission com.majeur.launcher.permission.UPDATE_BADGE in package com.skype.raider
12-31 16:01:00.232  2770  4182 W PackageManager: Unknown permission com.google.android.apps.now.REMOTE_ACCESS in package com.google.android.katniss
12-31 16:01:00.232  2770  4182 W PackageManager: Unknown permission com.google.android.googlequicksearchbox.permission.FINISH_GEL_ACTIVITY in package com.google.android.katniss
12-31 16:01:00.232  2770  4182 W PackageManager: Unknown permission com.google.android.remotesearch.REMOTE_SEARCH_ACCESS in package com.google.android.katniss
12-31 16:01:00.233  2770  4182 W PackageManager: Unknown permission com.google.android.apps.now.CURRENT_ACCOUNT_ACCESS in package com.google.android.katniss
12-31 16:01:00.233  2770  4182 W PackageManager: Unknown permission com.google.android.googlequicksearchbox.permission.C2D_MESSAGE in package com.google.android.katniss
12-31 16:01:00.233  2770  4182 W PackageManager: Not granting permission com.google.android.providers.settings.permission.READ_GSETTINGS to package com.google.android.katniss (protectionLevel=2 flags=0x38d8be45)
12-31 16:01:00.233  2770  4182 W PackageManager: Not granting permission com.google.android.providers.settings.permission.WRITE_GSETTINGS to package com.google.android.katniss (protectionLevel=2 flags=0x38d8be45)
12-31 16:01:00.233  2770  4182 W PackageManager: Unknown permission com.google.android.voicesearch.SHORTCUTS_ACCESS in package com.google.android.katniss
12-31 16:01:00.233  2770  4182 W PackageManager: Unknown permission com.google.android.voicesearch.ACCESS_SETTINGS in package com.google.android.katniss
12-31 16:01:00.233  2770  4182 W PackageManager: Unknown permission com.android.browser.permission.PRELOAD in package com.google.android.katniss
12-31 16:01:00.233  2770  4182 W PackageManager: Unknown permission com.google.android.ears.permission.WRITE in package com.google.android.katniss
12-31 16:01:00.233  2770  4182 W PackageManager: Unknown permission com.google.android.googlequicksearchbox.permission.PAUSE_HOTWORD in package com.google.android.katniss
12-31 16:01:00.233  2770  4182 W PackageManager: Unknown permission com.google.googlenav.friend.permission.OPT_IN in package com.google.android.katniss
12-31 16:01:00.233  2770  4182 W PackageManager: Unknown permission com.google.android.apps.maps.permission.PREFETCH in package com.google.android.katniss
12-31 16:01:00.233  2770  4182 W PackageManager: Unknown permission com.google.android.apps.googlevoice.permission.AUTO_SEND in package com.google.android.katniss
12-31 16:01:00.233  2770  4182 W PackageManager: Unknown permission com.google.android.gm.permission.AUTO_SEND in package com.google.android.katniss
12-31 16:01:00.233  2770  4182 W PackageManager: Not granting permission com.google.android.googleapps.permission.GOOGLE_AUTH.cp to package com.google.android.katniss (protectionLevel=2 flags=0x38d8be45)
12-31 16:01:00.233  2770  4182 W PackageManager: Not granting permission com.google.android.googleapps.permission.GOOGLE_AUTH to package com.google.android.katniss (protectionLevel=2 flags=0x38d8be45)
12-31 16:01:00.233  2770  4182 W PackageManager: Not granting permission com.google.android.hangouts.START_HANGOUT to package com.google.android.katniss (protectionLevel=2 flags=0x38d8be45)
12-31 16:01:00.233  2770  4182 W PackageManager: Unknown permission com.google.android.voicesearch.AUDIO_FILE_ACCESS in package com.google.android.katniss
12-31 16:01:00.233  2770  4182 W PackageManager: Unknown permission com.android.chrome.PRERENDER_URL in package com.google.android.katniss
12-31 16:01:00.233  2770  4182 W PackageManager: Unknown permission com.google.android.launcher.permission.CONTENT_REDIRECT in package com.google.android.katniss
12-31 16:01:00.233  2770  4182 W PackageManager: Unknown permission com.google.android.launcher.permission.READ_SETTINGS in package com.google.android.katniss
12-31 16:01:00.233  2770  4182 W PackageManager: Unknown permission com.google.android.launcher.permission.WRITE_SETTINGS in package com.google.android.katniss
12-31 16:01:00.233  2770  4182 W PackageManager: Unknown permission com.google.android.launcher.permission.RECEIVE_LAUNCH_BROADCASTS in package com.google.android.katniss
12-31 16:01:00.233  2770  4182 W PackageManager: Unknown permission com.google.android.launcher.permission.RECEIVE_FIRST_LOAD_BROADCAST in package com.google.android.katniss
12-31 16:01:00.234  2770  4182 W PackageManager: Not granting permission com.google.android.googleapps.permission.GOOGLE_AUTH to package com.android.providers.calendar (protectionLevel=2 flags=0x30883e45)
12-31 16:01:00.234  2770  4182 W PackageManager: Not granting permission com.google.android.googleapps.permission.GOOGLE_AUTH.cl to package com.android.providers.calendar (protectionLevel=2 flags=0x30883e45)
12-31 16:01:00.234  2770  4182 W PackageManager: Not granting permission android.permission.CLEAR_APP_USER_DATA to package com.google.android.pano.packageinstaller (protectionLevel=258 flags=0x38c83e45)
12-31 16:01:00.234  2770  4182 W PackageManager: Unknown permission android.permission.GRANT_REVOKE_PERMISSIONS in package com.google.android.pano.packageinstaller
12-31 16:01:00.234  2770  4182 W PackageManager: Not granting permission android.permission.INTERACT_ACROSS_USERS_FULL to package com.google.android.pano.packageinstaller (protectionLevel=258 flags=0x38c83e45)
12-31 16:01:00.234  2770  4182 W PackageManager: Unknown permission com.android.setupwizard.permission.SETUP in package com.google.android.fugu.pairing
12-31 16:01:00.235  2770  4182 W PackageManager: Not granting permission android.permission.SEND_DOWNLOAD_COMPLETED_INTENTS to package com.android.vending (protectionLevel=2 flags=0x38cabec5)
12-31 16:01:00.235  2770  4182 W PackageManager: Unknown permission com.google.android.partnersetup.permission.WRITE_APP_PROVIDER in package com.android.vending
12-31 16:01:00.235  2770  4182 W PackageManager: Not granting permission android.permission.GET_ACCOUNTS_PRIVILEGED to package com.google.android.gsf.notouch (protectionLevel=18 flags=0x30c8be45)
12-31 16:01:00.236  2770  4182 W PackageManager: Unknown permission com.samsung.android.providers.context.permission.WRITE_USE_APP_FEATURE_SURVEY in package com.google.android.music
12-31 16:01:00.236  2770  4182 W PackageManager: Not granting permission android.permission.WRITE_MEDIA_STORAGE to package com.estrongs.android.pop (protectionLevel=18 flags=0x38d8bec5)
12-31 16:01:00.236  2770  2770 I SystemServer: StartLockSettingsService
12-31 16:01:00.236  2770  4182 W PackageManager: Unknown permission android.permission.ACCESS_SUPERUSER in package com.estrongs.android.pop
12-31 16:01:00.236  2770  4182 W PackageManager: Unknown permission .PERMISSION in package com.estrongs.android.pop
12-31 16:01:00.236  2770  4182 W PackageManager: Unknown permission android.permission.ACCESS_SUPERUSER in package com.ttxapps.wifiadb
12-31 16:01:00.236  2770  4182 W PackageManager: Not granting permission android.permission.INTERACT_ACROSS_USERS to package com.google.android.syncadapters.contacts (protectionLevel=50 flags=0x38883e45)
12-31 16:01:00.236  2770  4182 W PackageManager: Unknown permission com.google.android.syncadapters.contacts.permission.GAL_SEARCH in package com.google.android.syncadapters.contacts
12-31 16:01:00.237  2770  4182 W PackageManager: Unknown permission com.google.android.permission.INSTALL_WEARABLE_PACKAGES in package com.google.android.packageinstaller
12-31 16:01:00.237  2770  4182 W PackageManager: Unknown permission com.google.android.apps.enterprise.dmagent.permission.AutoSyncPermission in package com.google.android.gms
12-31 16:01:00.237  2770  4182 W PackageManager: Unknown permission android.permission.CONNECTIVITY_USE_RESTRICTED_NETWORKS in package com.google.android.gms
12-31 16:01:00.237  2770  4182 W PackageManager: Unknown permission com.google.android.googlequicksearchbox.permission.PAUSE_HOTWORD in package com.google.android.gms
12-31 16:01:00.237  2770  4182 W PackageManager: Unknown permission com.google.android.gms.auth.authzen.permission.DEVICE_SYNC_FINISHED in package com.google.android.gms
12-31 16:01:00.237  2770  4182 W PackageManager: Unknown permission com.google.android.wearable.READ_SETTINGS in package com.google.android.gms
12-31 16:01:00.237  2770  4182 W PackageManager: Unknown permission com.google.android.gms.common.internal.SHARED_PREFERENCES_PERMISSION in package com.google.android.gms
12-31 16:01:00.237  2770  4182 W PackageManager: Unknown permission com.google.android.gm.permission.READ_GMAIL in package com.google.android.gms
12-31 16:01:00.238  2770  4182 W PackageManager: Unknown permission com.google.android.gms.auth.authzen.permission.KEY_REGISTRATION_FINISHED in package com.google.android.gms
12-31 16:01:00.238  2770  4182 W PackageManager: Unknown permission com.google.android.googleapps.permission.ACCESS_GOOGLE_PASSWORD in package com.google.android.gsf
12-31 16:01:00.238  2770  4182 W PackageManager: Unknown permission com.google.android.googleapps.permission.GOOGLE_MAIL_SWITCH in package com.google.android.gsf
12-31 16:01:00.238  2770  4182 W PackageManager: Not granting permission com.google.android.googleapps.permission.GOOGLE_AUTH to package com.google.android.videos (protectionLevel=2 flags=0x38dbbcc5)
12-31 16:01:00.238  2770  4182 W PackageManager: Not granting permission android.permission.DELETE_PACKAGES to package com.svox.pico (protectionLevel=18 flags=0x3888be45)
12-31 16:01:00.238  2770  4182 W PackageManager: Unknown permission com.google.android.gallery3d.permission.PICASA_STORE in package com.android.dreams.phototable
12-31 16:01:00.238  2770  4182 W PackageManager: Unknown permission com.google.android.leanbacklauncher.recommendations.permission.RECOMMENDATIONS in package com.google.android.leanbacklauncher
12-31 16:01:00.241  2770  2770 I SystemServiceManager: Starting com.android.server.LockSettingsService$Lifecycle
12-31 16:01:00.242  2770  4182 W PackageManager: Not granting permission android.permission.WRITE_EXTERNAL_STORAGE to package com.google.android.talk because it was previously installed without
12-31 16:01:00.242  2770  4182 W PackageManager: Not granting permission android.permission.READ_CONTACTS to package com.google.android.talk because it was previously installed without
12-31 16:01:00.242  2770  4182 W PackageManager: Not granting permission android.permission.READ_PHONE_STATE to package com.google.android.talk because it was previously installed without
12-31 16:01:00.242  2770  4182 W PackageManager: Not granting permission android.permission.ACCESS_COARSE_LOCATION to package com.google.android.talk because it was previously installed without
12-31 16:01:00.242  2770  4182 W PackageManager: Not granting permission android.permission.ACCESS_FINE_LOCATION to package com.google.android.talk because it was previously installed without
12-31 16:01:00.242  2770  4182 W PackageManager: Not granting permission android.permission.CAMERA to package com.google.android.talk because it was previously installed without
12-31 16:01:00.242  2770  4182 W PackageManager: Not granting permission android.permission.RECORD_AUDIO to package com.google.android.talk because it was previously installed without
12-31 16:01:00.242  2770  4182 W PackageManager: Not granting permission android.permission.READ_EXTERNAL_STORAGE to package com.google.android.talk because it was previously installed without
12-31 16:01:00.242  2770  4182 W PackageManager: Not granting permission android.permission.READ_SMS to package com.google.android.talk because it was previously installed without
12-31 16:01:00.242  2770  4182 W PackageManager: Not granting permission android.permission.RECEIVE_SMS to package com.google.android.talk because it was previously installed without
12-31 16:01:00.242  2770  4182 W PackageManager: Not granting permission android.permission.SEND_SMS to package com.google.android.talk because it was previously installed without
12-31 16:01:00.242  2770  4182 W PackageManager: Not granting permission android.permission.RECEIVE_MMS to package com.google.android.talk because it was previously installed without
12-31 16:01:00.242  2770  4182 W PackageManager: Not granting permission android.permission.CALL_PHONE to package com.google.android.talk because it was previously installed without
12-31 16:01:00.242  2770  4182 W PackageManager: Not granting permission android.permission.WRITE_CONTACTS to package com.google.android.talk because it was previously installed without
12-31 16:01:00.242  2770  4182 W PackageManager: Not granting permission android.permission.REGISTER_CONNECTION_MANAGER to package com.google.android.talk (protectionLevel=18 flags=0x30d9be44)
12-31 16:01:00.242  2770  4182 W PackageManager: Not granting permission android.permission.REBOOT to package eu.chainfire.supersu (protectionLevel=18 flags=0x38883e05)
12-31 16:01:00.243  2770  4182 W PackageManager: Not granting permission android.permission.INJECT_EVENTS to package com.google.android.tv.remote.service (protectionLevel=2 flags=0x3088be4d)
12-31 16:01:00.243  2770  4182 W PackageManager: Unknown permission com.google.android.tv.bugreportsender.READ_BUGREPORTS in package com.google.android.tv.remote.service
12-31 16:01:00.245  2770  4182 W PackageManager: Unknown permission com.google.android.gallery3d.permission.GALLERY_PROVIDER in package com.android.bluetooth
12-31 16:01:00.245  2770  4182 W PackageManager: Unknown permission com.android.gallery3d.permission.GALLERY_PROVIDER in package com.android.bluetooth
12-31 16:01:00.245  2770  4182 W PackageManager: Unknown permission android.permission.PROCESS_PHONE_ACCOUNT_REGISTRATION in package com.android.providers.contacts
12-31 16:01:00.272  2770  2770 I SystemServiceManager: Starting com.android.server.DeviceIdleController
12-31 16:01:00.289  2770  4170 D EventHub: No input device configuration file found for device 'MCE IR Keyboard/Mouse (sunxi-rc-recv)'.
12-31 16:01:00.293  2770  4170 I EventHub: New device: id=4, fd=87, path='/dev/input/event1', name='MCE IR Keyboard/Mouse (sunxi-rc-recv)', classes=0xb, configuration='', keyLayout='/system/usr/keylayout/Generic.kl', keyCharacterMap='/system/usr/keychars/Generic.kcm', builtinKeyboard=false, wakeMechanism=EPOLLWAKEUP, usingClockIoctl=true
12-31 16:01:00.293  2770  4170 E EventHub: could not get driver version for /dev/input/mice, Not a typewriter
12-31 16:01:00.538  2770  4170 E EventHub: could not get driver version for /dev/input/mouse1, Not a typewriter
12-31 16:01:00.699  2770  4170 D EventHub: No input device configuration file found for device 'ELMCU iPazzPort'.
12-31 16:01:00.704  2770  4170 W EventHub: Unable to disable kernel key repeat for /dev/input/event4: Function not implemented
12-31 16:01:00.704  2770  4170 I EventHub: New device: id=5, fd=88, path='/dev/input/event4', name='ELMCU iPazzPort', classes=0x80000129, configuration='', keyLayout='/system/usr/keylayout/Generic.kl', keyCharacterMap='/system/usr/keychars/Generic.kcm', builtinKeyboard=false, wakeMechanism=EPOLLWAKEUP, usingClockIoctl=true
12-31 16:01:00.704  2770  4170 D EventHub: No input device configuration file found for device 'ELMCU iPazzPort'.
12-31 16:01:00.709  2770  4170 I EventHub: New device: id=6, fd=91, path='/dev/input/event3', name='ELMCU iPazzPort', classes=0x80000003, configuration='', keyLayout='/system/usr/keylayout/Generic.kl', keyCharacterMap='/system/usr/keychars/Generic.kcm', builtinKeyboard=false, wakeMechanism=EPOLLWAKEUP, usingClockIoctl=true
12-31 16:01:00.709  2770  4170 D EventHub: No input device configuration file found for device 'audiocodec sunxi Audio Jack'.
12-31 16:01:00.713  2770  4170 W EventHub: Unable to disable kernel key repeat for /dev/input/event5: Function not implemented
12-31 16:01:00.714  2770  4170 I EventHub: New device: id=7, fd=102, path='/dev/input/event5', name='audiocodec sunxi Audio Jack', classes=0x81, configuration='', keyLayout='/system/usr/keylayout/Generic.kl', keyCharacterMap='/system/usr/keychars/Generic.kcm', builtinKeyboard=false, wakeMechanism=EPOLLWAKEUP, usingClockIoctl=true
12-31 16:01:00.715  2770  4170 D EventHub: No input device configuration file found for device 'sunxi_ir_recv'.
12-31 16:01:01.856  2770  4170 I EventHub: New device: id=8, fd=103, path='/dev/input/event0', name='sunxi_ir_recv', classes=0x21, configuration='', keyLayout='/system/usr/keylayout/sunxi_ir_recv.kl', keyCharacterMap='/system/usr/keychars/Generic.kcm', builtinKeyboard=false, wakeMechanism=EPOLLWAKEUP, usingClockIoctl=true
12-31 16:01:01.864  2770  4170 I InputReader: Device added: id=-1, name='Virtual', sources=0x00000301
12-31 16:01:01.864  2770  4170 I InputReader: Device added: id=8, name='sunxi_ir_recv', sources=0x00000301
12-31 16:01:01.864  2770  4170 I InputReader: Device added: id=7, name='audiocodec sunxi Audio Jack', sources=0x80000101
12-31 16:01:01.865  2770  4170 I InputReader: Device added: id=6, name='ELMCU iPazzPort', sources=0x00000101
12-31 16:01:02.725  2770  4170 I InputReader: Device added: id=5, name='ELMCU iPazzPort', sources=0x01002313
12-31 16:01:02.725  2770  4170 I InputReader: Device added: id=4, name='MCE IR Keyboard/Mouse (sunxi-rc-recv)', sources=0x00002103
12-31 16:01:02.725  2770  4170 I InputReader: Device added: id=2, name='axp81x-supplyer', sources=0x00000101
12-31 16:01:02.725  2770  4170 I InputReader: Device added: id=1, name='sunxi-keyboard', sources=0x00000101
12-31 16:01:02.726  2770  4170 I InputReader: Reconfiguring input devices.  changes=0x00000004
12-31 16:01:02.800  2770  2770 W art     : Long monitor contention with owner MountService (4182) at void com.android.server.pm.PackageManagerService.loadMediaPackages(android.util.ArrayMap, int[], boolean)(PackageManagerService.java:19075) waiters=0 in android.content.pm.ApplicationInfo com.android.server.pm.PackageManagerService.getApplicationInfo(java.lang.String, int, int) for 2.526s
12-31 16:01:02.800  2770  2835 W art     : Long monitor contention with owner MountService (4182) at void com.android.server.pm.PackageManagerService.loadMediaPackages(android.util.ArrayMap, int[], boolean)(PackageManagerService.java:19075) waiters=1 in void com.android.server.pm.Settings$RuntimePermissionPersistence.writePermissionsSync(int) for 2.354s
12-31 16:01:02.801  2770  4169 I ActivityManager: Config changes=30 {1.0 ?mcc?mnc [en_US] ldltr sw540dp w918dp h540dp 320dpi lrg long land television -touch qwerty/v/v dpad/v s.5}
12-31 16:01:02.809  2770  2770 I SystemServiceManager: Starting com.android.server.devicepolicy.DevicePolicyManagerService$Lifecycle
12-31 16:01:02.875  2770  2770 I SystemServer: StartStatusBarManagerService
12-31 16:01:02.883  2770  2770 I SystemServer: StartClipboardService
12-31 16:01:02.886  2770  2770 I SystemServer: StartNetworkManagementService
12-31 16:01:02.898  2770  4350 I NetworkManagement: onDaemonConnected()
12-31 16:01:02.902  2770  2770 I SystemServiceManager: Starting com.android.server.TextServicesManagerService$Lifecycle
12-31 16:01:02.906  2770  4182 W MountService: No primary storage defined yet; hacking together a stub
12-31 16:01:02.907  2770  4182 W MountService: No primary storage defined yet; hacking together a stub
12-31 16:01:02.909  2770  4182 W MountService: No primary storage mounted!
12-31 16:01:02.909  2770  4182 D VoldConnector: SND -> {2 asec list}
12-31 16:01:02.912  2770  4184 D VoldConnector: RCV <- {200 2 asec operation succeeded}
12-31 16:01:02.913  2770  2770 W TextServicesManagerService: no available spell checker services found
12-31 16:01:02.913  2770  2770 I SystemServer: StartNetworkScoreService
12-31 16:01:02.918  2770  2770 I SystemServer: StartNetworkStatsService
12-31 16:01:02.951  2770  2770 I SystemServer: StartNetworkPolicyManagerService
12-31 16:01:02.954  2770  2779 I art     : Background partial concurrent mark sweep GC freed 16985(1365KB) AllocSpace objects, 7(164KB) LOS objects, 33% free, 5MB/8MB, paused 2.361ms total 150.142ms
12-31 16:01:02.969  2770  2770 I SystemServer: No Wi-Fi NAN Service (NAN support Not Present)
12-31 16:01:03.046  2770  2770 I SystemServiceManager: Starting com.android.server.wifi.p2p.WifiP2pService
12-31 16:01:03.113  2770  2770 I WifiP2pService: Registering wifip2p
12-31 16:01:03.116  2770  2770 I SystemServiceManager: Starting com.android.server.wifi.WifiService
12-31 16:01:03.238  2770  2770 D HS20    : Passpoint is disabled
12-31 16:01:03.264  2770  4377 E IpManager.wlan0: Failed to clear addresses or disable IPv6java.lang.IllegalStateException: command '1 interface ipv6 wlan0 disable' failed with '400 1 Failed to change IPv6 state (No such file or directory)'
12-31 16:01:03.463  2770  4370 D WifiHW  : Unable to unload driver module "8723bs": No such file or directory
12-31 16:01:03.464  2770  2770 W art     : Long monitor contention with owner WifiStateMachine (4370) at boolean com.android.server.wifi.WifiNative.unloadDriverNative()(WifiNative.java:-2) waiters=0 in java.lang.String com.android.server.wifi.WifiNative.doStringCommand(java.lang.String) for 200ms
12-31 16:01:03.464  2770  4370 D WifiApConfigStore: 2G band allowed channels are:1,6,11
12-31 16:01:03.465  2770  2770 E WifiLogger: no ring buffers found
12-31 16:01:03.465  2770  2770 E WifiLogger: Failed to start packet fate monitoring
12-31 16:01:03.471  2770  2770 D WifiController: isAirplaneModeOn = false, isWifiEnabled = true, isScanningAvailable = false
12-31 16:01:03.473  2770  2770 I WifiService: Registering wifi
12-31 16:01:03.484  2770  2770 I SystemServiceManager: Starting com.android.server.wifi.scanner.WifiScanningService
12-31 16:01:03.485  2770  2770 I WifiScanningService: Creating wifiscanner
12-31 16:01:03.488  2770  2770 I WifiScanningService: Publishing wifiscanner
12-31 16:01:03.490  2770  2770 I SystemServiceManager: Starting com.android.server.wifi.RttService
12-31 16:01:03.490  2770  2770 I RttService: Creating rttmanager
12-31 16:01:03.491  2770  2770 I RttService: Starting rttmanager
12-31 16:01:03.493  2770  2770 I SystemServiceManager: Starting com.android.server.ethernet.EthernetService
12-31 16:01:03.493  2770  2770 I EthernetServiceImpl: Creating EthernetConfigStore
12-31 16:01:03.496  2770  2770 E IpConfigStore: Error parsing configuration: java.io.FileNotFoundException: /data/misc/ethernet/ipconfig.txt (No such file or directory)
12-31 16:01:03.496  2770  2770 W EthernetConfigStore: No Ethernet configuration found. Using default.
12-31 16:01:03.497  2770  2770 I EthernetServiceImpl: Read stored IP configuration: IP assignment: DHCP
12-31 16:01:03.497  2770  2770 I EthernetServiceImpl: Proxy settings: NONE
12-31 16:01:03.498  2770  2770 I EthernetService: Registering service ethernet
12-31 16:01:03.499  2770  2770 I SystemServer: StartConnectivityService
12-31 16:01:03.507  2770  2770 D ConnectivityService: ConnectivityService starting up
12-31 16:01:03.510  2770  2770 D ConnectivityService: wifiOnly=false
12-31 16:01:03.511  2770  2770 E ConnectivityService: Ignoring protectedNetwork 10
12-31 16:01:03.511  2770  2770 E ConnectivityService: Ignoring protectedNetwork 11
12-31 16:01:03.511  2770  2770 E ConnectivityService: Ignoring protectedNetwork 12
12-31 16:01:03.511  2770  2770 E ConnectivityService: Ignoring protectedNetwork 14
12-31 16:01:03.511  2770  2770 E ConnectivityService: Ignoring protectedNetwork 15
12-31 16:01:03.525  2770  2770 I SystemServer: StartNsdService
12-31 16:01:03.532  2770  2770 I SystemServer: StartUpdateLockService
12-31 16:01:03.534  2770  2770 I SystemServiceManager: Starting com.android.server.RecoverySystemService
12-31 16:01:03.541  2770  2770 I SystemServiceManager: Starting com.android.server.notification.NotificationManagerService
12-31 16:01:03.575  2770  2770 D ConditionProviders.SCP: new ScheduleConditionProvider()
12-31 16:01:03.584  2770  2770 D ZenLog  : config: readXml,ZenModeConfig[user=0,allowCalls=true,allowRepeatCallers=false,allowMessages=false,allowCallsFrom=contacts,allowMessagesFrom=contacts,allowReminders=true,allowEvents=true,allowWhenScreenOff=true,allowWhenScreenOn=true,automaticRules={43e9e38a245748de8fe9deeeacb6ee60=ZenRule[enabled=false,snoozing=false,name=Event,zenMode=ZEN_MODE_ALARMS,conditionId=condition://android/event?userId=-10000&calendar=&reply=1,condition=Condition[id=condition://android/event?userId=-10000&calendar=&reply=1,summary=...,line1=...,line2=...,icon=0,state=STATE_FALSE,flags=2],component=ComponentInfo{android/com.android.server.notification.EventConditionProvider},id=43e9e38a245748de8fe9deeeacb6ee60,creationTime=1262304151122], 9c15419079014c42a117ab72e3c5dc6e=ZenRule[enabled=false,snoozing=false,name=Weekend,zenMode=ZEN_MODE_ALARMS,conditionId=condition://android/schedule?days=6.7&start=23.30&end=10.0&exitAtAlarm=false,condition=Condition[id=condition://android/schedule?days=6.7&start=23.30&end=10.0&exitAtAlarm=false,summary=...,line1=...,line2=...,icon=0,state=STATE_FALSE,flags=2],component=ComponentInfo{android/com.android.server.notification.ScheduleConditionProvider},id=9c15419079014c42a117ab72e3c5dc6e,creationTime=1262304151121], 0ce4b05b810a4d5097a63495c05dd8ac=ZenRule[enabled=false,snoozing=false,name=Weeknight,zenMode=ZEN_MODE_ALARMS,conditionId=condition://android/schedule?days=1.2.3.4.5&start=22.0&end=7.0&exitAtAlarm=false,condition=Condition[id=condition://android/schedule?days=1.2.3.4.5&start=22.0&end=7.0&exitAtAlarm=false,summary=...,line1=...,line2=...,icon=0,state=STATE_FALSE,flags=2],component=ComponentInfo{android/com.android.server.notification.ScheduleConditionProvider},id=0ce4b05b810a4d5097a63495c05dd8ac,creationTime=1262304151121]},manualRule=ZenRule[enabled=true,snoozing=false,name=null,zenMode=ZEN_MODE_ALARMS,conditionId=null,condition=null,component=null,id=null,creationTime=0]],Diff[automaticRule[4958dc5d1a83425aa29e38e8b465f204]:delete,automaticRule[776ecac4a30d49f4801961e037cf30a7]:delete,automaticRule[43e9e38a245748de8fe9deeeacb6ee60]:insert,automaticRule[e7ec3daebfde47d4bfc692387b5576b9]:delete,automaticRule[9c15419079014c42a117ab72e3c5dc6e]:insert,automaticRule[0ce4b05b810a4d5097a63495c05dd8ac]:insert,manualRule:insert]
12-31 16:01:03.601  2770  2770 D ZenLog  : set_zen_mode: alarms,init
12-31 16:01:03.605  2770  2770 I SystemServiceManager: Starting com.android.server.storage.DeviceStorageMonitorService
12-31 16:01:03.609  2770  2770 I SystemServer: StartLocationManagerService
12-31 16:01:03.620  2770  2770 I SystemServer: StartCountryDetectorService
12-31 16:01:03.624  2770  2770 I SystemServer: StartSearchManagerService
12-31 16:01:03.624  2770  2770 I SystemServiceManager: Starting com.android.server.search.SearchManagerService$Lifecycle
12-31 16:01:03.628  2770  2770 I SystemServiceManager: Starting com.android.server.DropBoxManagerService
12-31 16:01:03.633  2770  2770 I SystemServer: StartWallpaperManagerService
12-31 16:01:03.633  2770  2770 I SystemServiceManager: Starting com.android.server.wallpaper.WallpaperManagerService$Lifecycle
12-31 16:01:03.640  2770  2770 I SystemServer: StartAudioService
12-31 16:01:03.640  2770  2770 I SystemServiceManager: Starting com.android.server.audio.AudioService$Lifecycle
12-31 16:01:03.660  1678  1713 D PermissionCache: checking android.permission.MODIFY_AUDIO_SETTINGS for uid=1000 => granted (894 us)
12-31 16:01:03.667  1678  1708 W AudioFlinger: no wake lock to update, system not ready yet
12-31 16:01:03.699  2770  2770 I SystemServiceManager: Starting com.android.server.DockObserver
12-31 16:01:03.700  2770  2770 W DockObserver: This kernel does not have dock station support
12-31 16:01:03.701  2770  2770 I SystemServer: StartWiredAccessoryManager
12-31 16:01:03.703  2770  2770 W WiredAccessoryManager: This kernel does not have usb audio support
12-31 16:01:03.703  2770  2770 I SystemServiceManager: Starting com.android.server.midi.MidiService$Lifecycle
12-31 16:01:03.710  2770  2770 I SystemServiceManager: Starting com.android.server.usb.UsbService$Lifecycle
12-31 16:01:03.751  2770  2770 I SystemServer: StartSerialService
12-31 16:01:03.753  2770  2770 E HardwarePropertiesManagerService-JNI: Couldn't load thermal module (No such file or directory)
12-31 16:01:03.754  2770  2770 I SystemServiceManager: Starting com.android.server.twilight.TwilightService
12-31 16:01:03.758  2770  2770 I SystemServiceManager: Starting com.android.server.job.JobSchedulerService
12-31 16:01:03.766  2770  2770 D JobStore: Start tag: job-info
12-31 16:01:03.768  2770  2770 W JobStore: Periodic job for uid='1000' persisted run-time is too big [60477:53:39, 60479:05:39]. Clamping to [24:00:58,25:12:58]
12-31 16:01:03.769  2770  2770 W JobStore: Periodic job for uid='1000' persisted run-time is too big [60477:53:39, 60479:05:39]. Clamping to [24:00:58,25:12:58]
12-31 16:01:03.770  2770  2770 W JobStore: Periodic job for uid='1000' persisted run-time is too big [60477:53:39, 60479:05:39]. Clamping to [24:00:58,25:12:58]
12-31 16:01:03.771  2770  2770 W JobStore: Periodic job for uid='1000' persisted run-time is too big [60610:53:39, 60618:44:39]. Clamping to [157:00:58,164:51:58]
12-31 16:01:03.771  2770  2770 W JobStore: Periodic job for uid='1000' persisted run-time is too big [60477:53:39, 60479:05:39]. Clamping to [24:00:58,25:12:58]
12-31 16:01:03.773  2770  2770 W JobStore: Periodic job for uid='1000' persisted run-time is too big [60477:53:39, 60479:05:39]. Clamping to [24:00:58,25:12:58]
12-31 16:01:03.773  2770  2770 W JobStore: Periodic job for uid='1000' persisted run-time is too big [60477:53:39, 60479:05:39]. Clamping to [24:00:58,25:12:58]
12-31 16:01:03.774  2770  2770 W JobStore: Periodic job for uid='1000' persisted run-time is too big [60477:53:39, 60479:05:39]. Clamping to [24:00:58,25:12:58]
12-31 16:01:03.775  2770  2770 W JobStore: Periodic job for uid='1000' persisted run-time is too big [60477:53:39, 60479:05:39]. Clamping to [24:00:58,25:12:58]
12-31 16:01:03.775  2770  2770 W JobStore: Periodic job for uid='1000' persisted run-time is too big [60501:53:39, 60504:17:39]. Clamping to [48:00:58,50:24:58]
12-31 16:01:03.776  2770  2770 W JobStore: Periodic job for uid='1000' persisted run-time is too big [60477:53:39, 60479:05:39]. Clamping to [24:00:58,25:12:58]
12-31 16:01:03.777  2770  2770 W JobStore: Periodic job for uid='1000' persisted run-time is too big [60460:23:16, 60460:41:16]. Clamping to [6:00:58,6:18:58]
12-31 16:01:03.788  2770  2770 I SystemServiceManager: Starting com.android.server.soundtrigger.SoundTriggerService
12-31 16:01:03.791  2770  2770 I SystemServiceManager: Starting com.android.server.backup.BackupManagerService$Lifecycle
12-31 16:01:03.800  2770  2770 I SystemServiceManager: Starting com.android.server.appwidget.AppWidgetService
12-31 16:01:03.825  2770  2770 I SystemServiceManager: Starting com.android.server.voiceinteraction.VoiceInteractionManagerService
12-31 16:01:03.828  2770  2770 I SystemServer: Gesture Launcher Service
12-31 16:01:03.829  2770  2770 I SystemServiceManager: Starting com.android.server.GestureLauncherService
12-31 16:01:03.829  2770  2770 I SystemServiceManager: Starting com.android.server.SensorNotificationService
12-31 16:01:03.829  2770  2770 I SystemServiceManager: Starting com.android.server.ContextHubSystemService
12-31 16:01:03.836  2770  2770 E ContextHubService: ** Could not load context_hub module : err No such file or directory
12-31 16:01:03.836  2770  2770 W ContextHubService: No Context Hub Module present
12-31 16:01:03.836  2770  2770 I SystemServer: StartDiskStatsService
12-31 16:01:03.837  2770  2770 I SystemServer: StartSamplingProfilerService
12-31 16:01:03.866  2770  2770 I SystemServer: StartNetworkTimeUpdateService
12-31 16:01:03.868  2770  2770 I SystemServer: StartCommonTimeManagementService
12-31 16:01:03.870  2770  2770 I SystemServer: CertBlacklister
12-31 16:01:03.875  2770  2770 I SystemServiceManager: Starting com.android.server.dreams.DreamManagerService
12-31 16:01:03.878  2770  2770 I SystemServer: StartAssetAtlasService
12-31 16:01:03.886  2770  2770 I SystemServiceManager: Starting com.android.server.restrictions.RestrictionsManagerService
12-31 16:01:03.887  2770  4425 D AssetAtlas: Loaded configuration: SliceMinArea (576x576) flags=0x2 count=98
12-31 16:01:03.890  1657  3024 D gralloc : ion_alloc from ion_client:19 for 1327104 Bytes uncached buffer by using heap mask 16 successfully, mem_continue_flag is 1
12-31 16:01:03.891  2770  2770 I SystemServiceManager: Starting com.android.server.media.MediaSessionService
12-31 16:01:03.909  2770  2770 I SystemServiceManager: Starting com.android.server.hdmi.HdmiControlService
12-31 16:01:03.920  2770  2770 I system_server: type=1400 audit(0.0:46): avc: denied { read write } for name="sunxi_hdmi_cec" dev="tmpfs" ino=2048 scontext=u:r:system_server:s0 tcontext=u:object_r:device:s0 tclass=chr_file permissive=1
12-31 16:01:03.920  2770  2770 I system_server: type=1400 audit(0.0:47): avc: denied { open } for path="/dev/sunxi_hdmi_cec" dev="tmpfs" ino=2048 scontext=u:r:system_server:s0 tcontext=u:object_r:device:s0 tclass=chr_file permissive=1
12-31 16:01:03.931  2770  2770 I sunxi-hdmi-cec: open_hw_module
12-31 16:01:03.940  2770  2770 I system_server: type=1400 audit(0.0:48): avc: denied { ioctl } for path="/dev/sunxi_hdmi_cec" dev="tmpfs" ino=2048 scontext=u:r:system_server:s0 tcontext=u:object_r:device:s0 tclass=chr_file permissive=1
12-31 16:01:03.956  2770  2770 I sunxi-hdmi-cec: open_hdmi_cec: opened fd=133
12-31 16:01:03.977  2770  2770 I sunxi-hdmi-cec: enable_hdmi_cec: enabled
12-31 16:01:03.977  2770  2770 W sunxi-hdmi-cec: set_hdmi_cec_wake_up: enabled=1 failed=-1
12-31 16:01:03.977  2770  2770 I sunxi-hdmi-cec: open_hw_module: success
12-31 16:01:03.977  2770  2770 I sunxi-hdmi-cec: register_event_callback: 0x7fb1404df4
12-31 16:01:03.979  2770  2770 I sunxi-hdmi-cec: enable_hdmi_cec: is already enabled
12-31 16:01:03.979  2770  2770 I sunxi-hdmi-cec: set_option: flag=5 value=6647399 unsupported
12-31 16:01:03.984  2770  2770 I sunxi-hdmi-cec: add_logical_address: 15
12-31 16:01:03.990  2770  2770 I HdmiControlService: Device does not support MHL-control.
12-31 16:01:03.999  2770  2770 I SystemServiceManager: Starting com.android.server.tv.TvInputManagerService
12-31 16:01:04.022  1657  3024 D gralloc : ion_alloc from ion_client:19 for 8294400 Bytes uncached buffer by using heap mask 16 successfully, mem_continue_flag is 1
12-31 16:01:04.037  2770  4425 D AssetAtlas: Rendered atlas in 111.15ms (33.63+77.52ms)
12-31 16:01:04.043  2770  2770 I SystemServiceManager: Starting com.android.server.media.MediaResourceMonitorService
12-31 16:01:04.045  2770  2770 I SystemServiceManager: Starting com.android.server.tv.TvRemoteService
12-31 16:01:04.046  2770  2770 I SystemServer: StartMediaRouterService
12-31 16:01:04.049  2770  2770 I SystemServiceManager: Starting com.android.server.trust.TrustManagerService
12-31 16:01:04.054  2770  2770 I SystemServer: StartBackgroundDexOptService
12-31 16:01:04.056  2770  2770 I SystemServiceManager: Starting com.android.server.pm.ShortcutService$Lifecycle
12-31 16:01:04.066  2770  4428 W sunxi-hdmi-cec: hdmi-cec sent failed initiator=8 destination=8 length=0 msg=08 00 00 errno=5
12-31 16:01:04.066  2770  2770 I SystemServiceManager: Starting com.android.server.pm.LauncherAppsService
12-31 16:01:04.069  2770  2770 I SystemServiceManager: Starting com.android.server.media.projection.MediaProjectionManagerService
12-31 16:01:04.080  2770  2770 V MediaRouter: Adding route: RouteInfo{ name=TV, description=null, status=null, category=RouteCategory{ name=null types=ROUTE_TYPE_LIVE_AUDIO ROUTE_TYPE_LIVE_VIDEO  groupable=false }, supportedTypes=ROUTE_TYPE_LIVE_AUDIO ROUTE_TYPE_LIVE_VIDEO , presentationDisplay=null }
12-31 16:01:04.083  2770  2770 V MediaRouter: Updating audio routes: AudioRoutesInfo{ type=SPEAKER }
12-31 16:01:04.085  2770  2770 V MediaRouter: Selecting route: RouteInfo{ name=TV, description=null, status=null, category=RouteCategory{ name=null types=ROUTE_TYPE_LIVE_AUDIO ROUTE_TYPE_LIVE_VIDEO  groupable=false }, supportedTypes=ROUTE_TYPE_LIVE_AUDIO ROUTE_TYPE_LIVE_VIDEO , presentationDisplay=null }
12-31 16:01:04.088  2770  2770 I WindowManager: SAFE MODE not enabled
12-31 16:01:04.089  2770  2770 I SystemServiceManager: Starting com.android.server.MmsServiceBroker
12-31 16:01:04.093  2770  2770 W VibratorService: Tried to stop vibrating but there is no vibrator device.
12-31 16:01:04.105  2770  4428 W sunxi-hdmi-cec: hdmi-cec sent failed initiator=8 destination=8 length=0 msg=70 30 32 errno=5
