12-31 16:01:06.236  1688  1688 E OMXNodeInstance: getParameter(6980015:allwinner.decoder.mpeg4, ParamVideoProfileLevelQuerySupported(0x600000f)) ERROR: BadParameter(0x80001005)
12-31 16:01:06.237  1688  4614 E OMXNodeInstance: getExtensionIndex(6980015:allwinner.decoder.mpeg4, OMX.google.android.index.configureVideoTunnelMode) ERROR: Undefined(0x80001001)
12-31 16:01:06.237  1688  4777 D awplayer: <ComponentThread:4323>:  stop command.
12-31 16:01:06.237  1688  4778 D awplayer: <ComponentVdrvThread:4540>: (f:ComponentVdrvThread, l:4540) vdrvThread receive cmd[0x3]
12-31 16:01:06.237  1688  4778 D awplayer: <ComponentVdrvThread:4649>: (f:ComponentVdrvThread, l:4649)(OMX_VdrvCommand_Stop)
12-31 16:01:06.237  1688  4778 D awplayer: <ComponentVdrvThread:4678>: vdrvThread detect nStopFlag[1], exit!
12-31 16:01:06.237  1688  4778 D awplayer: <ComponentVdrvThread:4848>: ***notify: exit the componentVdrvThread!
12-31 16:01:06.238  1688  4777 D awplayer: <ComponentThread:4325>: (f:ComponentThread, l:4325) wait for OMX_VdrvCommand_Stop
12-31 16:01:06.238  1688  4777 D awplayer: <ComponentThread:4327>: (f:ComponentThread, l:4327) wait for OMX_VdrvCommand_Stop done!
12-31 16:01:06.238  1688  4762 D awplayer: <component_deinit:2510>: (f:component_deinit, l:2510) two threads exit!
12-31 16:01:06.238  1688  4762 D awplayer: <~omx_vdec:527>: ~omx_dec done!
12-31 16:01:06.238  1688  4762 D awplayer: <check_lib_unload:394>:  Unloading the dynamic library for OMX.allwinner.video.decoder.mpeg4
12-31 16:01:06.240  1695  1695 I MediaPlayerService: MediaPlayerService::getOMX
12-31 16:01:06.241  1695  1695 I OMXClient: MuxOMX ctor
12-31 16:01:06.241  1688  4614 I OMXMaster: makeComponentInstance(OMX.allwinner.video.decoder.h263) in mediacodec process
12-31 16:01:06.241  1688  4614 D awplayer: <omx_vdec:279>: (f:omx_vdec, l:279) 
12-31 16:01:06.242  1688  4614 D awplayer: <getCallingProcessName:240>: Obtain calling process failed
12-31 16:01:06.242  1688  4614 D awplayer: <omx_vdec:367>: ion open fd = 5
12-31 16:01:06.242  1688  4614 D awplayer: <component_init:537>: (f:component_init, l:537) name = OMX.allwinner.video.decoder.h263
12-31 16:01:06.248  1688  4762 W awplayer: <get_parameter:1199>: pParamProfileLevel->nProfileIndex[0x8] error!
12-31 16:01:06.248  1688  4762 E OMXNodeInstance: getParameter(6980016:allwinner.decoder.h263, ParamVideoProfileLevelQuerySupported(0x600000f)) ERROR: BadParameter(0x80001005)
12-31 16:01:06.249  1688  1688 E OMXNodeInstance: getExtensionIndex(6980016:allwinner.decoder.h263, OMX.google.android.index.configureVideoTunnelMode) ERROR: Undefined(0x80001001)
12-31 16:01:06.251  1688  4780 D awplayer: <ComponentThread:4323>:  stop command.
12-31 16:01:06.251  1688  4781 D awplayer: <ComponentVdrvThread:4540>: (f:ComponentVdrvThread, l:4540) vdrvThread receive cmd[0x3]
12-31 16:01:06.252  1688  4781 D awplayer: <ComponentVdrvThread:4649>: (f:ComponentVdrvThread, l:4649)(OMX_VdrvCommand_Stop)
12-31 16:01:06.252  1688  4781 D awplayer: <ComponentVdrvThread:4678>: vdrvThread detect nStopFlag[1], exit!
12-31 16:01:06.252  1688  4781 D awplayer: <ComponentVdrvThread:4848>: ***notify: exit the componentVdrvThread!
12-31 16:01:06.252  1688  4780 D awplayer: <ComponentThread:4325>: (f:ComponentThread, l:4325) wait for OMX_VdrvCommand_Stop
12-31 16:01:06.252  1688  4780 D awplayer: <ComponentThread:4327>: (f:ComponentThread, l:4327) wait for OMX_VdrvCommand_Stop done!
12-31 16:01:06.252  1688  1703 D awplayer: <component_deinit:2510>: (f:component_deinit, l:2510) two threads exit!
12-31 16:01:06.252  1688  1703 D awplayer: <~omx_vdec:527>: ~omx_dec done!
12-31 16:01:06.252  1688  1703 D awplayer: <check_lib_unload:394>:  Unloading the dynamic library for OMX.allwinner.video.decoder.h263
12-31 16:01:06.254  1695  1695 I MediaPlayerService: MediaPlayerService::getOMX
12-31 16:01:06.254  1695  1695 I OMXClient: MuxOMX ctor
12-31 16:01:06.254  1688  1688 I OMXMaster: makeComponentInstance(OMX.allwinner.video.decoder.vp6) in mediacodec process
12-31 16:01:06.255  1688  1688 D awplayer: <omx_vdec:279>: (f:omx_vdec, l:279) 
12-31 16:01:06.255  1688  1688 D awplayer: <getCallingProcessName:240>: Obtain calling process failed
12-31 16:01:06.255  1688  1688 D awplayer: <omx_vdec:367>: ion open fd = 5
12-31 16:01:06.255  1688  1688 D awplayer: <component_init:537>: (f:component_init, l:537) name = OMX.allwinner.video.decoder.vp6
12-31 16:01:06.256  1688  1703 W awplayer: <get_parameter:1193>: OMX_IndexParamVideoProfileLevelQuerySupported, Format[0xd] not support
12-31 16:01:06.256  1688  1703 E OMXNodeInstance: getParameter(6980017:allwinner.decoder.vp6, ParamVideoProfileLevelQuerySupported(0x600000f)) ERROR: BadParameter(0x80001005)
12-31 16:01:06.257  1688  4762 E OMXNodeInstance: getExtensionIndex(6980017:allwinner.decoder.vp6, OMX.google.android.index.configureVideoTunnelMode) ERROR: Undefined(0x80001001)
12-31 16:01:06.257  1688  4784 D awplayer: <ComponentThread:4323>:  stop command.
12-31 16:01:06.257  1688  4784 D awplayer: <ComponentThread:4325>: (f:ComponentThread, l:4325) wait for OMX_VdrvCommand_Stop
12-31 16:01:06.257  1688  4785 D awplayer: <ComponentVdrvThread:4540>: (f:ComponentVdrvThread, l:4540) vdrvThread receive cmd[0x3]
12-31 16:01:06.257  1688  4785 D awplayer: <ComponentVdrvThread:4649>: (f:ComponentVdrvThread, l:4649)(OMX_VdrvCommand_Stop)
12-31 16:01:06.257  1688  4785 D awplayer: <ComponentVdrvThread:4678>: vdrvThread detect nStopFlag[1], exit!
12-31 16:01:06.257  1688  4785 D awplayer: <ComponentVdrvThread:4848>: ***notify: exit the componentVdrvThread!
12-31 16:01:06.258  1688  4784 D awplayer: <ComponentThread:4327>: (f:ComponentThread, l:4327) wait for OMX_VdrvCommand_Stop done!
12-31 16:01:06.258  1688  4614 D awplayer: <component_deinit:2510>: (f:component_deinit, l:2510) two threads exit!
12-31 16:01:06.259  1688  4614 D awplayer: <~omx_vdec:527>: ~omx_dec done!
12-31 16:01:06.259  1688  4614 D awplayer: <check_lib_unload:394>:  Unloading the dynamic library for OMX.allwinner.video.decoder.vp6
12-31 16:01:06.261  1695  1695 I MediaPlayerService: MediaPlayerService::getOMX
12-31 16:01:06.262  1695  1695 I OMXClient: MuxOMX ctor
12-31 16:01:06.263  1688  4762 I OMXMaster: makeComponentInstance(OMX.allwinner.video.decoder.vp8) in mediacodec process
12-31 16:01:06.266  1688  4762 D awplayer: <omx_vdec:279>: (f:omx_vdec, l:279) 
12-31 16:01:06.266  1688  4762 D awplayer: <getCallingProcessName:240>: Obtain calling process failed
12-31 16:01:06.266  1688  4762 D awplayer: <omx_vdec:367>: ion open fd = 5
12-31 16:01:06.266  1688  4762 D awplayer: <component_init:537>: (f:component_init, l:537) name = OMX.allwinner.video.decoder.vp8
12-31 16:01:06.267  4673  4673 I wpa_supplicant: rfkill: Cannot open RFKILL control device
12-31 16:01:06.268  1688  4614 W awplayer: <get_parameter:1193>: OMX_IndexParamVideoProfileLevelQuerySupported, Format[0x9] not support
12-31 16:01:06.268  1688  4614 E OMXNodeInstance: getParameter(6980018:allwinner.decoder.vp8, ParamVideoProfileLevelQuerySupported(0x600000f)) ERROR: BadParameter(0x80001005)
12-31 16:01:06.268  1688  1703 E OMXNodeInstance: getExtensionIndex(6980018:allwinner.decoder.vp8, OMX.google.android.index.configureVideoTunnelMode) ERROR: Undefined(0x80001001)
12-31 16:01:06.270  1688  4789 D awplayer: <ComponentThread:4323>:  stop command.
12-31 16:01:06.270  1688  4789 D awplayer: <ComponentThread:4325>: (f:ComponentThread, l:4325) wait for OMX_VdrvCommand_Stop
12-31 16:01:06.270  1688  4790 D awplayer: <ComponentVdrvThread:4540>: (f:ComponentVdrvThread, l:4540) vdrvThread receive cmd[0x3]
12-31 16:01:06.270  1688  4790 D awplayer: <ComponentVdrvThread:4649>: (f:ComponentVdrvThread, l:4649)(OMX_VdrvCommand_Stop)
12-31 16:01:06.270  1688  4790 D awplayer: <ComponentVdrvThread:4678>: vdrvThread detect nStopFlag[1], exit!
12-31 16:01:06.271  1688  4790 D awplayer: <ComponentVdrvThread:4848>: ***notify: exit the componentVdrvThread!
12-31 16:01:06.271  1688  4789 D awplayer: <ComponentThread:4327>: (f:ComponentThread, l:4327) wait for OMX_VdrvCommand_Stop done!
12-31 16:01:06.271  1688  1688 D awplayer: <component_deinit:2510>: (f:component_deinit, l:2510) two threads exit!
12-31 16:01:06.271  1688  1688 D awplayer: <~omx_vdec:527>: ~omx_dec done!
12-31 16:01:06.271  1688  1688 D awplayer: <check_lib_unload:394>:  Unloading the dynamic library for OMX.allwinner.video.decoder.vp8
12-31 16:01:06.272  1695  1695 I MediaPlayerService: MediaPlayerService::getOMX
12-31 16:01:06.273  1695  1695 I OMXClient: MuxOMX ctor
12-31 16:01:06.273  1688  1703 I OMXMaster: makeComponentInstance(OMX.allwinner.video.decoder.vc1) in mediacodec process
12-31 16:01:06.273  1688  1703 D awplayer: <omx_vdec:279>: (f:omx_vdec, l:279) 
12-31 16:01:06.273  1688  1703 D awplayer: <getCallingProcessName:240>: Obtain calling process failed
12-31 16:01:06.274  1688  1703 D awplayer: <omx_vdec:367>: ion open fd = 5
12-31 16:01:06.274  1688  1703 D awplayer: <component_init:537>: (f:component_init, l:537) name = OMX.allwinner.video.decoder.vc1
12-31 16:01:06.275  1688  1688 W awplayer: <get_parameter:1193>: OMX_IndexParamVideoProfileLevelQuerySupported, Format[0x5] not support
12-31 16:01:06.275  1688  1688 E OMXNodeInstance: getParameter(6980019:allwinner.decoder.vc1, ParamVideoProfileLevelQuerySupported(0x600000f)) ERROR: BadParameter(0x80001005)
12-31 16:01:06.275  1688  4614 E OMXNodeInstance: getExtensionIndex(6980019:allwinner.decoder.vc1, OMX.google.android.index.configureVideoTunnelMode) ERROR: Undefined(0x80001001)
12-31 16:01:06.278  1688  4793 D awplayer: <ComponentThread:4323>:  stop command.
12-31 16:01:06.278  1688  4794 D awplayer: <ComponentVdrvThread:4540>: (f:ComponentVdrvThread, l:4540) vdrvThread receive cmd[0x3]
12-31 16:01:06.278  1688  4794 D awplayer: <ComponentVdrvThread:4649>: (f:ComponentVdrvThread, l:4649)(OMX_VdrvCommand_Stop)
12-31 16:01:06.278  1688  4794 D awplayer: <ComponentVdrvThread:4678>: vdrvThread detect nStopFlag[1], exit!
12-31 16:01:06.278  1688  4794 D awplayer: <ComponentVdrvThread:4848>: ***notify: exit the componentVdrvThread!
12-31 16:01:06.278  1688  4793 D awplayer: <ComponentThread:4325>: (f:ComponentThread, l:4325) wait for OMX_VdrvCommand_Stop
12-31 16:01:06.278  1688  4793 D awplayer: <ComponentThread:4327>: (f:ComponentThread, l:4327) wait for OMX_VdrvCommand_Stop done!
12-31 16:01:06.279  1688  4762 D awplayer: <component_deinit:2510>: (f:component_deinit, l:2510) two threads exit!
12-31 16:01:06.279  1688  4762 D awplayer: <~omx_vdec:527>: ~omx_dec done!
12-31 16:01:06.279  1688  4762 D awplayer: <check_lib_unload:394>:  Unloading the dynamic library for OMX.allwinner.video.decoder.vc1
12-31 16:01:06.280  1695  1695 I MediaPlayerService: MediaPlayerService::getOMX
12-31 16:01:06.281  1695  1695 I OMXClient: MuxOMX ctor
12-31 16:01:06.281  1688  4614 I OMXMaster: makeComponentInstance(OMX.allwinner.video.decoder.msmpeg4v1) in mediacodec process
12-31 16:01:06.282  1688  4614 D awplayer: <omx_vdec:279>: (f:omx_vdec, l:279) 
12-31 16:01:06.282  1688  4614 D awplayer: <getCallingProcessName:240>: Obtain calling process failed
12-31 16:01:06.282  1688  4614 D awplayer: <omx_vdec:367>: ion open fd = 5
12-31 16:01:06.282  1688  4614 D awplayer: <component_init:537>: (f:component_init, l:537) name = OMX.allwinner.video.decoder.msmpeg4v1
12-31 16:01:06.283  1688  4762 W awplayer: <get_parameter:1193>: OMX_IndexParamVideoProfileLevelQuerySupported, Format[0x10] not support
12-31 16:01:06.283  1688  4762 E OMXNodeInstance: getParameter(698001a:allwinner.decoder.msmpeg4v1, ParamVideoProfileLevelQuerySupported(0x600000f)) ERROR: BadParameter(0x80001005)
12-31 16:01:06.283  1688  1688 E OMXNodeInstance: getExtensionIndex(698001a:allwinner.decoder.msmpeg4v1, OMX.google.android.index.configureVideoTunnelMode) ERROR: Undefined(0x80001001)
12-31 16:01:06.284  1688  4797 D awplayer: <ComponentThread:4323>:  stop command.
12-31 16:01:06.284  1688  4798 D awplayer: <ComponentVdrvThread:4540>: (f:ComponentVdrvThread, l:4540) vdrvThread receive cmd[0x3]
12-31 16:01:06.284  1688  4798 D awplayer: <ComponentVdrvThread:4649>: (f:ComponentVdrvThread, l:4649)(OMX_VdrvCommand_Stop)
12-31 16:01:06.284  1688  4798 D awplayer: <ComponentVdrvThread:4678>: vdrvThread detect nStopFlag[1], exit!
12-31 16:01:06.284  1688  4798 D awplayer: <ComponentVdrvThread:4848>: ***notify: exit the componentVdrvThread!
12-31 16:01:06.284  1688  4797 D awplayer: <ComponentThread:4325>: (f:ComponentThread, l:4325) wait for OMX_VdrvCommand_Stop
12-31 16:01:06.284  1688  4797 D awplayer: <ComponentThread:4327>: (f:ComponentThread, l:4327) wait for OMX_VdrvCommand_Stop done!
12-31 16:01:06.284  1688  1703 D awplayer: <component_deinit:2510>: (f:component_deinit, l:2510) two threads exit!
12-31 16:01:06.284  1688  1703 D awplayer: <~omx_vdec:527>: ~omx_dec done!
12-31 16:01:06.284  1688  1703 D awplayer: <check_lib_unload:394>:  Unloading the dynamic library for OMX.allwinner.video.decoder.msmpeg4v1
12-31 16:01:06.286  1695  1695 I MediaPlayerService: MediaPlayerService::getOMX
12-31 16:01:06.286  1695  1695 I OMXClient: MuxOMX ctor
12-31 16:01:06.286  1688  1688 I OMXMaster: makeComponentInstance(OMX.allwinner.video.decoder.msmpeg4v2) in mediacodec process
12-31 16:01:06.287  1688  1688 D awplayer: <omx_vdec:279>: (f:omx_vdec, l:279) 
12-31 16:01:06.287  1688  1688 D awplayer: <getCallingProcessName:240>: Obtain calling process failed
12-31 16:01:06.287  1688  1688 D awplayer: <omx_vdec:367>: ion open fd = 5
12-31 16:01:06.287  1688  1688 D awplayer: <component_init:537>: (f:component_init, l:537) name = OMX.allwinner.video.decoder.msmpeg4v2
12-31 16:01:06.288  1688  1703 W awplayer: <get_parameter:1193>: OMX_IndexParamVideoProfileLevelQuerySupported, Format[0x11] not support
12-31 16:01:06.288  1688  1703 E OMXNodeInstance: getParameter(698001b:allwinner.decoder.msmpeg4v2, ParamVideoProfileLevelQuerySupported(0x600000f)) ERROR: BadParameter(0x80001005)
12-31 16:01:06.289  1688  4762 E OMXNodeInstance: getExtensionIndex(698001b:allwinner.decoder.msmpeg4v2, OMX.google.android.index.configureVideoTunnelMode) ERROR: Undefined(0x80001001)
12-31 16:01:06.290  1688  4800 D awplayer: <ComponentThread:4323>:  stop command.
12-31 16:01:06.290  1688  4801 D awplayer: <ComponentVdrvThread:4540>: (f:ComponentVdrvThread, l:4540) vdrvThread receive cmd[0x3]
12-31 16:01:06.290  1688  4801 D awplayer: <ComponentVdrvThread:4649>: (f:ComponentVdrvThread, l:4649)(OMX_VdrvCommand_Stop)
12-31 16:01:06.290  1688  4801 D awplayer: <ComponentVdrvThread:4678>: vdrvThread detect nStopFlag[1], exit!
12-31 16:01:06.290  1688  4801 D awplayer: <ComponentVdrvThread:4848>: ***notify: exit the componentVdrvThread!
12-31 16:01:06.290  1688  4800 D awplayer: <ComponentThread:4325>: (f:ComponentThread, l:4325) wait for OMX_VdrvCommand_Stop
12-31 16:01:06.290  1688  4800 D awplayer: <ComponentThread:4327>: (f:ComponentThread, l:4327) wait for OMX_VdrvCommand_Stop done!
12-31 16:01:06.290  1688  4614 D awplayer: <component_deinit:2510>: (f:component_deinit, l:2510) two threads exit!
12-31 16:01:06.290  1688  4614 D awplayer: <~omx_vdec:527>: ~omx_dec done!
12-31 16:01:06.290  1688  4614 D awplayer: <check_lib_unload:394>:  Unloading the dynamic library for OMX.allwinner.video.decoder.msmpeg4v2
12-31 16:01:06.292  1695  1695 I MediaPlayerService: MediaPlayerService::getOMX
12-31 16:01:06.292  1695  1695 I OMXClient: MuxOMX ctor
12-31 16:01:06.293  1688  4762 I OMXMaster: makeComponentInstance(OMX.allwinner.video.decoder.divx) in mediacodec process
12-31 16:01:06.295  1688  4762 D awplayer: <omx_vdec:279>: (f:omx_vdec, l:279) 
12-31 16:01:06.295  1688  4762 D awplayer: <getCallingProcessName:240>: Obtain calling process failed
12-31 16:01:06.297  1688  4762 D awplayer: <omx_vdec:367>: ion open fd = 5
12-31 16:01:06.297  1688  4762 D awplayer: <component_init:537>: (f:component_init, l:537) name = OMX.allwinner.video.decoder.divx
12-31 16:01:06.299  1688  4614 W awplayer: <get_parameter:1193>: OMX_IndexParamVideoProfileLevelQuerySupported, Format[0x12] not support
12-31 16:01:06.299  1688  4614 E OMXNodeInstance: getParameter(698001c:allwinner.decoder.divx, ParamVideoProfileLevelQuerySupported(0x600000f)) ERROR: BadParameter(0x80001005)
12-31 16:01:06.299  1688  1688 E OMXNodeInstance: getExtensionIndex(698001c:allwinner.decoder.divx, OMX.google.android.index.configureVideoTunnelMode) ERROR: Undefined(0x80001001)
12-31 16:01:06.300  1688  4804 D awplayer: <ComponentThread:4323>:  stop command.
12-31 16:01:06.300  1688  4805 D awplayer: <ComponentVdrvThread:4540>: (f:ComponentVdrvThread, l:4540) vdrvThread receive cmd[0x3]
12-31 16:01:06.300  1688  4805 D awplayer: <ComponentVdrvThread:4649>: (f:ComponentVdrvThread, l:4649)(OMX_VdrvCommand_Stop)
12-31 16:01:06.300  1688  4805 D awplayer: <ComponentVdrvThread:4678>: vdrvThread detect nStopFlag[1], exit!
12-31 16:01:06.300  1688  4805 D awplayer: <ComponentVdrvThread:4848>: ***notify: exit the componentVdrvThread!
12-31 16:01:06.300  1688  4804 D awplayer: <ComponentThread:4325>: (f:ComponentThread, l:4325) wait for OMX_VdrvCommand_Stop
12-31 16:01:06.300  1688  4804 D awplayer: <ComponentThread:4327>: (f:ComponentThread, l:4327) wait for OMX_VdrvCommand_Stop done!
12-31 16:01:06.300  1688  1703 D awplayer: <component_deinit:2510>: (f:component_deinit, l:2510) two threads exit!
12-31 16:01:06.300  1688  1703 D awplayer: <~omx_vdec:527>: ~omx_dec done!
12-31 16:01:06.300  1688  1703 D awplayer: <check_lib_unload:394>:  Unloading the dynamic library for OMX.allwinner.video.decoder.divx
12-31 16:01:06.302  1695  1695 I MediaPlayerService: MediaPlayerService::getOMX
12-31 16:01:06.302  1695  1695 I OMXClient: MuxOMX ctor
12-31 16:01:06.303  1688  4614 I OMXMaster: makeComponentInstance(OMX.allwinner.video.decoder.xvid) in mediacodec process
12-31 16:01:06.303  1688  4614 D awplayer: <omx_vdec:279>: (f:omx_vdec, l:279) 
12-31 16:01:06.303  1688  4614 D awplayer: <getCallingProcessName:240>: Obtain calling process failed
12-31 16:01:06.303  1688  4614 D awplayer: <omx_vdec:367>: ion open fd = 5
12-31 16:01:06.303  1688  4614 D awplayer: <component_init:537>: (f:component_init, l:537) name = OMX.allwinner.video.decoder.xvid
12-31 16:01:06.304  1688  1703 W awplayer: <get_parameter:1193>: OMX_IndexParamVideoProfileLevelQuerySupported, Format[0x13] not support
12-31 16:01:06.304  1688  1703 E OMXNodeInstance: getParameter(698001d:allwinner.decoder.xvid, ParamVideoProfileLevelQuerySupported(0x600000f)) ERROR: BadParameter(0x80001005)
12-31 16:01:06.305  1688  1688 E OMXNodeInstance: getExtensionIndex(698001d:allwinner.decoder.xvid, OMX.google.android.index.configureVideoTunnelMode) ERROR: Undefined(0x80001001)
12-31 16:01:06.305  1688  4807 D awplayer: <ComponentThread:4323>:  stop command.
12-31 16:01:06.305  1688  4808 D awplayer: <ComponentVdrvThread:4540>: (f:ComponentVdrvThread, l:4540) vdrvThread receive cmd[0x3]
12-31 16:01:06.305  1688  4808 D awplayer: <ComponentVdrvThread:4649>: (f:ComponentVdrvThread, l:4649)(OMX_VdrvCommand_Stop)
12-31 16:01:06.305  1688  4808 D awplayer: <ComponentVdrvThread:4678>: vdrvThread detect nStopFlag[1], exit!
12-31 16:01:06.305  1688  4808 D awplayer: <ComponentVdrvThread:4848>: ***notify: exit the componentVdrvThread!
12-31 16:01:06.306  1688  4807 D awplayer: <ComponentThread:4325>: (f:ComponentThread, l:4325) wait for OMX_VdrvCommand_Stop
12-31 16:01:06.306  1688  4807 D awplayer: <ComponentThread:4327>: (f:ComponentThread, l:4327) wait for OMX_VdrvCommand_Stop done!
12-31 16:01:06.306  1688  4762 D awplayer: <component_deinit:2510>: (f:component_deinit, l:2510) two threads exit!
12-31 16:01:06.306  1688  4762 D awplayer: <~omx_vdec:527>: ~omx_dec done!
12-31 16:01:06.306  1688  4762 D awplayer: <check_lib_unload:394>:  Unloading the dynamic library for OMX.allwinner.video.decoder.xvid
12-31 16:01:06.307  1695  1695 I MediaPlayerService: MediaPlayerService::getOMX
12-31 16:01:06.308  1695  1695 I OMXClient: MuxOMX ctor
12-31 16:01:06.308  1688  1688 I OMXMaster: makeComponentInstance(OMX.allwinner.video.decoder.s263) in mediacodec process
12-31 16:01:06.309  1688  1688 D awplayer: <omx_vdec:279>: (f:omx_vdec, l:279) 
12-31 16:01:06.309  1688  1688 D awplayer: <getCallingProcessName:240>: Obtain calling process failed
12-31 16:01:06.309  1688  1688 D awplayer: <omx_vdec:367>: ion open fd = 5
12-31 16:01:06.309  1688  1688 D awplayer: <component_init:537>: (f:component_init, l:537) name = OMX.allwinner.video.decoder.s263
12-31 16:01:06.310  1688  4762 W awplayer: <get_parameter:1193>: OMX_IndexParamVideoProfileLevelQuerySupported, Format[0xf] not support
12-31 16:01:06.310  1688  4762 E OMXNodeInstance: getParameter(698001e:allwinner.decoder.s263, ParamVideoProfileLevelQuerySupported(0x600000f)) ERROR: BadParameter(0x80001005)
12-31 16:01:06.311  1688  1703 E OMXNodeInstance: getExtensionIndex(698001e:allwinner.decoder.s263, OMX.google.android.index.configureVideoTunnelMode) ERROR: Undefined(0x80001001)
12-31 16:01:06.311  1688  4810 D awplayer: <ComponentThread:4323>:  stop command.
12-31 16:01:06.311  1688  4811 D awplayer: <ComponentVdrvThread:4540>: (f:ComponentVdrvThread, l:4540) vdrvThread receive cmd[0x3]
12-31 16:01:06.311  1688  4811 D awplayer: <ComponentVdrvThread:4649>: (f:ComponentVdrvThread, l:4649)(OMX_VdrvCommand_Stop)
12-31 16:01:06.311  1688  4811 D awplayer: <ComponentVdrvThread:4678>: vdrvThread detect nStopFlag[1], exit!
12-31 16:01:06.311  1688  4811 D awplayer: <ComponentVdrvThread:4848>: ***notify: exit the componentVdrvThread!
12-31 16:01:06.315  1688  4810 D awplayer: <ComponentThread:4325>: (f:ComponentThread, l:4325) wait for OMX_VdrvCommand_Stop
12-31 16:01:06.315  1688  4810 D awplayer: <ComponentThread:4327>: (f:ComponentThread, l:4327) wait for OMX_VdrvCommand_Stop done!
12-31 16:01:06.316  1688  4614 D awplayer: <component_deinit:2510>: (f:component_deinit, l:2510) two threads exit!
12-31 16:01:06.316  1688  4614 D awplayer: <~omx_vdec:527>: ~omx_dec done!
12-31 16:01:06.316  1688  4614 D awplayer: <check_lib_unload:394>:  Unloading the dynamic library for OMX.allwinner.video.decoder.s263
12-31 16:01:06.318  1695  1695 I MediaPlayerService: MediaPlayerService::getOMX
12-31 16:01:06.318  1695  1695 I OMXClient: MuxOMX ctor
12-31 16:01:06.319  1688  1703 I OMXMaster: makeComponentInstance(OMX.allwinner.video.decoder.rxg2) in mediacodec process
12-31 16:01:06.319  1688  1703 D awplayer: <omx_vdec:279>: (f:omx_vdec, l:279) 
12-31 16:01:06.319  1688  1703 D awplayer: <getCallingProcessName:240>: Obtain calling process failed
12-31 16:01:06.319  1688  1703 D awplayer: <omx_vdec:367>: ion open fd = 5
12-31 16:01:06.319  1688  1703 D awplayer: <component_init:537>: (f:component_init, l:537) name = OMX.allwinner.video.decoder.rxg2
12-31 16:01:06.320  1688  4614 W awplayer: <get_parameter:1193>: OMX_IndexParamVideoProfileLevelQuerySupported, Format[0x14] not support
12-31 16:01:06.320  1688  4614 E OMXNodeInstance: getParameter(698001f:allwinner.decoder.rxg2, ParamVideoProfileLevelQuerySupported(0x600000f)) ERROR: BadParameter(0x80001005)
12-31 16:01:06.321  1688  4762 E OMXNodeInstance: getExtensionIndex(698001f:allwinner.decoder.rxg2, OMX.google.android.index.configureVideoTunnelMode) ERROR: Undefined(0x80001001)
12-31 16:01:06.321  1688  4814 D awplayer: <ComponentThread:4323>:  stop command.
12-31 16:01:06.321  1688  4815 D awplayer: <ComponentVdrvThread:4540>: (f:ComponentVdrvThread, l:4540) vdrvThread receive cmd[0x3]
12-31 16:01:06.321  1688  4815 D awplayer: <ComponentVdrvThread:4649>: (f:ComponentVdrvThread, l:4649)(OMX_VdrvCommand_Stop)
12-31 16:01:06.321  1688  4815 D awplayer: <ComponentVdrvThread:4678>: vdrvThread detect nStopFlag[1], exit!
12-31 16:01:06.321  1688  4815 D awplayer: <ComponentVdrvThread:4848>: ***notify: exit the componentVdrvThread!
12-31 16:01:06.321  1688  4814 D awplayer: <ComponentThread:4325>: (f:ComponentThread, l:4325) wait for OMX_VdrvCommand_Stop
12-31 16:01:06.321  1688  4814 D awplayer: <ComponentThread:4327>: (f:ComponentThread, l:4327) wait for OMX_VdrvCommand_Stop done!
12-31 16:01:06.321  1688  1688 D awplayer: <component_deinit:2510>: (f:component_deinit, l:2510) two threads exit!
12-31 16:01:06.321  1688  1688 D awplayer: <~omx_vdec:527>: ~omx_dec done!
12-31 16:01:06.321  1688  1688 D awplayer: <check_lib_unload:394>:  Unloading the dynamic library for OMX.allwinner.video.decoder.rxg2
12-31 16:01:06.323  1695  1695 I MediaPlayerService: MediaPlayerService::getOMX
12-31 16:01:06.323  1695  1695 I OMXClient: MuxOMX ctor
12-31 16:01:06.323  1688  4762 I OMXMaster: makeComponentInstance(OMX.allwinner.video.decoder.wmv1) in mediacodec process
12-31 16:01:06.324  1688  4762 D awplayer: <omx_vdec:279>: (f:omx_vdec, l:279) 
12-31 16:01:06.324  1688  4762 D awplayer: <getCallingProcessName:240>: Obtain calling process failed
12-31 16:01:06.324  1688  4762 D awplayer: <omx_vdec:367>: ion open fd = 5
12-31 16:01:06.324  1688  4762 D awplayer: <component_init:537>: (f:component_init, l:537) name = OMX.allwinner.video.decoder.wmv1
12-31 16:01:06.325  1688  1688 W awplayer: <get_parameter:1193>: OMX_IndexParamVideoProfileLevelQuerySupported, Format[0x15] not support
12-31 16:01:06.325  1688  1688 E OMXNodeInstance: getParameter(6980020:allwinner.decoder.wmv1, ParamVideoProfileLevelQuerySupported(0x600000f)) ERROR: BadParameter(0x80001005)
12-31 16:01:06.325  1688  4614 E OMXNodeInstance: getExtensionIndex(6980020:allwinner.decoder.wmv1, OMX.google.android.index.configureVideoTunnelMode) ERROR: Undefined(0x80001001)
12-31 16:01:06.326  1688  4817 D awplayer: <ComponentThread:4323>:  stop command.
12-31 16:01:06.326  1688  4818 D awplayer: <ComponentVdrvThread:4540>: (f:ComponentVdrvThread, l:4540) vdrvThread receive cmd[0x3]
12-31 16:01:06.326  1688  4818 D awplayer: <ComponentVdrvThread:4649>: (f:ComponentVdrvThread, l:4649)(OMX_VdrvCommand_Stop)
12-31 16:01:06.326  1688  4818 D awplayer: <ComponentVdrvThread:4678>: vdrvThread detect nStopFlag[1], exit!
12-31 16:01:06.326  1688  4818 D awplayer: <ComponentVdrvThread:4848>: ***notify: exit the componentVdrvThread!
12-31 16:01:06.326  1688  4817 D awplayer: <ComponentThread:4325>: (f:ComponentThread, l:4325) wait for OMX_VdrvCommand_Stop
12-31 16:01:06.326  1688  4817 D awplayer: <ComponentThread:4327>: (f:ComponentThread, l:4327) wait for OMX_VdrvCommand_Stop done!
12-31 16:01:06.326  1688  1703 D awplayer: <component_deinit:2510>: (f:component_deinit, l:2510) two threads exit!
12-31 16:01:06.326  1688  1703 D awplayer: <~omx_vdec:527>: ~omx_dec done!
12-31 16:01:06.326  1688  1703 D awplayer: <check_lib_unload:394>:  Unloading the dynamic library for OMX.allwinner.video.decoder.wmv1
12-31 16:01:06.328  1695  1695 I MediaPlayerService: MediaPlayerService::getOMX
12-31 16:01:06.328  1695  1695 I OMXClient: MuxOMX ctor
12-31 16:01:06.329  1688  4614 I OMXMaster: makeComponentInstance(OMX.allwinner.video.decoder.wmv2) in mediacodec process
12-31 16:01:06.329  1688  4614 D awplayer: <omx_vdec:279>: (f:omx_vdec, l:279) 
12-31 16:01:06.329  1688  4614 D awplayer: <getCallingProcessName:240>: Obtain calling process failed
12-31 16:01:06.329  1688  4614 D awplayer: <omx_vdec:367>: ion open fd = 5
12-31 16:01:06.329  1688  4614 D awplayer: <component_init:537>: (f:component_init, l:537) name = OMX.allwinner.video.decoder.wmv2
12-31 16:01:06.330  1688  1703 W awplayer: <get_parameter:1193>: OMX_IndexParamVideoProfileLevelQuerySupported, Format[0x16] not support
12-31 16:01:06.330  1688  1703 E OMXNodeInstance: getParameter(6980021:allwinner.decoder.wmv2, ParamVideoProfileLevelQuerySupported(0x600000f)) ERROR: BadParameter(0x80001005)
12-31 16:01:06.331  1688  1688 E OMXNodeInstance: getExtensionIndex(6980021:allwinner.decoder.wmv2, OMX.google.android.index.configureVideoTunnelMode) ERROR: Undefined(0x80001001)
12-31 16:01:06.331  1688  4821 D awplayer: <ComponentThread:4323>:  stop command.
12-31 16:01:06.331  1688  4822 D awplayer: <ComponentVdrvThread:4540>: (f:ComponentVdrvThread, l:4540) vdrvThread receive cmd[0x3]
12-31 16:01:06.331  1688  4822 D awplayer: <ComponentVdrvThread:4649>: (f:ComponentVdrvThread, l:4649)(OMX_VdrvCommand_Stop)
12-31 16:01:06.331  1688  4822 D awplayer: <ComponentVdrvThread:4678>: vdrvThread detect nStopFlag[1], exit!
12-31 16:01:06.332  1688  4822 D awplayer: <ComponentVdrvThread:4848>: ***notify: exit the componentVdrvThread!
12-31 16:01:06.332  1688  4821 D awplayer: <ComponentThread:4325>: (f:ComponentThread, l:4325) wait for OMX_VdrvCommand_Stop
12-31 16:01:06.332  1688  4821 D awplayer: <ComponentThread:4327>: (f:ComponentThread, l:4327) wait for OMX_VdrvCommand_Stop done!
12-31 16:01:06.332  1688  4762 D awplayer: <component_deinit:2510>: (f:component_deinit, l:2510) two threads exit!
12-31 16:01:06.332  1688  4762 D awplayer: <~omx_vdec:527>: ~omx_dec done!
12-31 16:01:06.332  1688  4762 D awplayer: <check_lib_unload:394>:  Unloading the dynamic library for OMX.allwinner.video.decoder.wmv2
12-31 16:01:06.333  1695  1695 I MediaPlayerService: MediaPlayerService::getOMX
12-31 16:01:06.334  1695  1695 I OMXClient: MuxOMX ctor
12-31 16:01:06.334  1688  1688 I OMXMaster: makeComponentInstance(OMX.allwinner.video.encoder.avc) in mediacodec process
12-31 16:01:06.349  1688  1688 D awplayer: <get_omx_component_factory_fn:299>: ----get_omx_component_factory_fn
12-31 16:01:06.349  1688  1688 E awplayer: <getCallingProcessName:290>: [40;31mObtain calling process failed[0m
12-31 16:01:06.349  1688  1688 D awplayer: <omx_venc:376>: omx_enc Create!
12-31 16:01:06.349  1688  1688 D awplayer: <component_init:456>:  COMPONENT_INIT, name = OMX.allwinner.video.encoder.avc
12-31 16:01:06.361  1688  1688 E OMXNodeInstance: getParameter(6980022:allwinner.encoder.avc, ParamVideoProfileLevelQuerySupported(0x600000f)) ERROR: BadParameter(0x80001005)
12-31 16:01:06.363  1695  1695 W ACodec  : do not know color format 0x7f000789 = 2130708361
12-31 16:01:06.365  1688  1688 E OMXNodeInstance: getConfig(6980022:allwinner.encoder.avc, ConfigAndroidIntraRefresh(0x6f60000a)) ERROR: UnsupportedIndex(0x8000101a)
12-31 16:01:06.366  1688  4614 D awplayer: <component_deinit:2078>: component_deinit
12-31 16:01:06.366  1688  4825 D awplayer: <ComponentThread:3012>: x stop command.
12-31 16:01:06.366  1688  4826 D awplayer: <ComponentVencThread:3918>: vencThread detect nStopFlag[1], exit!
12-31 16:01:06.366  1688  4614 D awplayer: <check_lib_unload:394>:  Unloading the dynamic library for OMX.allwinner.video.encoder.avc
12-31 16:01:06.372  1695  1695 I MediaPlayerService: MediaPlayerService::getOMX
12-31 16:01:06.372  1695  1695 I OMXClient: MuxOMX ctor
12-31 16:01:06.372  1688  4762 I OMXMaster: makeComponentInstance(OMX.google.mpeg4.decoder) in mediacodec process
12-31 16:01:06.373  2770  2770 I ActivityManager: START u0 {act=android.intent.action.MAIN cat=[android.intent.category.HOME] flg=0x10000100 cmp=com.android.tv.settings/.system.FallbackHome} from uid 0 on display 0
12-31 16:01:06.389  1688  4762 E OMXNodeInstance: getExtensionIndex(6980023:google.mpeg4.decoder, OMX.google.android.index.configureVideoTunnelMode) ERROR: UnsupportedIndex(0x8000101a)
12-31 16:01:06.389  1688  1688 W OMXNodeInstance: [6980023:google.mpeg4.decoder] component does not support metadata mode; using fallback
12-31 16:01:06.391  1695  1695 I MediaPlayerService: MediaPlayerService::getOMX
12-31 16:01:06.391  1695  1695 I OMXClient: MuxOMX ctor
12-31 16:01:06.391  1688  1688 I OMXMaster: makeComponentInstance(OMX.google.h263.decoder) in mediacodec process
12-31 16:01:06.396  4545  4545 V SystemUIService: Starting SystemUI services for user 0.
12-31 16:01:06.400  1688  4762 E OMXNodeInstance: getExtensionIndex(6980024:google.h263.decoder, OMX.google.android.index.configureVideoTunnelMode) ERROR: UnsupportedIndex(0x8000101a)
12-31 16:01:06.400  1688  1688 W OMXNodeInstance: [6980024:google.h263.decoder] component does not support metadata mode; using fallback
12-31 16:01:06.402  1695  1695 I MediaPlayerService: MediaPlayerService::getOMX
12-31 16:01:06.403  1695  1695 I OMXClient: MuxOMX ctor
12-31 16:01:06.403  1688  1688 I OMXMaster: makeComponentInstance(OMX.google.h264.decoder) in mediacodec process
12-31 16:01:06.437  1688  4614 E OMXNodeInstance: getExtensionIndex(6980025:google.h264.decoder, OMX.google.android.index.configureVideoTunnelMode) ERROR: UnsupportedIndex(0x8000101a)
12-31 16:01:06.437  1688  1703 W OMXNodeInstance: [6980025:google.h264.decoder] component does not support metadata mode; using fallback
12-31 16:01:06.439  1695  1695 I MediaPlayerService: MediaPlayerService::getOMX
12-31 16:01:06.439  1695  1695 I OMXClient: MuxOMX ctor
12-31 16:01:06.439  1688  1703 I OMXMaster: makeComponentInstance(OMX.google.hevc.decoder) in mediacodec process
12-31 16:01:06.471  1688  4762 E OMXNodeInstance: getExtensionIndex(6980026:google.hevc.decoder, OMX.google.android.index.configureVideoTunnelMode) ERROR: UnsupportedIndex(0x8000101a)
12-31 16:01:06.471  1688  1703 W OMXNodeInstance: [6980026:google.hevc.decoder] component does not support metadata mode; using fallback
12-31 16:01:06.473  1695  1695 I MediaPlayerService: MediaPlayerService::getOMX
12-31 16:01:06.473  1695  1695 I OMXClient: MuxOMX ctor
12-31 16:01:06.473  1688  1703 I OMXMaster: makeComponentInstance(OMX.google.vp8.decoder) in mediacodec process
12-31 16:01:06.499  1688  4762 E OMXNodeInstance: getExtensionIndex(6980027:google.vp8.decoder, OMX.google.android.index.configureVideoTunnelMode) ERROR: UnsupportedIndex(0x8000101a)
12-31 16:01:06.500  1688  1703 W OMXNodeInstance: [6980027:google.vp8.decoder] component does not support metadata mode; using fallback
12-31 16:01:06.501  1695  1695 I MediaPlayerService: MediaPlayerService::getOMX
12-31 16:01:06.502  1695  1695 I OMXClient: MuxOMX ctor
12-31 16:01:06.502  1688  1703 I OMXMaster: makeComponentInstance(OMX.google.vp9.decoder) in mediacodec process
12-31 16:01:06.506  1688  1703 E OMXNodeInstance: getExtensionIndex(6980028:google.vp9.decoder, OMX.google.android.index.configureVideoTunnelMode) ERROR: UnsupportedIndex(0x8000101a)
12-31 16:01:06.506  1688  1688 W OMXNodeInstance: [6980028:google.vp9.decoder] component does not support metadata mode; using fallback
12-31 16:01:06.507  1695  1695 I MediaPlayerService: MediaPlayerService::getOMX
12-31 16:01:06.508  1695  1695 I OMXClient: MuxOMX ctor
12-31 16:01:06.508  1688  1688 I OMXMaster: makeComponentInstance(OMX.google.h263.encoder) in mediacodec process
12-31 16:01:06.519  2770  2770 W System  : ClassLoader referenced unknown path: 
12-31 16:01:06.519  2770  2770 W System  : ClassLoader referenced unknown path: /system/priv-app/TvSettings/lib/arm64
12-31 16:01:06.535  1688  1688 I SoftMPEG4Encoder: Construct SoftMPEG4Encoder
12-31 16:01:06.537  1695  1695 W ACodec  : do not know color format 0x7f000789 = 2130708361
12-31 16:01:06.537  1688  4762 E OMXNodeInstance: getConfig(6980029:google.h263.encoder, ConfigAndroidIntraRefresh(0x6f60000a)) ERROR: Undefined(0x80001001)
12-31 16:01:06.539  1695  1695 I MediaPlayerService: MediaPlayerService::getOMX
12-31 16:01:06.539  1695  1695 I OMXClient: MuxOMX ctor
12-31 16:01:06.540  1688  4614 I OMXMaster: makeComponentInstance(OMX.google.h264.encoder) in mediacodec process
12-31 16:01:06.572  1695  1695 W ACodec  : do not know color format 0x7f000789 = 2130708361
12-31 16:01:06.574  1695  1695 I MediaPlayerService: MediaPlayerService::getOMX
12-31 16:01:06.574  1695  1695 I OMXClient: MuxOMX ctor
12-31 16:01:06.574  1688  1703 I OMXMaster: makeComponentInstance(OMX.google.mpeg4.encoder) in mediacodec process
12-31 16:01:06.576  1688  1703 I SoftMPEG4Encoder: Construct SoftMPEG4Encoder
12-31 16:01:06.580  2770  2770 I ActivityManager: Loaded persisted task ids for user 0
12-31 16:01:06.583  1695  1695 W ACodec  : do not know color format 0x7f000789 = 2130708361
12-31 16:01:06.583  1688  4762 E OMXNodeInstance: getConfig(698002b:google.mpeg4.encoder, ConfigAndroidIntraRefresh(0x6f60000a)) ERROR: Undefined(0x80001001)
12-31 16:01:06.587  1695  1695 I MediaPlayerService: MediaPlayerService::getOMX
12-31 16:01:06.588  1695  1695 I OMXClient: MuxOMX ctor
12-31 16:01:06.588  1688  1688 I OMXMaster: makeComponentInstance(OMX.google.vp8.encoder) in mediacodec process
12-31 16:01:06.607  2770  2770 I ActivityManager: Start proc 4861:com.android.tv.settings/1000 for activity com.android.tv.settings/.system.FallbackHome
12-31 16:01:06.618  2770  2835 W LocationProviderProxy-network: Odd, no component found for service com.android.location.service.v3.NetworkLocationProvider
12-31 16:01:06.619  2770  2835 W GeocoderProxy: Odd, no component found for service com.android.location.service.GeocodeProvider
12-31 16:01:06.619  2770  2835 W GeofenceProxy: Odd, no component found for service com.android.location.service.GeofenceProvider
12-31 16:01:06.619  2770  2835 W ActivityRecognitionProxy: Odd, no component found for service com.android.location.service.ActivityRecognitionProvider
12-31 16:01:06.620  2770  2770 I SystemServer: Enabled StrictMode for system server main thread.
12-31 16:01:06.628  1695  1695 W ACodec  : do not know color format 0x7f000789 = 2130708361
12-31 16:01:06.628  1688  4762 E OMXNodeInstance: getConfig(698002c:google.vp8.encoder, ConfigAndroidIntraRefresh(0x6f60000a)) ERROR: Undefined(0x80001001)
12-31 16:01:06.629  2770  2770 W ContextImpl: Calling a method in the system process without a qualified user: android.app.ContextImpl.startService:1385 com.android.server.content.SyncManager$13.run:631 android.os.Handler.handleCallback:751 android.os.Handler.dispatchMessage:95 android.os.Looper.loop:154 
12-31 16:01:06.633  1695  1695 I MediaPlayerService: MediaPlayerService::getOMX
12-31 16:01:06.634  1695  1695 I OMXClient: MuxOMX ctor
12-31 16:01:06.634  1695  1695 W MediaCodecList: unable to open media codecs configuration xml file: /etc/media_codecs_performance.xml
12-31 16:01:06.635  1695  1695 I MediaPlayerService: MediaPlayerService::getOMX
12-31 16:01:06.639  1695  1695 I OMXClient: MuxOMX ctor
12-31 16:01:06.648  1695  1695 W MediaCodecList: unable to open media codecs configuration xml file: /data/misc/media/media_codecs_profiling_results.xml
12-31 16:01:06.654  1695  4685 I MediaPlayerService: MediaPlayerService::getOMX
12-31 16:01:06.656  2770  4518 I OMXClient: MuxOMX ctor
12-31 16:01:06.658  1688  4762 I OMXMaster: makeComponentInstance(OMX.google.vorbis.decoder) in mediacodec process
12-31 16:01:06.659  4523  4523 I art     : System.exit called, status: 0
12-31 16:01:06.659  4523  4523 I AndroidRuntime: VM exiting with result code 0, cleanup skipped.
12-31 16:01:06.745  2770  2836 W art     : Long monitor contention with owner Binder:2770_1 (2788) at void com.android.server.am.ActivityManagerService.attachApplication(android.app.IApplicationThread)(ActivityManagerService.java:6601) waiters=0 in void com.android.server.am.ActivityStackSupervisor.handleDisplayChanged(int) for 107ms
12-31 16:01:06.747  2770  2770 D ConditionProviders.SCP: onConnected
12-31 16:01:06.748  2770  2770 D ZenLog  : set_zen_mode: alarms,readXml
12-31 16:01:06.752  2770  2770 D ConditionProviders: Subscribing to condition://android/event?userId=-10000&calendar=&reply=1 with ComponentInfo{android/com.android.server.notification.EventConditionProvider}
12-31 16:01:06.752  2770  2770 D ZenLog  : subscribe: condition://android/event?userId=-10000&calendar=&reply=1,ok
12-31 16:01:06.753  2770  2770 D ConditionProviders: Subscribing to condition://android/schedule?days=6.7&start=23.30&end=10.0&exitAtAlarm=false with ComponentInfo{android/com.android.server.notification.ScheduleConditionProvider}
12-31 16:01:06.753  2770  2770 D ZenLog  : subscribe: condition://android/schedule?days=6.7&start=23.30&end=10.0&exitAtAlarm=false,ok
12-31 16:01:06.753  2770  2770 D ConditionProviders: Subscribing to condition://android/schedule?days=1.2.3.4.5&start=22.0&end=7.0&exitAtAlarm=false with ComponentInfo{android/com.android.server.notification.ScheduleConditionProvider}
12-31 16:01:06.753  2770  2770 D ZenLog  : subscribe: condition://android/schedule?days=1.2.3.4.5&start=22.0&end=7.0&exitAtAlarm=false,ok
12-31 16:01:06.782  1695  4685 I MediaPlayerService: MediaPlayerService::getOMX
12-31 16:01:06.782  2770  4895 I OMXClient: MuxOMX ctor
12-31 16:01:06.784  1688  1688 I OMXMaster: makeComponentInstance(OMX.google.vorbis.decoder) in mediacodec process
12-31 16:01:06.791  4861  4861 W System  : ClassLoader referenced unknown path: /system/priv-app/TvSettings/lib/arm64
12-31 16:01:06.860  2770  2770 I system_server: type=1400 audit(0.0:53): avc: denied { ioctl } for path="/dev/sunxi_hdmi_cec" dev="tmpfs" ino=2048 scontext=u:r:system_server:s0 tcontext=u:object_r:device:s0 tclass=chr_file permissive=1
12-31 16:01:06.870  2770  2770 I sunxi-hdmi-cec: get_physical_address: 4096
12-31 16:01:06.871  2770  2770 I sunxi-hdmi-cec: get_physical_address: 4096
12-31 16:01:06.872  2770  2770 I sunxi-hdmi-cec: add_logical_address: 8
12-31 16:01:06.872  2770  2770 I sunxi-hdmi-cec: get_physical_address: 4096
12-31 16:01:06.925  2770  4428 W sunxi-hdmi-cec: hdmi-cec sent failed initiator=8 destination=15 length=4 msg=84 10 00 errno=5
12-31 16:01:06.932  2770  2770 D RttService: SCAN_AVAILABLE : 1
12-31 16:01:06.932  2770  4392 I WifiScanningService: wifi driver unloaded
12-31 16:01:06.932  2770  4393 D RttService: DefaultState got{ when=0 what=160513 target=com.android.internal.util.StateMachine$SmHandler }
12-31 16:01:06.933  2770  2770 D ZenLog  : set_zen_mode: alarms,cleanUpZenRules
12-31 16:01:07.004  2770  2770 W System  : ClassLoader referenced unknown path: /system/priv-app/FusedLocation/lib/arm64
12-31 16:01:07.022  4477  4477 D AdapterServiceConfig: Adding HeadsetService
12-31 16:01:07.022  4477  4477 D AdapterServiceConfig: Adding A2dpService
12-31 16:01:07.022  4477  4477 D AdapterServiceConfig: Adding HidService
12-31 16:01:07.022  4477  4477 D AdapterServiceConfig: Adding HealthService
12-31 16:01:07.022  4477  4477 D AdapterServiceConfig: Adding PanService
12-31 16:01:07.022  4477  4477 D AdapterServiceConfig: Adding GattService
12-31 16:01:07.022  4477  4477 D AdapterServiceConfig: Adding BluetoothMapService
12-31 16:01:07.032  2770  2770 V WiredAccessoryManager: notifyWiredAccessoryChanged: when=0 bits= mask=54
12-31 16:01:07.032  2770  2770 V WiredAccessoryManager: newName=h2w newState=0 headsetState=0 prev headsetState=0
12-31 16:01:07.033  2770  2770 E WiredAccessoryManager: No state change.
12-31 16:01:07.033  2770  2770 V WiredAccessoryManager: init()
12-31 16:01:07.037  2770  2770 V WiredAccessoryManager: newName=hdmi newState=16 headsetState=16 prev headsetState=0
12-31 16:01:07.037  2770  2770 I WiredAccessoryManager: MSG_NEW_DEVICE_STATE
12-31 16:01:07.067  2770  4428 I sunxi-hdmi-cec: hdmi-cec sent initiator=8 destination=15 length=4 msg=84 10 00
12-31 16:01:07.069  1657  1720 D PermissionCache: checking android.permission.HARDWARE_TEST for uid=1000 => granted (2009 us)
12-31 16:01:07.070  4545  4545 V MediaRouter: Adding route: RouteInfo{ name=TV, description=null, status=null, category=RouteCategory{ name=null types=ROUTE_TYPE_LIVE_AUDIO ROUTE_TYPE_LIVE_VIDEO  groupable=false }, supportedTypes=ROUTE_TYPE_LIVE_AUDIO ROUTE_TYPE_LIVE_VIDEO , presentationDisplay=null }
12-31 16:01:07.081  4545  4545 V MediaRouter: Updating audio routes: AudioRoutesInfo{ type=SPEAKER }
12-31 16:01:07.085  4545  4545 V MediaRouter: Selecting route: RouteInfo{ name=TV, description=null, status=null, category=RouteCategory{ name=null types=ROUTE_TYPE_LIVE_AUDIO ROUTE_TYPE_LIVE_VIDEO  groupable=false }, supportedTypes=ROUTE_TYPE_LIVE_AUDIO ROUTE_TYPE_LIVE_VIDEO , presentationDisplay=null }
12-31 16:01:07.091  1695  4685 I MediaPlayerService: MediaPlayerService::getOMX
12-31 16:01:07.092  2770  4925 I OMXClient: MuxOMX ctor
12-31 16:01:07.095  1688  1703 I OMXMaster: makeComponentInstance(OMX.google.vorbis.decoder) in mediacodec process
12-31 16:01:07.188  2770  2770 W VibratorService: Tried to stop vibrating but there is no vibrator device.
12-31 16:01:07.190  4545  4545 V FingerprintManager: FingerprintManagerService was null
12-31 16:01:07.195  4545  4545 W FingerprintManager: isFingerprintHardwareDetected(): Service not connected!
12-31 16:01:07.195  4545  4545 W FingerprintManager: addLockoutResetCallback(): Service not connected!
12-31 16:01:07.206  2770  4428 I sunxi-hdmi-cec: hdmi-cec sent initiator=8 destination=15 length=4 msg=87 00 15
12-31 16:01:07.217  1695  4560 I MediaPlayerService: MediaPlayerService::getOMX
12-31 16:01:07.218  2770  4937 I OMXClient: MuxOMX ctor
12-31 16:01:07.219  1688  1688 I OMXMaster: makeComponentInstance(OMX.google.vorbis.decoder) in mediacodec process
12-31 16:01:07.252  2770  2835 I SyncManager: Got SyncJobService instance.
12-31 16:01:07.253  2770  2770 D ConditionProviders.SCP: onSubscribe condition://android/schedule?days=6.7&start=23.30&end=10.0&exitAtAlarm=false
12-31 16:01:07.254  2770  2770 D ConditionProviders.SCP: setRegistered true
12-31 16:01:07.258  2770  4404 E ActivityThread: Failed to find provider info for com.android.calendar
12-31 16:01:07.258  2770  4404 E ActivityThread: Failed to find provider info for com.android.calendar
12-31 16:01:07.260  2770  2770 D ConditionProviders.SCP: notifyCondition condition://android/schedule?days=6.7&start=23.30&end=10.0&exitAtAlarm=false STATE_FALSE reason=!meetsSchedule
12-31 16:01:07.265  2770  2770 D ConditionProviders.SCP: Scheduling evaluate for Thu Dec 31 23:30:00 PST 2009 (1262331000000), in +7h28m52s742ms, now=Thu Dec 31 16:01:07 PST 2009 (1262304067258)
12-31 16:01:07.265  2770  2770 D ConditionProviders.SCP: onSubscribe condition://android/schedule?days=1.2.3.4.5&start=22.0&end=7.0&exitAtAlarm=false
12-31 16:01:07.267  2770  2770 D ConditionProviders.SCP: notifyCondition condition://android/schedule?days=6.7&start=23.30&end=10.0&exitAtAlarm=false STATE_FALSE reason=!meetsSchedule
12-31 16:01:07.268  2770  2770 D ConditionProviders.SCP: notifyCondition condition://android/schedule?days=1.2.3.4.5&start=22.0&end=7.0&exitAtAlarm=false STATE_FALSE reason=!meetsSchedule
12-31 16:01:07.270  2770  2770 D ConditionProviders.SCP: Scheduling evaluate for Thu Dec 31 22:00:00 PST 2009 (1262325600000), in +5h58m52s734ms, now=Thu Dec 31 16:01:07 PST 2009 (1262304067266)
12-31 16:01:07.277  2770  2770 V WiredAccessoryManager: headsetName:  connected
12-31 16:01:07.287  2770  4431 I sunxi-hdmi-cec: hdmi-cec received initiator=0 destination=8 length=1 msg=46 00 00
12-31 16:01:07.294  2770  2770 I FusedLocation: engine started (com.android.location.fused)
12-31 16:01:07.314  4529  4529 I art     : System.exit called, status: 0
12-31 16:01:07.315  4529  4529 I AndroidRuntime: VM exiting with result code 0, cleanup skipped.
12-31 16:01:07.323  1695  4560 I MediaPlayerService: MediaPlayerService::getOMX
12-31 16:01:07.324  2770  4952 I OMXClient: MuxOMX ctor
12-31 16:01:07.330  1688  4946 I OMXMaster: makeComponentInstance(OMX.google.vorbis.decoder) in mediacodec process
12-31 16:01:07.399  1657  4880 E SurfaceFlinger: ro.sf.lcd_density must be defined as a build property
12-31 16:01:07.416  4545  4962 E WVMExtractor: Failed to open libwvm.so: dlopen failed: library "libwvm.so" not found
12-31 16:01:07.438  2770  3020 D BluetoothManagerService: Message: 100
12-31 16:01:07.438  2770  3020 E BluetoothManagerService: MESSAGE_TIMEOUT_BIND
12-31 16:01:07.444  1695  4560 I MediaPlayerService: MediaPlayerService::getOMX
12-31 16:01:07.445  2770  4969 I OMXClient: MuxOMX ctor
12-31 16:01:07.447  1688  1703 I OMXMaster: makeComponentInstance(OMX.google.vorbis.decoder) in mediacodec process
12-31 16:01:07.456  2770  4428 I sunxi-hdmi-cec: hdmi-cec sent initiator=8 destination=0 length=5 msg=47 66 75
12-31 16:01:07.488  1657  1720 D gralloc : ion_alloc from ion_client:19 for 8294400 Bytes uncached buffer by using heap mask 16 successfully, mem_continue_flag is 1
12-31 16:01:07.490  4861  4959 I OpenGLRenderer: Initialized EGL, version 1.4
12-31 16:01:07.492  4861  4959 D OpenGLRenderer: Swap behavior 1
12-31 16:01:07.537  1678  1705 V audio_hw_primary: adev_set_voice_volume, volume: 0.800000
12-31 16:01:07.538  2770  3020 D BluetoothManagerService: Message: 20
12-31 16:01:07.538  2770  3020 D BluetoothManagerService: Added callback: android.bluetooth.IBluetoothManagerCallback$Stub$Proxy@4c7d74f:true
12-31 16:01:07.557  4477  4477 D BluetoothAdapterState: make() - Creating AdapterState
12-31 16:01:07.570  2770  4431 I sunxi-hdmi-cec: hdmi-cec received initiator=0 destination=8 length=1 msg=8c 00 00
12-31 16:01:07.596  2770  3020 D BluetoothManagerService: Message: 401
12-31 16:01:07.597  1657  1720 D gralloc : ion_alloc from ion_client:19 for 8294400 Bytes uncached buffer by using heap mask 16 successfully, mem_continue_flag is 1
12-31 16:01:07.599  1695  4560 I MediaPlayerService: MediaPlayerService::getOMX
12-31 16:01:07.601  4545  4978 I OMXClient: MuxOMX ctor
12-31 16:01:07.603  1688  4614 I OMXMaster: makeComponentInstance(OMX.google.vorbis.decoder) in mediacodec process
12-31 16:01:07.607  1657  1720 D gralloc : ion_alloc from ion_client:19 for 8294400 Bytes uncached buffer by using heap mask 16 successfully, mem_continue_flag is 1
12-31 16:01:07.640  4477  4477 I bt_btif : init
12-31 16:01:07.641  4477  4982 I BluetoothAdapterState: Entering OffState
12-31 16:01:07.656  4673  4673 I wpa_supplicant: rfkill: Cannot open RFKILL control device
12-31 16:01:07.667  4477  4994 W bt_osi_thread: run_thread: thread id 4994, thread name stack_manager started
12-31 16:01:07.668  4477  4994 I bt_stack_manager: event_init_stack is initializing the stack
12-31 16:01:07.669  4477  4994 I bt_core_module: module_init Initializing module "osi_module"
12-31 16:01:07.669  4477  4994 I bt_core_module: module_init Initialized module "osi_module"
12-31 16:01:07.669  4477  4994 I bt_core_module: module_init Initializing module "bt_utils_module"
12-31 16:01:07.669  4477  4994 I bt_core_module: module_init Initialized module "bt_utils_module"
