11-23 15:45:24.847  8501 10281 I art     :   at void bkh.<init>(java.lang.String, android.content.Context, boolean) ((null):-1)
11-23 15:45:24.847  8501 10281 I art     :   at void dgj.<init>(java.lang.String, android.content.Context, boolean) (SourceFile:39)
11-23 15:45:24.847  8501 10281 I art     :   at dgg dgh.a(java.lang.String, android.content.Context, boolean) (SourceFile:2017)
11-23 15:45:24.847  8501 10281 I art     :   at dgg dgh.a(java.lang.String, android.content.Context) (SourceFile:1027)
11-23 15:45:24.847  8501 10281 I art     :   at dgg dtl.b() (SourceFile:280)
11-23 15:45:24.847  8501 10281 I art     :   at void dtl.a() (SourceFile:253)
11-23 15:45:24.847  8501 10281 I art     :   at dgg dtm.c() (SourceFile:1053)
11-23 15:45:24.847  8501 10281 I art     :   at java.lang.Object dtm.b() (SourceFile:211)
11-23 15:45:24.847  8501 10281 I art     :   at java.lang.Object eim.a() (SourceFile:136)
11-23 15:45:24.847  8501 10281 I art     :   at java.lang.String dtn.c() (SourceFile:230)
11-23 15:45:24.847  8501 10281 I art     :   at java.lang.Object dtn.b() (SourceFile:226)
11-23 15:45:24.847  8501 10281 I art     :   at java.lang.Object eim.a() (SourceFile:136)
11-23 15:45:24.848  8501 10281 I art     :   at java.lang.String dtl.e() (SourceFile:370)
11-23 15:45:24.848  8501 10281 I art     :   at void dyl.a(htd) (SourceFile:51)
11-23 15:45:24.848  8501 10281 I art     :   at void avu.a(avu, htd) (SourceFile:33)
11-23 15:45:24.848  8501 10281 I art     :   at void avv.run() (SourceFile:50)
11-23 15:45:24.848  8501 10281 I art     :   at java.lang.Object java.util.concurrent.Executors$RunnableAdapter.call() (Executors.java:428)
11-23 15:45:24.848  8501 10281 I art     :   at void java.util.concurrent.FutureTask.run() (FutureTask.java:237)
11-23 15:45:24.848  8501 10281 I art     :   at void java.util.concurrent.ThreadPoolExecutor.runWorker(java.util.concurrent.ThreadPoolExecutor$Worker) (ThreadPoolExecutor.java:1133)
11-23 15:45:24.848  8501 10281 I art     :   at void java.util.concurrent.ThreadPoolExecutor$Worker.run() (ThreadPoolExecutor.java:607)
11-23 15:45:24.848  8501 10281 I art     :   at void java.lang.Thread.run() (Thread.java:761)
11-23 15:45:24.848  8501 10281 I art     : 
11-23 15:45:25.291  8501 10281 W art     : Before Android 4.1, method double java.util.concurrent.ThreadLocalRandom.internalNextDouble(double, double) would have incorrectly overridden the package-private method in java.util.Random
11-23 15:45:25.291  8501 10281 W art     : Before Android 4.1, method int java.util.concurrent.ThreadLocalRandom.internalNextInt(int, int) would have incorrectly overridden the package-private method in java.util.Random
11-23 15:45:25.291  8501 10281 W art     : Before Android 4.1, method long java.util.concurrent.ThreadLocalRandom.internalNextLong(long, long) would have incorrectly overridden the package-private method in java.util.Random
11-23 15:45:29.062  8501  8513 W art     : Suspending all threads took: 7.739ms
11-23 15:45:29.156  2770  2770 D ZenLog  : intercepted: 0|com.google.android.youtube.tv|-984585684|null|10055,alarmsOnly
11-23 15:45:29.157  2770  2770 V NotificationService: pkg=com.google.android.youtube.tv canInterrupt=false intercept=true
11-23 15:45:29.189  2770  2770 D ZenLog  : intercepted: 0|com.google.android.youtube.tv|-562868861|null|10055,alarmsOnly
11-23 15:45:29.190  2770  2770 V NotificationService: pkg=com.google.android.youtube.tv canInterrupt=false intercept=true
11-23 15:45:29.282  4545  4571 I art     : Background partial concurrent mark sweep GC freed 443(22KB) AllocSpace objects, 0(0B) LOS objects, 40% free, 13MB/22MB, paused 434us total 104.977ms
11-23 15:45:29.317  2770  2770 D ZenLog  : intercepted: 0|com.google.android.youtube.tv|-194560984|null|10055,alarmsOnly
11-23 15:45:29.319  2770  2770 V NotificationService: pkg=com.google.android.youtube.tv canInterrupt=false intercept=true
11-23 15:45:29.430  5907  5907 D NVID    : Ranker$isBlacklisted  com.google.android.youtube.tv
11-23 15:45:29.476  5907  5907 D NVID    : Ranker$isBlacklisted  com.google.android.youtube.tv
11-23 15:45:29.548  5907  5907 D NVID    : Ranker$isBlacklisted  com.google.android.youtube.tv
11-23 15:45:29.572  2770  2779 I art     : Background partial concurrent mark sweep GC freed 11231(718KB) AllocSpace objects, 4(128KB) LOS objects, 33% free, 9MB/13MB, paused 1.904ms total 382.998ms
11-23 15:45:29.641  5907  5907 W NotificationCardView: Invalid Content URI provided for recommendation background: null
11-23 15:45:29.738  5907  5907 W NotificationCardView: Invalid Content URI provided for recommendation background: null
11-23 15:45:29.916  2770  2770 D ZenLog  : intercepted: 0|com.google.android.youtube.tv|1174591309|null|10055,alarmsOnly
11-23 15:45:29.918  2770  2770 V NotificationService: pkg=com.google.android.youtube.tv canInterrupt=false intercept=true
11-23 15:45:30.080  5670  5682 I art     : Background partial concurrent mark sweep GC freed 212(9KB) AllocSpace objects, 0(0B) LOS objects, 40% free, 1479KB/2MB, paused 10.897ms total 82.862ms
11-23 15:45:30.174  5907  5907 D NVID    : Ranker$isBlacklisted  com.google.android.youtube.tv
11-23 15:45:30.209  2770  2770 D ZenLog  : intercepted: 0|com.google.android.youtube.tv|1510521129|null|10055,alarmsOnly
11-23 15:45:30.216  2770  2770 V NotificationService: pkg=com.google.android.youtube.tv canInterrupt=false intercept=true
11-23 15:45:30.251  2770  2779 I art     : Background partial concurrent mark sweep GC freed 3896(158KB) AllocSpace objects, 0(0B) LOS objects, 33% free, 9MB/13MB, paused 1.715ms total 337.688ms
11-23 15:45:30.376  2770  2770 D ZenLog  : intercepted: 0|com.google.android.youtube.tv|-1661928973|null|10055,alarmsOnly
11-23 15:45:30.378  2770  2770 V NotificationService: pkg=com.google.android.youtube.tv canInterrupt=false intercept=true
11-23 15:45:30.429  5907  5919 W art     : Suspending all threads took: 13.885ms
11-23 15:45:30.433  5907  5919 I art     : Background partial concurrent mark sweep GC freed 1129(74KB) AllocSpace objects, 2(700KB) LOS objects, 40% free, 17MB/28MB, paused 15.227ms total 169.017ms
11-23 15:45:30.439  4545  4571 I art     : Background partial concurrent mark sweep GC freed 229(13KB) AllocSpace objects, 0(0B) LOS objects, 40% free, 13MB/22MB, paused 327us total 124.494ms
11-23 15:45:30.462  5907  5907 W NotificationCardView: Invalid Content URI provided for recommendation background: null
11-23 15:45:30.479  5907  5907 W NotificationCardView: Invalid Content URI provided for recommendation background: null
11-23 15:45:30.648  5907  5907 D NVID    : Ranker$isBlacklisted  com.google.android.youtube.tv
11-23 15:45:30.689  5907  5907 D NVID    : Ranker$isBlacklisted  com.google.android.youtube.tv
11-23 15:45:30.741  5907  5907 W LauncherWallpaper: TIMEOUT fetching wallpeper image: content://com.google.android.videos.nowtifications/bitmap/?uri=https%3A%2F%2Flh3.googleusercontent.com%2F4sVpq55xyJLVonFKsIpWOquIR5ALOz_WSy4CytBXJcb8WC2jzuIfAq347NFO5WQMogxX%253Dk-rwu-w1920
11-23 15:45:30.809  5907  5907 W NotificationCardView: Invalid Content URI provided for recommendation background: null
11-23 15:45:30.834  5907  5907 W NotificationCardView: Invalid Content URI provided for recommendation background: null
11-23 15:45:31.030  2770  2770 D ZenLog  : intercepted: 0|com.google.android.youtube.tv|95318512|null|10055,alarmsOnly
11-23 15:45:31.033  2770  2770 V NotificationService: pkg=com.google.android.youtube.tv canInterrupt=false intercept=true
11-23 15:45:31.261  5907  5907 D NVID    : Ranker$isBlacklisted  com.google.android.youtube.tv
11-23 15:45:31.308  2770  2779 I art     : Background partial concurrent mark sweep GC freed 3275(125KB) AllocSpace objects, 0(0B) LOS objects, 33% free, 9MB/13MB, paused 1.680ms total 294.971ms
11-23 15:45:31.332  5907  5919 I art     : Background partial concurrent mark sweep GC freed 965(47KB) AllocSpace objects, 2(700KB) LOS objects, 40% free, 19MB/32MB, paused 1.146ms total 121.985ms
11-23 15:45:31.341  5907  5907 W NotificationCardView: Invalid Content URI provided for recommendation background: null
11-23 15:45:31.376  5907  5907 W NotificationCardView: Invalid Content URI provided for recommendation background: null
11-23 15:45:31.500  5907  5919 W art     : Suspending all threads took: 7.346ms
11-23 15:45:31.503  5907  5919 I art     : Background partial concurrent mark sweep GC freed 416(18KB) AllocSpace objects, 0(0B) LOS objects, 40% free, 19MB/32MB, paused 8.444ms total 62.848ms
11-23 15:45:32.261  5907  5919 I art     : Background sticky concurrent mark sweep GC freed 41(2088B) AllocSpace objects, 0(0B) LOS objects, 0% free, 36MB/36MB, paused 403us total 173.201ms
11-23 15:45:41.339  6881  7108 I Finsky  : [112] com.google.android.finsky.c.e.run(1152): Replicating app states via AMAS.
11-23 15:45:41.450  6881  7108 I Finsky  : [112] com.google.android.finsky.c.c.a(314): Completed 0 account content syncs with 0 successful.
11-23 15:45:41.451  6881  6881 I Finsky  : [1] com.google.android.finsky.services.j.a(148): Installation state replication succeeded.
11-23 15:45:43.887  6527  7217 I chromium: [6527:7217:INFO:ssdp_device.c(101)] SSDP packets sent for 38 seconds = 5
11-23 15:45:45.994  6527  6527 I chromium: [6527:6527:INFO:metrics_util.cc(107)] Metrics stat: total=13
11-23 15:45:45.994  6527  6527 I chromium: AppStarted=1
11-23 15:45:45.994  6527  6527 I chromium: Cast.DCS.DownloadSuccess=1
11-23 15:45:45.994  6527  6527 I chromium: CastV2.Authenticate.Challenge.In=3
11-23 15:45:45.994  6527  6527 I chromium: CastV2.Authenticate.Response.Out=3
11-23 15:45:45.994  6527  6527 I chromium: CastV2.Receiver.DeviceStatus.Out=8
11-23 15:45:45.994  6527  6527 I chromium: CastV2.Receiver.DeviceStatus.Out.Broadcast=4
11-23 15:45:45.994  6527  6527 I chromium: CastV2.Transport.Accept=3
11-23 15:45:45.994  6527  6527 I chromium: CastV2.Transport.Close=3
11-23 15:45:45.994  6527  6527 I chromium: CastV2.Transport.TcpAccept=3
11-23 15:45:45.994  6527  6527 I chromium: Cloud.Transport.Https.Register.Out=1
11-23 15:45:45.994  6527  6527 I chromium: Cloud.Transport.Https.Register.Out.Error=1
11-23 15:45:45.994  6527  6527 I chromium: Dial.SsdpDeviceDesc.Linux=1
11-23 15:45:45.994  6527  6527 I chromium: Dial.SsdpDeviceDesc.Linux.200=1
11-23 15:45:46.122  1689  1689 I WVCdm   : CdmEngine::OpenSession
11-23 15:45:46.136  1689  1689 I WVCdm   : CdmEngine::QueryKeyControlInfo
11-23 15:45:46.137  1689  1762 I WVCdm   : CdmEngine::CloseSession
11-23 15:45:46.138  6527  7165 I ClientAuthCredsImpl: ensureProvisioned: already provisioned, nothing more to do.
11-23 15:45:46.152  6527  7165 D ClientAuthCredsImpl: PostRequest:https://www.googleapis.com/certificateprovisioning/v1/devicecertificates/create?key=AIzaSyB-5OLKTx2iU5mko18DfdwK5611JIjbUhE&signedRequest=CmkKTAgAEkgAAAACAAARXfk74A4WySAaaiziQBUY-KbMk-v-jJm1w-A4KPspXDdx2LgTbX9P_nDG1Wo3J490YEgud2N5uuyms-r78Mjc5BsSBIBQdPUaEwgBEg9jYXN0Lmdvb2dsZS5jb20SIPPAHbqvtIodPWiK6M2prAyK_jZQNfRgrngDr_IR0FXx
11-23 15:45:46.350  6527  7165 E ClientAuthCredsImpl: Server returned HTTP error code 500
11-23 15:45:46.351  6527  7165 E ClientAuthCredsImpl: attemptCredsProvisioning. Received null response.
11-23 15:45:46.351  6527  7165 I ClientAuthCredsProvisioning: ClientAuthCredsProvisioning. Next attempt(secs): 60
11-23 15:45:47.796  6527  6527 E chromium: [6527:6527:ERROR:receiver_namespace_handler.cc(597)] Idle screen app 'E8C28D3C' did not start RUNNING. But, keep it alive.
11-23 15:45:49.914  2770  4431 I sunxi-hdmi-cec: hdmi-cec received initiator=0 destination=8 length=1 msg=8f 00 00
11-23 15:45:50.002  2770  4428 I sunxi-hdmi-cec: hdmi-cec sent initiator=8 destination=0 length=2 msg=90 00 c1
11-23 15:45:50.291  6527  6527 E chromium: [6527:6527:ERROR:client_auth_signer.cc(191)] Cast certificate is not valid.
11-23 15:45:50.291  6527  6527 I chromium: [6527:6527:INFO:metrics_util.cc(51)] Record action: Cloud.Transport.Https.Register.Out
11-23 15:45:50.291  6527  6527 E chromium: [6527:6527:ERROR:client_auth_signer.cc(191)] Cast certificate is not valid.
11-23 15:45:50.291  6527  6527 W chromium: [6527:6527:WARNING:client_auth_signer.cc(112)] No private key, hence empty signature.
11-23 15:45:50.292  6527  6527 E chromium: [6527:6527:ERROR:cast_auth_headers.cc(131)] Unable to update signature header
11-23 15:45:50.292  6527  6527 E chromium: [6527:6527:ERROR:client_auth_signer.cc(191)] Cast certificate is not valid.
11-23 15:45:50.292  6527  6527 W chromium: [6527:6527:WARNING:client_auth_signer.cc(112)] No private key, hence empty signature.
11-23 15:45:50.292  6527  6527 E chromium: [6527:6527:ERROR:cast_auth_headers.cc(131)] Unable to update signature header
11-23 15:45:50.292  6527  6527 E chromium: [6527:6527:ERROR:client_auth_signer.cc(191)] Cast certificate is not valid.
11-23 15:45:50.292  6527  6527 E chromium: [6527:6527:ERROR:client_auth_signer.cc(191)] Cast certificate is not valid.
11-23 15:45:50.293  6527  6527 I chromium: [6527:6527:INFO:ccs_manager_impl.cc(838)] Registering device with CCS: message_id = cce19123-bc7b-4daf-be18-83802f639f97
11-23 15:45:50.363  6527  6527 E chromium: [6527:6527:ERROR:ccs_transport_https.cc(537)] Received response code 403 for message_id = cce19123-bc7b-4daf-be18-83802f639f97 - )]}'
11-23 15:45:50.363  6527  6527 E chromium: 
11-23 15:45:50.363  6527  6527 E chromium: [["er",,,,,403,,,,7]
11-23 15:45:50.363  6527  6527 E chromium: ]
11-23 15:45:50.363  6527  6527 I chromium: [6527:6527:INFO:metrics_util.cc(51)] Record action: Cloud.Transport.Https.Register.Out.Error
11-23 15:45:50.363  6527  6527 I chromium: [6527:6527:INFO:ccs_manager_impl.cc(1388)] Scheduling next register for device in time: 112.237s
11-23 15:45:50.416  6527  7091 I chromium: [6527:7091:INFO:mdns_app_filter.cc(1994)] MdnsAppFilter: responses sent in 65 seconds: 3
11-23 15:45:51.723  2770  4410 W AudioTrack: AUDIO_OUTPUT_FLAG_FAST denied by client; transfer 4, track 48000 Hz, output 44100 Hz
11-23 15:45:51.872  1678  1708 V audio_hw_primary: out_set_parameters: routing=1024
11-23 15:45:51.873  1678  1708 V audio_hw_primary: out_set_parameters, line: 1565
11-23 15:45:51.873  1678  1708 V audio_hw_primary: >>>>>>>> adev->mode:0,adev->out_device is: 2, val is : 1024
11-23 15:45:51.873  1678  1708 V audio_hw_primary: out_set_parameters, line: 1589
11-23 15:45:51.873  1678  1708 D audio_hw_primary: >>>>>> select_device
11-23 15:45:51.874  1678  1705 V audio_hw_primary: adev_set_voice_volume, volume: 1.000000
11-23 15:45:51.875  1678  1708 V audio_hw_primary: start_output_stream, line: 1234
11-23 15:45:51.876  1678  1708 D audio_hw_primary: >>>>>> select_device
11-23 15:45:51.876  1678  1708 V audio_hw_primary: active_output, ****LINE:1054,FUNC:select_device, adev->out_device:1024
11-23 15:45:51.876  1678  1708 V audio_hw_primary: ****LINE:1060,FUNC:select_device, headset_on:0, headphone_on:0, speaker_on:0, earpiece_on:0, bt_on:0
11-23 15:45:51.876  1678  1708 V audio_hw_primary: ****LINE:1087,FUNC:select_device, output_device_id:0
11-23 15:45:51.876  1678  1708 V audio_hw_primary: NORMAL mode, ****LINE:1091,FUNC:select_device, adev->out_device:1024
11-23 15:45:51.876  1678  1708 V audio_hw_primary: start_output_stream: card:1, port:0, rate:44100, period_count:3, period_size:1024
11-23 15:45:51.876  1678  1708 V audio_hw_primary: do not use out resampler
11-23 15:45:51.888  1678  1708 D AudioFlinger: mixer(0xf6103b40) throttle end: throttle time(11)
11-23 15:45:51.923  1678  1708 D AudioFlinger: mixer(0xf6103b40) throttle end: throttle time(1)
11-23 15:45:52.143  1678  1705 V audio_hw_primary: adev_set_voice_volume, volume: 0.800000
11-23 15:45:53.557  1678  1708 V audio_hw_primary: out_set_parameters: routing=1024
11-23 15:45:53.557  1678  1708 V audio_hw_primary: out_set_parameters, line: 1565
11-23 15:45:53.557  1678  1708 V audio_hw_primary: >>>>>>>> adev->mode:0,adev->out_device is: 1024, val is : 1024
11-23 15:45:53.558  1678  1705 V audio_hw_primary: adev_set_voice_volume, volume: 1.000000
11-23 15:45:53.908  1678  1705 V audio_hw_primary: adev_set_voice_volume, volume: 0.800000
11-23 15:45:54.103  2770  2788 I ActivityManager: START u0 {act=android.intent.action.MAIN cat=[android.intent.category.LAUNCHER] flg=0x10200000 cmp=eu.chainfire.tv.sideloadlauncher/.MainActivity} from uid 10017 on display 0
11-23 15:45:54.170  2770  7085 I ActivityManager: Start proc 12109:eu.chainfire.tv.sideloadlauncher/u0a51 for activity eu.chainfire.tv.sideloadlauncher/.MainActivity
11-23 15:45:54.174  2770  2836 I ActivityManager: Killing 7483:android.process.acore/u0a7 (adj 906): empty #17
11-23 15:45:54.426 12109 12109 W System  : ClassLoader referenced unknown path: /system/app/SideloadLauncher/lib/arm64
11-23 15:45:54.987 12109 12122 W art     : Suspending all threads took: 9.747ms
11-23 15:45:54.990 12109 12122 I art     : Background partial concurrent mark sweep GC freed 61(13KB) AllocSpace objects, 0(0B) LOS objects, 39% free, 9MB/15MB, paused 10.369ms total 36.397ms
11-23 15:45:55.029  1657  4459 E SurfaceFlinger: ro.sf.lcd_density must be defined as a build property
11-23 15:45:55.073 12109 12170 I OpenGLRenderer: Initialized EGL, version 1.4
11-23 15:45:55.073 12109 12170 D OpenGLRenderer: Swap behavior 1
11-23 15:45:55.091  1657  3024 D gralloc : ion_alloc from ion_client:19 for 8294400 Bytes uncached buffer by using heap mask 16 successfully, mem_continue_flag is 1
11-23 15:45:55.123  1657  3024 D gralloc : ion_alloc from ion_client:19 for 8294400 Bytes uncached buffer by using heap mask 16 successfully, mem_continue_flag is 1
11-23 15:45:55.141  1657  3024 D gralloc : ion_alloc from ion_client:19 for 8294400 Bytes uncached buffer by using heap mask 16 successfully, mem_continue_flag is 1
11-23 15:45:55.184  1657  1722 D gralloc : ion_alloc from ion_client:19 for 8294400 Bytes uncached buffer by using heap mask 16 successfully, mem_continue_flag is 1
11-23 15:45:55.379  1657  1722 D gralloc : ion_alloc from ion_client:19 for 8294400 Bytes uncached buffer by using heap mask 16 successfully, mem_continue_flag is 1
11-23 15:45:55.395  2770  3021 I ActivityManager: Displayed eu.chainfire.tv.sideloadlauncher/.MainActivity: +1s252ms
11-23 15:45:55.419  1657  3024 D gralloc : ion_alloc from ion_client:19 for 8294400 Bytes uncached buffer by using heap mask 16 successfully, mem_continue_flag is 1
11-23 15:45:55.532  1657  1722 D gralloc : ion_alloc from ion_client:19 for 8294400 Bytes uncached buffer by using heap mask 16 successfully, mem_continue_flag is 1
11-23 15:45:55.850  5907  5907 D ViewRootImpl[MainActivity]: changeCanvasOpacity: opaque=false
11-23 15:45:55.857  5907  5907 D ViewRootImpl[MainActivity]: changeCanvasOpacity: opaque=false
11-23 15:45:55.868  2770  4792 I WindowManager: Destroying surface Surface(name=com.google.android.leanbacklauncher/com.google.android.leanbacklauncher.MainActivity) called by com.android.server.wm.WindowStateAnimator.destroySurface:2014 com.android.server.wm.WindowStateAnimator.destroySurfaceLocked:881 com.android.server.wm.WindowState.destroyOrSaveSurface:2073 com.android.server.wm.AppWindowToken.destroySurfaces:363 com.android.server.wm.AppWindowToken.notifyAppStopped:389 com.android.server.wm.WindowManagerService.notifyAppStopped:4456 com.android.server.am.ActivityStack.activityStoppedLocked:1252 com.android.server.am.ActivityManagerService.activityStopped:6873 
11-23 15:45:56.673  1678  1708 D audio_hw_primary: out_standby
11-23 15:45:57.335  1678  1708 V audio_hw_primary: out_set_parameters: routing=1024
11-23 15:45:57.335  1678  1708 V audio_hw_primary: out_set_parameters, line: 1565
11-23 15:45:57.335  1678  1708 V audio_hw_primary: >>>>>>>> adev->mode:0,adev->out_device is: 1024, val is : 1024
11-23 15:45:57.337  1678  1705 V audio_hw_primary: adev_set_voice_volume, volume: 1.000000
11-23 15:45:57.338  1678  1708 V audio_hw_primary: start_output_stream, line: 1234
11-23 15:45:57.338  1678  1708 D audio_hw_primary: >>>>>> select_device
11-23 15:45:57.339  1678  1708 V audio_hw_primary: active_output, ****LINE:1054,FUNC:select_device, adev->out_device:1024
11-23 15:45:57.339  1678  1708 V audio_hw_primary: ****LINE:1060,FUNC:select_device, headset_on:0, headphone_on:0, speaker_on:0, earpiece_on:0, bt_on:0
11-23 15:45:57.339  1678  1708 V audio_hw_primary: ****LINE:1087,FUNC:select_device, output_device_id:0
11-23 15:45:57.339  1678  1708 V audio_hw_primary: NORMAL mode, ****LINE:1091,FUNC:select_device, adev->out_device:1024
11-23 15:45:57.339  1678  1708 V audio_hw_primary: start_output_stream: card:1, port:0, rate:44100, period_count:3, period_size:1024
11-23 15:45:57.339  1678  1708 V audio_hw_primary: do not use out resampler
11-23 15:45:57.352  1678  1708 D AudioFlinger: mixer(0xf6103b40) throttle end: throttle time(11)
11-23 15:45:57.387  1678  1708 D AudioFlinger: mixer(0xf6103b40) throttle end: throttle time(1)
11-23 15:45:57.607  1678  1705 V audio_hw_primary: adev_set_voice_volume, volume: 0.800000
11-23 15:45:58.175  2770  8236 I ActivityManager: START u0 {act=android.intent.action.MAIN cat=[android.intent.category.LAUNCHER] cmp=com.google.android.talk/.SigningInActivity} from uid 10051 on display 0
11-23 15:45:58.176  1678  1708 V audio_hw_primary: out_set_parameters: routing=1024
11-23 15:45:58.176  1678  1708 V audio_hw_primary: out_set_parameters, line: 1565
11-23 15:45:58.176  1678  1708 V audio_hw_primary: >>>>>>>> adev->mode:0,adev->out_device is: 1024, val is : 1024
11-23 15:45:58.189  1678  1705 V audio_hw_primary: adev_set_voice_volume, volume: 1.000000
11-23 15:45:58.503  1657  1720 D PermissionCache: checking android.permission.READ_FRAME_BUFFER for uid=1000 => granted (914 us)
11-23 15:45:58.512  1657  1720 D gralloc : ion_alloc from ion_client:19 for 8294400 Bytes cached buffer by using heap mask 1 successfully, mem_continue_flag is 0
11-23 15:45:58.536  1678  1705 V audio_hw_primary: adev_set_voice_volume, volume: 0.800000
11-23 15:45:58.552  2770  4886 I ActivityManager: Config changes=480 {1.0 ?mcc?mnc [en_US] ldltr sw540dp w540dp h960dp 320dpi lrg long port television -touch qwerty/v/v dpad/v s.6}
11-23 15:45:58.713  2770  3021 W art     : Long monitor contention with owner Binder:2770_4 (4886) at void com.android.server.am.ActivityManagerService.setRequestedOrientation(android.os.IBinder, int)(ActivityManagerService.java:4721) waiters=0 in void com.android.server.am.ActivityManagerService$LocalService.notifyAppTransitionCancelled() for 215ms
11-23 15:45:58.943  2770  4170 I InputReader: Reconfiguring input devices.  changes=0x00000004
11-23 15:45:58.944  2770  4170 I InputReader: Reconfiguring input devices.  changes=0x00000004
11-23 15:45:59.011  8617  8628 I art     : Background partial concurrent mark sweep GC freed 1701(166KB) AllocSpace objects, 0(0B) LOS objects, 39% free, 4MB/6MB, paused 90.046ms total 415.119ms
11-23 15:45:59.107  2770  2836 W ActivityManager: Slow operation: 124ms so far, now at startProcess: returned from zygote!
11-23 15:45:59.107  2770  2836 W ActivityManager: Slow operation: 125ms so far, now at startProcess: done updating battery stats
11-23 15:45:59.107  2770  2836 W ActivityManager: Slow operation: 125ms so far, now at startProcess: building log message
11-23 15:45:59.107  2770  2836 I ActivityManager: Start proc 12421:com.google.android.atv.widget/u0a28 for broadcast com.google.android.atv.widget/.ClockWidgetProvider
11-23 15:45:59.107  2770  2836 W ActivityManager: Slow operation: 125ms so far, now at startProcess: starting to update pids map
11-23 15:45:59.107  2770  2836 W ActivityManager: Slow operation: 125ms so far, now at startProcess: done updating pids map
11-23 15:45:59.107  2770  2836 W ActivityManager: Slow operation: 125ms so far, now at startProcess: done starting proc!
11-23 15:45:59.108  2770  2839 W art     : Long monitor contention with owner ActivityManager (2836) at void com.android.server.am.BroadcastQueue.processNextBroadcast(boolean)(BroadcastQueue.java:754) waiters=0 in void com.android.server.am.ActivityManagerService.dispatchUidsChanged() for 123ms
11-23 15:45:59.212  6313  6325 W art     : Suspending all threads took: 5.689ms
11-23 15:45:59.250 12421 12421 W System  : ClassLoader referenced unknown path: /system/app/AtvWidget/lib/arm64
11-23 15:45:59.323  8617  8617 W Babel   : BAM#gBA: invalid account id: -1
11-23 15:45:59.341  8617  8617 I Babel_HomeActivity: [BabelHomeActivity.onCreate] setContentView called
11-23 15:45:59.374  8617  8800 I Babel_ConcService: Acquired partial wake lock to keep ConcurrentService alive
11-23 15:45:59.434  8617  8617 W Babel   : Invalid account getting boolean experiment -1
11-23 15:45:59.438  8617  8617 W Babel   : Invalid account getting boolean experiment -1
11-23 15:45:59.440  8617  8617 W Babel   : Invalid account getting boolean experiment -1
11-23 15:45:59.459  8617  8617 I Babel   : Starting account registration:0-Redacted-20-chars
11-23 15:45:59.482  8617  8617 W Babel   : BAM#gBA: invalid account id: -1
11-23 15:45:59.482  8617  8617 W Babel   : BAM#gBA: invalid account id: -1
11-23 15:45:59.538  8617  8751 I Babel_ConcService: Released partial wake lock as ConcurrentService became idle
11-23 15:45:59.539  8617  8747 I Babel_ConcService: Acquired partial wake lock to keep ConcurrentService alive
11-23 15:45:59.540  8617  8747 I Babel_ConcService: Released partial wake lock as ConcurrentService became idle
11-23 15:45:59.564  8617 12466 I Babel_ConcService: Acquired partial wake lock to keep ConcurrentService alive
11-23 15:45:59.725  5810  8934 W ContentTaskController: Invalid newTask was provided to startTracking.
11-23 15:45:59.745  5810  5829 I art     : Background sticky concurrent mark sweep GC freed 30035(2MB) AllocSpace objects, 12(240KB) LOS objects, 34% free, 5MB/9MB, paused 1.410ms total 185.406ms
11-23 15:45:59.819  8617  8628 I art     : Background sticky concurrent mark sweep GC freed 12832(1394KB) AllocSpace objects, 1(20KB) LOS objects, 25% free, 5MB/6MB, paused 5.136ms total 129.835ms
11-23 15:45:59.856  1657  4880 E SurfaceFlinger: ro.sf.lcd_density must be defined as a build property
11-23 15:45:59.949  8617 12493 I Babel_timeline: MergeContactsService: retrieveOldDetails() in 11 ms, total: 11 ms
11-23 15:45:59.951  8617 12493 I Babel_timeline: MergeContactsService: findEmailOnHangouts() in 2 ms, total: 13 ms
11-23 15:45:59.951  8617 12493 I Babel_timeline: MergeContactsService: findPhonesOnHangouts() in 0 ms, total: 13 ms
11-23 15:45:59.963  8617 12493 I Babel_timeline: MergeContactsService: getSuggestedContacts() in 12 ms, total: 25 ms
11-23 15:45:59.964  8617 12493 I Babel   : Leaving 0 existing mergedContacts unchanged
11-23 15:45:59.964  8617 12493 I Babel   : Updated 0 existing mergedContacts
11-23 15:45:59.964  8617 12493 I Babel   : Inserted 0 new mergedContacts
11-23 15:45:59.964  8617 12493 I Babel   : Deleted 0 old mergedContacts
11-23 15:45:59.971  8617  8617 W Babel   : BAM#gBA: invalid account id: -1
11-23 15:46:00.005  8617 12499 W Babel_NotifService: Ignoring NotificationService intent for invalid account id: -1
11-23 15:46:00.011  5810  8934 W ContentTaskController: Invalid newTask was provided to startTracking.
11-23 15:46:00.018  8617 12499 W Babel_NotifService: Ignoring NotificationService intent for invalid account id: -1
11-23 15:46:00.021  8617 12493 I Babel_timeline: MergeContactsService: delete old suggested contacts in 58 ms, total: 83 ms
11-23 15:46:00.027  5810  8934 W ContentTaskController: Invalid newTask was provided to startTracking.
11-23 15:46:00.073  8617  8617 D Babel   : onCreate: Shutdown runnable posted in onCreate with a delay of 5000 ms.
11-23 15:46:00.197  8617 12493 I Babel_timeline: MergeContactsService: write new suggested contacts in 176 ms, total: 259 ms
11-23 15:46:00.199  8617 12493 I Babel   : Persisted 0 phone numbers, 0 emails, and 6 gaiaIds
11-23 15:46:00.259  8617 12503 W art     : Long monitor contention with owner Hangouts Concurrent Service Network Thread 0 (12463) at java.lang.Object jwi.e(java.lang.Class)(SourceFile:451) waiters=1 in java.lang.Object jwi.e(java.lang.Class) for 107ms
11-23 15:46:00.266  8617 12493 I Babel   : wrote 1479944760265 as last_merged_ts to accountStore
11-23 15:46:00.283  8617 12508 D Babel   : Idle: Shutdown runnable posted in release with a delay of 5000 ms.
11-23 15:46:00.309  8617 12508 D Babel   : Idle: Shutdown runnable posted in release with a delay of 5000 ms.
11-23 15:46:00.368  8617 12487 I OpenGLRenderer: Initialized EGL, version 1.4
11-23 15:46:00.368  8617 12487 D OpenGLRenderer: Swap behavior 1
11-23 15:46:00.386  1657  1720 D gralloc : ion_alloc from ion_client:19 for 1751040 Bytes uncached buffer by using heap mask 16 successfully, mem_continue_flag is 1
11-23 15:46:00.388  1657  1720 D gralloc : ion_alloc from ion_client:19 for 1751040 Bytes uncached buffer by using heap mask 16 successfully, mem_continue_flag is 1
11-23 15:46:00.390  1657  1720 D gralloc : ion_alloc from ion_client:19 for 1751040 Bytes uncached buffer by using heap mask 16 successfully, mem_continue_flag is 1
11-23 15:46:00.459  1657  4459 D gralloc : ion_alloc from ion_client:19 for 8355840 Bytes uncached buffer by using heap mask 16 successfully, mem_continue_flag is 1
11-23 15:46:00.505  1657  4459 D gralloc : ion_alloc from ion_client:19 for 8355840 Bytes uncached buffer by using heap mask 16 successfully, mem_continue_flag is 1
11-23 15:46:00.538  1657  4459 D gralloc : ion_alloc from ion_client:19 for 8355840 Bytes uncached buffer by using heap mask 16 successfully, mem_continue_flag is 1
11-23 15:46:00.552  2770  3021 W WindowManager: App freeze timeout expired.
11-23 15:46:00.552  2770  3021 W WindowManager: Force clearing freeze: AppWindowToken{ea909e4 token=Token{f00d977 ActivityRecord{86caf76 u0 com.google.android.talk/.SigningInActivity t50}}}
11-23 15:46:00.568  1657  4459 D gralloc : ion_alloc from ion_client:19 for 8355840 Bytes uncached buffer by using heap mask 16 successfully, mem_continue_flag is 1
11-23 15:46:00.641  2770  7083 I WindowManager: Destroying surface Surface(name=com.google.android.talk/com.google.android.talk.SigningInActivity) called by com.android.server.wm.WindowStateAnimator.destroySurface:2014 com.android.server.wm.WindowStateAnimator.destroySurfaceLocked:881 com.android.server.wm.WindowState.removeLocked:1449 com.android.server.wm.WindowManagerService.removeWindowInnerLocked:2478 com.android.server.wm.WindowManagerService.removeWindowLocked:2436 com.android.server.wm.WindowManagerService.removeWindowLocked:2305 com.android.server.wm.WindowManagerService.removeWindow:2300 com.android.server.wm.Session.remove:193 
11-23 15:46:00.666  8617  8617 I Babel_HomeActivity: oAHST true, UNKNOWN, VALID, -1, 0
11-23 15:46:00.747  5810  6419 W ContentTaskController: Invalid newTask was provided to startTracking.
11-23 15:46:00.789  5810  7028 W Conscrypt: Could not set socket write timeout: null
11-23 15:46:00.827  5810  7028 W Conscrypt: Could not set socket write timeout: null
11-23 15:46:00.849  8617  8751 W art     : Long monitor contention with owner Hangouts Concurrent Service Scheduler Thread 0 (8737) at boolean bgf.a(bff)(SourceFile:203) waiters=0 in void bgf.j() for 166ms
11-23 15:46:00.938  8617  8617 I Babel_ForcedUpgrade: Upgrade type: 0 upgrade URL: 
11-23 15:46:01.048  8617  8617 I Choreographer: Skipped 43 frames!  The application may be doing too much work on its main thread.
11-23 15:46:01.126  5810  8934 W ContentTaskController: Invalid newTask was provided to startTracking.
11-23 15:46:01.211  1657  4880 D gralloc : ion_alloc from ion_client:19 for 8294400 Bytes uncached buffer by using heap mask 16 successfully, mem_continue_flag is 1
11-23 15:46:01.264  2770  3021 I ActivityManager: Displayed com.google.android.talk/.SigningInActivity: +3s36ms
11-23 15:46:01.278  2770  6602 I WindowManager: Destroying surface Surface(name=eu.chainfire.tv.sideloadlauncher/eu.chainfire.tv.sideloadlauncher.MainActivity) called by com.android.server.wm.WindowStateAnimator.destroySurface:2014 com.android.server.wm.WindowStateAnimator.destroySurfaceLocked:881 com.android.server.wm.WindowState.destroyOrSaveSurface:2073 com.android.server.wm.WindowManagerService.tryStartExitingAnimation:3017 com.android.server.wm.WindowManagerService.relayoutWindow:2897 com.android.server.wm.Session.relayout:215 android.view.IWindowSession$Stub.onTransact:286 com.android.server.wm.Session.onTransact:136 
11-23 15:46:01.301  1678  1708 D audio_hw_primary: out_standby
11-23 15:46:01.307  2770  3021 I WindowManager: Screen frozen for +2s812ms due to Window{f86ee99 u0 com.google.android.talk/com.google.android.talk.SigningInActivity}
11-23 15:46:01.382  1657  1657 D hwcomposer: Many tr_mem[1500000,0,0] stop[0]
11-23 15:46:01.416  8617  8628 I art     : Background sticky concurrent mark sweep GC freed 16270(894KB) AllocSpace objects, 0(0B) LOS objects, 13% free, 5MB/6MB, paused 7.796ms total 209.292ms
11-23 15:46:01.472  5810  8934 W ContentTaskController: Invalid newTask was provided to startTracking.
11-23 15:46:01.775 12109 12109 W IInputConnectionWrapper: reportFullscreenMode on inexistent InputConnection
11-23 15:46:01.823  8617  8617 I Babel   : ConversationListFragment load started for display mode 0
11-23 15:46:01.834  8617  8617 I Babel_BannerPromo: resume
11-23 15:46:01.834  8617  8617 I Babel   : checking:fyh@2c2c201
11-23 15:46:01.834  8617  8617 I Babel_SmsPromoBanner: shouldShowPromo
11-23 15:46:01.834  8617  8617 I Babel   : checking:bbi@1cf18a6
11-23 15:46:01.835  8617  8617 I Babel_AppUpgradeBanner: Upgrade type: 0 upgrade URL: 
11-23 15:46:01.909  8617  8628 W art     : Suspending all threads took: 18.678ms
11-23 15:46:01.916  8617  8628 I art     : Background sticky concurrent mark sweep GC freed 2383(246KB) AllocSpace objects, 2(40KB) LOS objects, 5% free, 6MB/6MB, paused 22.869ms total 78.681ms
11-23 15:46:01.927  8617  8617 I Choreographer: Skipped 51 frames!  The application may be doing too much work on its main thread.
11-23 15:46:02.191  1657  1722 D gralloc : ion_alloc from ion_client:19 for 8294400 Bytes uncached buffer by using heap mask 16 successfully, mem_continue_flag is 1
11-23 15:46:02.220  8617  8617 W InputMethodManager: Ignoring onBind: cur seq=11, given seq=10
11-23 15:46:02.256  5810  6579 W ContentTaskController: Invalid newTask was provided to startTracking.
11-23 15:46:02.340  8617  8628 W art     : Suspending all threads took: 10.136ms
11-23 15:46:02.349  8617  8628 I art     : Background partial concurrent mark sweep GC freed 7925(501KB) AllocSpace objects, 4(96KB) LOS objects, 40% free, 6MB/11MB, paused 13.870ms total 255.539ms
11-23 15:46:02.412  8617  8751 W art     : Long monitor contention with owner Hangouts Concurrent Service Network Thread 1 (12534) at void bfv.a(bff, int, java.lang.String)(SourceFile:75) waiters=0 in void bgf.j() for 148ms
11-23 15:46:02.419  8617 12534 I Babel_AppUpgrade: Clearing app upgrade
11-23 15:46:02.436  8617 12534 I Babel_ConcService: Released partial wake lock as ConcurrentService became idle
11-23 15:46:02.437  1657  4880 D gralloc : ion_alloc from ion_client:19 for 8294400 Bytes uncached buffer by using heap mask 16 successfully, mem_continue_flag is 1
11-23 15:46:02.506  1657  4880 D gralloc : ion_alloc from ion_client:19 for 8294400 Bytes uncached buffer by using heap mask 16 successfully, mem_continue_flag is 1
11-23 15:46:02.696  6504 12643 W art     : Long monitor contention with owner highpool[3] (12646) at long android.database.sqlite.SQLiteConnection.nativeOpen(java.lang.String, int, java.lang.String, boolean, boolean)(SQLiteConnection.java:-2) waiters=0 in qqz qqo.d() for 649ms
11-23 15:46:02.701  8617  8617 I Babel   : ConversationListFragment load finished with 6 results
11-23 15:46:02.928  6504 12701 I PeopleDatabaseHelper: cleanUpNonGplusAccounts done.
11-23 15:46:03.118  5810  6579 W ContentTaskController: Invalid newTask was provided to startTracking.
11-23 15:46:03.197  8617 12665 W Babel_ReqWarmSyncOp: RequestWarmSync: Mismatched key upon SANE completion from_foreground_sync:1479944759588330 != null
11-23 15:46:03.338  2770  3021 I art     : Starting a blocking GC Explicit
11-23 15:46:03.584  2770  3021 I art     : Explicit concurrent mark sweep GC freed 43060(2MB) AllocSpace objects, 8(204KB) LOS objects, 33% free, 9MB/14MB, paused 1.913ms total 244.877ms
11-23 15:46:03.717  8617  8617 I Choreographer: Skipped 34 frames!  The application may be doing too much work on its main thread.
11-23 15:46:03.811  8617  8617 D Babel   : Idle: Shutdown runnable posted in release with a delay of 5000 ms.
11-23 15:46:04.098  8617  8617 I Babel   : ConversationListFragment load finished with 6 results
11-23 15:46:04.432  1678  1708 V audio_hw_primary: out_set_parameters: routing=1024
11-23 15:46:04.432  1678  1708 V audio_hw_primary: out_set_parameters, line: 1565
11-23 15:46:04.432  1678  1708 V audio_hw_primary: >>>>>>>> adev->mode:0,adev->out_device is: 1024, val is : 1024
11-23 15:46:04.432  1678  1705 V audio_hw_primary: adev_set_voice_volume, volume: 1.000000
11-23 15:46:04.433  1678  1708 V audio_hw_primary: start_output_stream, line: 1234
11-23 15:46:04.433  1678  1708 D audio_hw_primary: >>>>>> select_device
11-23 15:46:04.433  1678  1708 V audio_hw_primary: active_output, ****LINE:1054,FUNC:select_device, adev->out_device:1024
11-23 15:46:04.433  1678  1708 V audio_hw_primary: ****LINE:1060,FUNC:select_device, headset_on:0, headphone_on:0, speaker_on:0, earpiece_on:0, bt_on:0
11-23 15:46:04.433  1678  1708 V audio_hw_primary: ****LINE:1087,FUNC:select_device, output_device_id:0
11-23 15:46:04.433  1678  1708 V audio_hw_primary: NORMAL mode, ****LINE:1091,FUNC:select_device, adev->out_device:1024
11-23 15:46:04.433  1678  1708 V audio_hw_primary: start_output_stream: card:1, port:0, rate:44100, period_count:3, period_size:1024
11-23 15:46:04.434  1678  1708 V audio_hw_primary: do not use out resampler
11-23 15:46:04.446  1678  1708 D AudioFlinger: mixer(0xf6103b40) throttle end: throttle time(11)
11-23 15:46:04.465  8617  8626 E DataBuffer: Internal data leak within a DataBuffer object detected!  Be sure to explicitly call release() on all DataBuffer extending objects when you are done with them. (Owner:size=1)
11-23 15:46:04.470  8617  8628 I art     : Background partial concurrent mark sweep GC freed 7818(525KB) AllocSpace objects, 9(320KB) LOS objects, 40% free, 10MB/17MB, paused 3.800ms total 190.865ms
11-23 15:46:04.480  1678  1708 D AudioFlinger: mixer(0xf6103b40) throttle end: throttle time(1)
11-23 15:46:04.700  1678  1705 V audio_hw_primary: adev_set_voice_volume, volume: 0.800000
11-23 15:46:05.539  8617  8621 I art     : Do partial code cache collection, code=7KB, data=30KB
11-23 15:46:05.539  8617  8621 I art     : After code cache collection, code=7KB, data=30KB
11-23 15:46:05.540  8617  8621 I art     : Increasing code cache capacity to 128KB
11-23 15:46:05.540  8617  8621 I art     : JIT allocated 84KB for stack maps of void gen_binder.root.RootModule$Generated.a(android.content.Context, java.lang.Class, jwi)
11-23 15:46:05.697  8617  8621 I art     : Do partial code cache collection, code=38KB, data=61KB
11-23 15:46:05.698  8617  8621 I art     : After code cache collection, code=38KB, data=61KB
11-23 15:46:05.698  8617  8621 I art     : Increasing code cache capacity to 256KB
11-23 15:46:05.991  1678  1708 V audio_hw_primary: out_set_parameters: routing=1024
11-23 15:46:05.991  1678  1708 V audio_hw_primary: out_set_parameters, line: 1565
11-23 15:46:05.991  1678  1708 V audio_hw_primary: >>>>>>>> adev->mode:0,adev->out_device is: 1024, val is : 1024
11-23 15:46:05.991  1678  1705 V audio_hw_primary: adev_set_voice_volume, volume: 1.000000
11-23 15:46:06.350  1678  1705 V audio_hw_primary: adev_set_voice_volume, volume: 0.800000
11-23 15:46:07.057  2770  7083 I ActivityManager: START u0 {flg=0x14000000 cmp=com.google.android.talk/com.google.android.apps.hangouts.phone.ConversationActivity (has extras)} from uid 10064 on display 0
11-23 15:46:07.058  1678  1708 V audio_hw_primary: out_set_parameters: routing=1024
11-23 15:46:07.059  1678  1708 V audio_hw_primary: out_set_parameters, line: 1565
11-23 15:46:07.059  1678  1708 V audio_hw_primary: >>>>>>>> adev->mode:0,adev->out_device is: 1024, val is : 1024
11-23 15:46:07.068  1678  1705 V audio_hw_primary: adev_set_voice_volume, volume: 1.000000
11-23 15:46:07.124  1657  1720 D gralloc : ion_alloc from ion_client:19 for 8294400 Bytes cached buffer by using heap mask 1 successfully, mem_continue_flag is 0
11-23 15:46:07.168  2770  7085 I ActivityManager: Config changes=480 {1.0 ?mcc?mnc [en_US] ldltr sw540dp w918dp h540dp 320dpi lrg long land television -touch qwerty/v/v dpad/v s.7}
11-23 15:46:07.402  1657  1722 D gralloc : ion_alloc from ion_client:19 for 324864 Bytes cached buffer by using heap mask 1 successfully, mem_continue_flag is 0
11-23 15:46:07.418  1678  1705 V audio_hw_primary: adev_set_voice_volume, volume: 0.800000
11-23 15:46:07.465  2770  7083 W art     : Long monitor contention with owner Binder:2770_8 (7085) at void com.android.server.am.ActivityManagerService.activityPaused(android.os.IBinder)(ActivityManagerService.java:6849) waiters=1 in android.content.pm.UserInfo com.android.server.am.UserController.getCurrentUser() for 104ms
11-23 15:46:07.626  2770  4170 I InputReader: Reconfiguring input devices.  changes=0x00000004
11-23 15:46:07.627  2770  4170 I InputReader: Reconfiguring input devices.  changes=0x00000004
11-23 15:46:07.856  1657  1722 D gralloc : ion_alloc from ion_client:19 for 8294400 Bytes cached buffer by using heap mask 1 successfully, mem_continue_flag is 0
11-23 15:46:08.056  8617  8617 I Babel   : CFI#onCreate for cdx{f8b7e97 #0 id=0x7f0d0177 dbc}(UgyYUbP9k546516v1sR4AaABAQ) loader: LoaderManager{ec11884 in bh{7c7d86d}} id: UgyYUbP9k546516v1sR4AaABAQ
11-23 15:46:08.419  8617 12508 D Babel   : Idle: Shutdown runnable posted in release with a delay of 5000 ms.
11-23 15:46:08.429  8617  8617 I Choreographer: Skipped 48 frames!  The application may be doing too much work on its main thread.
11-23 15:46:08.507  1657  4459 D gralloc : ion_alloc from ion_client:19 for 8294400 Bytes uncached buffer by using heap mask 16 successfully, mem_continue_flag is 1
11-23 15:46:08.517  1657  4459 D gralloc : ion_alloc from ion_client:19 for 8294400 Bytes uncached buffer by using heap mask 16 successfully, mem_continue_flag is 1
11-23 15:46:08.536  1657  4459 D gralloc : ion_alloc from ion_client:19 for 8294400 Bytes uncached buffer by using heap mask 16 successfully, mem_continue_flag is 1
11-23 15:46:08.570  1657  4459 D gralloc : ion_alloc from ion_client:19 for 8294400 Bytes uncached buffer by using heap mask 16 successfully, mem_continue_flag is 1
11-23 15:46:08.651  1657  1720 D gralloc : ion_alloc from ion_client:19 for 8294400 Bytes uncached buffer by using heap mask 16 successfully, mem_continue_flag is 1
11-23 15:46:08.682  2770  3021 I ActivityManager: Displayed com.google.android.talk/com.google.android.apps.hangouts.phone.ConversationActivity: +1s564ms
11-23 15:46:08.683  2770  3021 I WindowManager: Destroying surface Surface(name=Starting com.google.android.talk) called by com.android.server.wm.WindowStateAnimator.destroySurface:2014 com.android.server.wm.WindowStateAnimator.destroySurfaceLocked:881 com.android.server.wm.WindowState.removeLocked:1449 com.android.server.wm.WindowManagerService.removeWindowInnerLocked:2478 com.android.server.wm.WindowManagerService.removeWindowLocked:2436 com.android.server.wm.WindowManagerService.removeWindowLocked:2305 com.android.server.wm.WindowManagerService.removeWindow:2300 com.android.server.wm.Session.remove:193 
11-23 15:46:08.717  2770  3021 I WindowManager: Screen frozen for +1s599ms due to Window{c1321cd u0 com.google.android.talk/com.google.android.apps.hangouts.phone.ConversationActivity}
11-23 15:46:08.756  8617  8747 I Babel_ConcService: Acquired partial wake lock to keep ConcurrentService alive
11-23 15:46:08.757  8617  8747 I Babel_ConcService: Released partial wake lock as ConcurrentService became idle
11-23 15:46:08.758  8617  8617 I Babel_Conv: Conversation loader finished for UgyYUbP9k546516v1sR4AaABAQ, count# 1
11-23 15:46:08.762  8617  8617 I Babel   : Starting variant engine for cdx{f8b7e97 #0 id=0x7f0d0177 dbc} loader: LoaderManager{ec11884 in bh{7c7d86d}}
11-23 15:46:08.765  8617  8617 D Babel   : Idle: Shutdown runnable posted in release with a delay of 5000 ms.
11-23 15:46:08.772  1657  1735 D hwcomposer: hwc request rotate context times[1]
11-23 15:46:08.772  1657  1735 D hwcomposer: alloc rotate_cache_t[1]
11-23 15:46:09.064  1657  4459 D gralloc : ion_alloc from ion_client:19 for 8294400 Bytes uncached buffer by using heap mask 16 successfully, mem_continue_flag is 1
11-23 15:46:09.109  1657  1735 D hwcomposer: hwc_rotate_cache_free[1]
11-23 15:46:09.629  8617  8628 I art     : Background partial concurrent mark sweep GC freed 9344(414KB) AllocSpace objects, 1(20KB) LOS objects, 39% free, 18MB/30MB, paused 2.190ms total 118.751ms
11-23 15:46:09.659  1657  1720 D gralloc : ion_alloc from ion_client:19 for 8294400 Bytes uncached buffer by using heap mask 16 successfully, mem_continue_flag is 1
11-23 15:46:09.696  8617  8617 I Babel   : Finished variant engine for cdx{f8b7e97 #0 id=0x7f0d0177 dbc} loader: LoaderManager{ec11884 in bh{7c7d86d}} hasActivity: true
11-23 15:46:09.720  8617 12463 I Babel_ConcService: Acquired partial wake lock to keep ConcurrentService alive
11-23 15:46:09.729  8617 13132 I Babel   : Presence polling thread starting
11-23 15:46:09.816  8617  8617 I Choreographer: Skipped 35 frames!  The application may be doing too much work on its main thread.
11-23 15:46:09.907  1657  4459 D gralloc : ion_alloc from ion_client:19 for 8294400 Bytes uncached buffer by using heap mask 16 successfully, mem_continue_flag is 1
11-23 15:46:10.051  8617 12508 D Babel   : Idle: Shutdown runnable posted in release with a delay of 5000 ms.
11-23 15:46:10.183  1678  1708 D audio_hw_primary: out_standby
11-23 15:46:10.188  8617 12534 I Babel_ConcService: Released partial wake lock as ConcurrentService became idle
11-23 15:46:10.196  5810  6419 W ContentTaskController: Invalid newTask was provided to startTracking.
11-23 15:46:10.248  8617  8621 I art     : Do full code cache collection, code=87KB, data=123KB
11-23 15:46:10.332  8617  8621 I art     : After code cache collection, code=75KB, data=62KB
11-23 15:46:10.370  1678  1708 V audio_hw_primary: out_set_parameters: routing=1024
11-23 15:46:10.370  1678  1708 V audio_hw_primary: out_set_parameters, line: 1565
11-23 15:46:10.370  1678  1708 V audio_hw_primary: >>>>>>>> adev->mode:0,adev->out_device is: 1024, val is : 1024
11-23 15:46:10.371  1678  1705 V audio_hw_primary: adev_set_voice_volume, volume: 1.000000
11-23 15:46:10.371  1678  1708 V audio_hw_primary: start_output_stream, line: 1234
11-23 15:46:10.371  1678  1708 D audio_hw_primary: >>>>>> select_device
11-23 15:46:10.371  1678  1708 V audio_hw_primary: active_output, ****LINE:1054,FUNC:select_device, adev->out_device:1024
11-23 15:46:10.371  1678  1708 V audio_hw_primary: ****LINE:1060,FUNC:select_device, headset_on:0, headphone_on:0, speaker_on:0, earpiece_on:0, bt_on:0
11-23 15:46:10.371  1678  1708 V audio_hw_primary: ****LINE:1087,FUNC:select_device, output_device_id:0
11-23 15:46:10.371  1678  1708 V audio_hw_primary: NORMAL mode, ****LINE:1091,FUNC:select_device, adev->out_device:1024
11-23 15:46:10.372  1678  1708 V audio_hw_primary: start_output_stream: card:1, port:0, rate:44100, period_count:3, period_size:1024
11-23 15:46:10.372  1678  1708 V audio_hw_primary: do not use out resampler
11-23 15:46:10.385  1678  1708 D AudioFlinger: mixer(0xf6103b40) throttle end: throttle time(11)
11-23 15:46:10.394  8617  8617 W IInputConnectionWrapper: finishComposingText on inactive InputConnection
11-23 15:46:10.418  1678  1708 D AudioFlinger: mixer(0xf6103b40) throttle end: throttle time(1)
11-23 15:46:10.423  5810  7265 W ContentTaskController: Invalid task was provided to stopTracking.
11-23 15:46:10.427  5810  7265 E NetworkScheduler.ATC: Provided calling package not found: com.google.android.apps.photos
11-23 15:46:10.516  8617 12452 W art     : Long monitor contention with owner presence_fetcher (13132) at java.lang.Object java.lang.Throwable.nativeFillInStackTrace!()(Throwable.java:-2) waiters=0 in void equ.a(android.database.Cursor) for 623ms
11-23 15:46:10.639  1678  1705 V audio_hw_primary: adev_set_voice_volume, volume: 0.800000
11-23 15:46:10.739  2770  3021 I art     : Starting a blocking GC Explicit
11-23 15:46:10.782  5810  8934 W art     : Long monitor contention with owner netscheduler-queue-handler (7265) at void nov.a(npn, int)(:com.google.android.gms:345) waiters=0 in int nov.d(npb) for 461ms
11-23 15:46:10.866  5810  8934 W ContentTaskController: Invalid newTask was provided to startTracking.
11-23 15:46:11.018  2770  3021 I art     : Explicit concurrent mark sweep GC freed 14642(966KB) AllocSpace objects, 5(100KB) LOS objects, 33% free, 9MB/14MB, paused 1.490ms total 277.794ms
11-23 15:46:11.046  1678  1708 V audio_hw_primary: out_set_parameters: routing=1024
11-23 15:46:11.046  1678  1708 V audio_hw_primary: out_set_parameters, line: 1565
11-23 15:46:11.046  1678  1708 V audio_hw_primary: >>>>>>>> adev->mode:0,adev->out_device is: 1024, val is : 1024
11-23 15:46:11.047  1678  1705 V audio_hw_primary: adev_set_voice_volume, volume: 1.000000
11-23 15:46:11.049  5810  7265 W ContentTaskController: Invalid task was provided to stopTracking.
11-23 15:46:11.405  1678  1705 V audio_hw_primary: adev_set_voice_volume, volume: 0.800000
11-23 15:46:11.486  8617  8748 I Babel_ConcService: Acquired partial wake lock to keep ConcurrentService alive
11-23 15:46:11.487  8617  8748 I Babel_ConcService: Released partial wake lock as ConcurrentService became idle
11-23 15:46:11.494  8617  8617 I Babel_Conv: Conversation loader finished for UgyYUbP9k546516v1sR4AaABAQ, count# 1
