12-31 16:01:07.669  4477  4994 I bt_core_module: module_init Initializing module "btif_config_module"
12-31 16:01:07.677  1657  1720 D gralloc : ion_alloc from ion_client:19 for 8294400 Bytes uncached buffer by using heap mask 16 successfully, mem_continue_flag is 1
12-31 16:01:07.703  2770  2836 W ActivityManager: Unable to start service Intent { flg=0x100 cmp=com.android.systemui/.keyguard.KeyguardService } U=0: not found
12-31 16:01:07.704  2770  2836 V KeyguardServiceDelegate: *** Keyguard: can't bind to ComponentInfo{com.android.systemui/com.android.systemui.keyguard.KeyguardService}
12-31 16:01:07.705  2770  2836 W KeyguardServiceDelegate: onScreenTurningOn(): no keyguard service!
12-31 16:01:07.706  2770  3021 I ActivityManager: Displayed com.android.tv.settings/.system.FallbackHome: +1s118ms
12-31 16:01:07.716  2770  4428 I sunxi-hdmi-cec: hdmi-cec sent initiator=8 destination=15 length=4 msg=87 00 15
12-31 16:01:07.717  1678  4999 I AudioFlinger: AudioFlinger's thread 0xf5e833c0 ready to run
12-31 16:01:07.722  1678  1705 V audio_hw_primary: adev_set_parameters, card=0;connect=-2147479552;device=0
12-31 16:01:07.755  1678  1713 I AudioFlinger: openOutput(), module 10 Device 400, SamplingRate 0, Format 00000000, Channels 0, flags 1
12-31 16:01:07.755  1678  1713 V audio_hw_primary: adev_open_output_stream, flags: 1
12-31 16:01:07.755  1678  1713 V audio_hw_primary: +++++++++++++++ adev_open_output_stream: req_sample_rate: 44100, fmt: 1, channel_count: 3
12-31 16:01:07.755  1678  1713 I AudioFlinger: HAL output buffer size 1024 frames, normal sink buffer size 1024 frames
12-31 16:01:07.756  1678  5005 I AudioFlinger: AudioFlinger's thread 0xf5ff8000 ready to run
12-31 16:01:07.756  1678  5005 D audio_hw_primary: out_standby
12-31 16:01:07.757  1678  1713 W APM_AudioPolicyManager: checkOutputsForDevice() missing param
12-31 16:01:07.757  1678  1713 V audio_hw_primary: out_set_parameters: exiting=1
12-31 16:01:07.758  1678  1713 D audio_hw_primary: out_standby
12-31 16:01:07.758  1678  1713 W APM_AudioPolicyManager: checkOutputsForDevice() could not open output for device 400
12-31 16:01:07.759  1678  1705 V audio_hw_primary: adev_set_parameters, connect=1024
12-31 16:01:07.761  4477  5008 W bt_osi_thread: run_thread: thread id 5008, thread name alarm_default_ca started
12-31 16:01:07.762  4477  5010 W bt_osi_thread: run_thread: thread id 5010, thread name alarm_dispatcher started
12-31 16:01:07.762  4477  4994 I bt_core_module: module_init Initialized module "btif_config_module"
12-31 16:01:07.762  4477  4994 I bt_core_module: module_init Initializing module "interop_module"
12-31 16:01:07.762  4477  4994 I bt_core_module: module_init Initialized module "interop_module"
12-31 16:01:07.762  4477  4994 I bt_bte_conf: bte_load_rtkbt_conf attempt to load rtkbt conf from /etc/bluetooth/rtkbt.conf
12-31 16:01:07.765  4477  4994 I bt_core_module: module_init Initializing module "stack_config_module"
12-31 16:01:07.765  4477  4994 I bt_stack_config: init attempt to load stack conf from /etc/bluetooth/bt_stack.conf
12-31 16:01:07.766  4477  4994 I bt_core_module: module_init Initialized module "stack_config_module"
12-31 16:01:07.767  4477  5011 W bt_osi_thread: run_thread: thread id 5011, thread name bt_jni_workqueue started
12-31 16:01:07.767  4477  4994 I bt_stack_manager: event_init_stack finished
12-31 16:01:07.768  4477  4477 I bt_osi_wakelock: wakelock_set_os_callouts set to non-native
12-31 16:01:07.768  4477  4477 I bt_btif : get_profile_interface socket
12-31 16:01:07.792  1695  4560 I MediaPlayerService: MediaPlayerService::getOMX
12-31 16:01:07.795  4477  5011 D BluetoothAdapterProperties: Address is:34:C3:D2:93:F8:7E
12-31 16:01:07.798  4545  5013 I OMXClient: MuxOMX ctor
12-31 16:01:07.800  2770  2770 D BluetoothManagerService: Bluetooth Adapter name changed to fugu
12-31 16:01:07.800  2770  2770 D BluetoothManagerService: Stored Bluetooth name: fugu
12-31 16:01:07.802  4477  5011 D BluetoothAdapterProperties: Name is: fugu
12-31 16:01:07.805  1688  5002 I OMXMaster: makeComponentInstance(OMX.google.vorbis.decoder) in mediacodec process
12-31 16:01:07.806  1678  4931 V audio_hw_primary: adev_set_parameters, A2dpSuspended=false
12-31 16:01:07.808  2770  3021 I WindowManager: Destroying surface Surface(name=KeyguardScrim) called by com.android.server.wm.WindowStateAnimator.destroySurface:2014 com.android.server.wm.WindowStateAnimator.destroySurfaceLocked:881 com.android.server.wm.WindowState.destroyOrSaveSurface:2073 com.android.server.wm.WindowSurfacePlacer.performSurfacePlacementInner:429 com.android.server.wm.WindowSurfacePlacer.performSurfacePlacementLoop:232 com.android.server.wm.WindowSurfacePlacer.performSurfacePlacement:180 com.android.server.wm.WindowManagerService$H.handleMessage:8079 android.os.Handler.dispatchMessage:102 
12-31 16:01:07.817  2770  2770 V MediaRouter: Updating audio routes: AudioRoutesInfo{ type=HDMI }
12-31 16:01:07.818  2770  2770 V MediaRouter: Dispatching route change: RouteInfo{ name=HDMI, description=null, status=null, category=RouteCategory{ name=null types=ROUTE_TYPE_LIVE_AUDIO ROUTE_TYPE_LIVE_VIDEO  groupable=false }, supportedTypes=ROUTE_TYPE_LIVE_AUDIO ROUTE_TYPE_LIVE_VIDEO , presentationDisplay=null }
12-31 16:01:07.856  4477  4477 I bt_btif : get_profile_interface sdp
12-31 16:01:07.874  2770  2770 D BluetoothManagerService: BluetoothServiceConnection: com.android.bluetooth.btservice.AdapterService
12-31 16:01:07.874  2770  3020 D BluetoothManagerService: Message: 40
12-31 16:01:07.874  2770  3020 D BluetoothManagerService: MESSAGE_BLUETOOTH_SERVICE_CONNECTED: 1
12-31 16:01:07.875  2770  4428 I sunxi-hdmi-cec: hdmi-cec sent initiator=8 destination=0 length=1 msg=8f 00 c1
12-31 16:01:07.876  4477  4504 I bt_btif : config_hci_snoop_log
12-31 16:01:07.905  1695  4560 I MediaPlayerService: MediaPlayerService::getOMX
12-31 16:01:07.906  4545  5023 I OMXClient: MuxOMX ctor
12-31 16:01:07.907  1688  5002 I OMXMaster: makeComponentInstance(OMX.google.vorbis.decoder) in mediacodec process
12-31 16:01:07.930  2770  3020 D BluetoothManagerService: Calling onBluetoothServiceUp callbacks
12-31 16:01:07.930  2770  3020 D BluetoothManagerService: Broadcasting onBluetoothServiceUp() to 2 receivers.
12-31 16:01:07.932  4477  4982 D BluetoothAdapterState: Current state: OFF, message: 0
12-31 16:01:07.933  4477  4982 D BluetoothAdapterProperties: Setting state to 14
12-31 16:01:07.933  4477  4982 I BluetoothAdapterState: Bluetooth adapter state changed: 10-> 14
12-31 16:01:07.934  2770  3020 D BluetoothManagerService: Message: 60
12-31 16:01:07.934  2770  3020 D BluetoothManagerService: MESSAGE_BLUETOOTH_STATE_CHANGE: prevState = 10, newState=14
12-31 16:01:07.934  2770  3020 D BluetoothManagerService: BLE State Change Intent: 10 -> 14
12-31 16:01:07.935  4477  4982 D BluetoothBondStateMachine: make
12-31 16:01:07.940  4477  5029 I BluetoothBondStateMachine: StableState(): Entering Off State
12-31 16:01:07.943  4477  4982 I BluetoothAdapterState: Entering PendingCommandState
12-31 16:01:07.985  2770  4431 I sunxi-hdmi-cec: hdmi-cec received initiator=0 destination=8 length=2 msg=90 00 00
12-31 16:01:08.003  4477  4477 I BtGatt.JNI: classInitNative(L922): classInitNative: Success!
12-31 16:01:08.012  4477  4477 D BtGatt.DebugUtils: handleDebugAction() action=null
12-31 16:01:08.013  4477  4477 D BluetoothAdapterService: getAdapterService() - returning com.android.bluetooth.btservice.AdapterService@e0abc54
12-31 16:01:08.014  4477  4477 D BtGatt.GattService: Received start request. Starting profile...
12-31 16:01:08.014  4477  4477 D BtGatt.GattService: start()
12-31 16:01:08.014  4477  4477 I bt_btif : get_profile_interface gatt
12-31 16:01:08.016  4545  4545 I vol.Events: writeEvent collection_started
12-31 16:01:08.016  4477  4477 D BluetoothAdapterService: getAdapterService() - returning com.android.bluetooth.btservice.AdapterService@e0abc54
12-31 16:01:08.016  4477  4477 D BtGatt.AdvertiseManager: advertise manager created
12-31 16:01:08.023  4477  4477 D BluetoothAdapterService: getAdapterService() - returning com.android.bluetooth.btservice.AdapterService@e0abc54
12-31 16:01:08.025  4545  5035 I vol.Events: writeEvent external_ringer_mode_changed normal
12-31 16:01:08.025  4545  5035 I vol.Events: writeEvent internal_ringer_mode_changed normal
12-31 16:01:08.039  4477  4477 V BluetoothAdapterState: isTurningOff()=false
12-31 16:01:08.039  4477  4477 V BluetoothAdapterState: isTurningOn()=false
12-31 16:01:08.039  4477  4477 V BluetoothAdapterState: isBleTurningOn()=true
12-31 16:01:08.039  4477  4477 V BluetoothAdapterState: isBleTurningOff()=false
12-31 16:01:08.039  4477  4982 D BluetoothAdapterState: Current state: PENDING_COMMAND, message: 4
12-31 16:01:08.041  4477  4982 I bt_btif : enable: start restricted = 0
12-31 16:01:08.041  4477  4994 I bt_stack_manager: event_start_up_stack is bringing up the stack
12-31 16:01:08.041  4477  4994 I bt_core_module: module_start_up Starting module "btif_config_module"
12-31 16:01:08.041  4477  4994 I bt_core_module: module_start_up Started module "btif_config_module"
12-31 16:01:08.041  4477  4994 I bt_core_module: module_start_up Starting module "btsnoop_module"
12-31 16:01:08.041  4477  4994 I bt_core_module: module_start_up Started module "btsnoop_module"
12-31 16:01:08.041  4477  4994 I bt_core_module: module_start_up Starting module "hci_module"
12-31 16:01:08.041  4477  4994 I bt_hci  : start_up
12-31 16:01:08.042  4477  5039 W bt_osi_thread: run_thread: thread id 5039, thread name hci_thread started
12-31 16:01:08.042  4477  4994 I bt_hci  : start_up bluetooth_rtk_h5_flag :1 bt_hci_device_node:/dev/ttyS1
12-31 16:01:08.053  4477  4994 I bt_vendor: alloc value 0xdb879da9
12-31 16:01:08.053  4477  4994 I bt_vendor: init
12-31 16:01:08.053  4477  4994 I rtk_parse: : rtk_profile_init, version: 2.0
12-31 16:01:08.053  4477  4994 I rtk_parse: : alloc a2dp packet
12-31 16:01:08.053  4477  4994 I rtk_parse: : alloc pan packet
12-31 16:01:08.053  4477  4994 I rtk_parse: : alloc hogp packet
12-31 16:01:08.053  4477  4994 I rtk_parse: : alloc polling timer
12-31 16:01:08.053  4477  4994 D bt_vendor: op for 0
12-31 16:01:08.053  4477  4994 D bt_upio : is_emulator_context : 0
12-31 16:01:08.053  4477  4994 D bt_upio : is_rfkill_disabled ? [0]
12-31 16:01:08.053  4477  4994 D bt_upio : is_rfkill_disabled ? [0]
12-31 16:01:08.089  2770  4370 D WifiConfigManager: Loading config and enabling all networks 
12-31 16:01:08.108  2770  4370 W WifiNetworkHistory: Upgrading network 0 to android.uid.system:1000
12-31 16:01:08.109  2770  4370 D WifiConfigManager: loaded 0 passpoint configs
12-31 16:01:08.122  2770  4370 D WifiNative-HAL: Setting external_sim to 1
12-31 16:01:08.123  2770  4370 D WifiStateMachine: Setting OUI to DA-A1-19
12-31 16:01:08.125  2770  4370 I WifiConnectivityManager: PNO settings: min5GHzRssi -82 min24GHzRssi -85 currentConnectionBonus 16 sameNetworkBonus 24 secureNetworkBonus 80 initialScoreMax 100
12-31 16:01:08.126  2770  4370 I WifiConnectivityManager: ConnectivityScanManager initialized 
12-31 16:01:08.126  2770  4370 E WifiLogger: no ring buffers found
12-31 16:01:08.126  2770  4370 E WifiLogger: Failed to start packet fate monitoring
12-31 16:01:08.139  2770  4370 I WifiConnectivityManager: Set WiFi enabled
12-31 16:01:08.139  2770  2770 D RttService: SCAN_AVAILABLE : 3
12-31 16:01:08.139  2770  4370 I WifiConnectivityManager: scheduleWatchdogTimer
12-31 16:01:08.140  2770  4393 D RttService: DefaultState got{ when=-1ms what=160512 target=com.android.internal.util.StateMachine$SmHandler }
12-31 16:01:08.141  2770  4370 W AlarmManager: Unrecognized alarm listener com.android.server.wifi.WifiConnectivityManager$3@79ff26a
12-31 16:01:08.141  2770  4370 E WifiScanner: listener cannot be found
12-31 16:01:08.141  1698  2271 D CommandListener: Setting iface cfg
12-31 16:01:08.141  1698  2271 D CommandListener: Trying to bring up p2p0
12-31 16:01:08.142  2770  4392 I WifiScanningService: wifi driver loaded with scan capabilities: max buckets=16
12-31 16:01:08.142  2770  4363 D WifiMonitor: startMonitoring(p2p0) with mConnected = true
12-31 16:01:08.143  2770  4370 D WifiNative-HAL: Failing getSupportedFeatureset because HAL isn't started
12-31 16:01:08.143  2770  2845 E BatteryStatsService: no controller energy info supplied
12-31 16:01:08.149  2770  2845 E KernelUidCpuTimeReader: Failed to read uid_cputime: /proc/uid_cputime/show_uid_stat (No such file or directory)
12-31 16:01:08.158  2770  4370 D WifiNative-HAL: Failing getSupportedFeatureset because HAL isn't started
12-31 16:01:08.159  2770  2845 E BatteryStatsService: no controller energy info supplied
12-31 16:01:08.161  2770  4363 D WifiNative-HAL: p2pGetDeviceAddress
12-31 16:01:08.162  2770  2845 E KernelUidCpuTimeReader: Failed to read uid_cputime: /proc/uid_cputime/show_uid_stat (No such file or directory)
12-31 16:01:08.163  2770  4363 D WifiNative-HAL: p2pGetDeviceAddress returning 36:c3:d2:93:d1:6e
12-31 16:01:08.261  4477  4994 D bt_vendor: set power off and delay 200ms
12-31 16:01:08.261  4477  4994 D bt_vendor: op for 0
12-31 16:01:08.261  4477  4994 D bt_upio : is_emulator_context : 0
12-31 16:01:08.261  4477  4994 D bt_upio : is_rfkill_disabled ? [0]
12-31 16:01:08.469  4545  5035 I vol.Events: writeEvent level_changed STREAM_ALARM 5
12-31 16:01:08.471  4545  5035 I vol.Events: writeEvent level_changed STREAM_BLUETOOTH_SCO 15
12-31 16:01:08.472  4545  5035 I vol.Events: writeEvent level_changed STREAM_MUSIC 15
12-31 16:01:08.476  4545  5035 I vol.Events: writeEvent level_changed STREAM_RING 5
12-31 16:01:08.478  4545  5035 I vol.Events: writeEvent level_changed STREAM_SYSTEM 7
12-31 16:01:08.482  4545  5035 I vol.Events: writeEvent level_changed STREAM_VOICE_CALL 5
12-31 16:01:08.484  4545  5035 I vol.Events: writeEvent zen_mode_changed alarms
12-31 16:01:08.507  1657  1720 E SurfaceFlinger: ro.sf.lcd_density must be defined as a build property
12-31 16:01:08.543  4545  4545 D StorageNotification: Notifying about private volume: VolumeInfo{private}:
12-31 16:01:08.543  4545  4545 D StorageNotification:     type=PRIVATE diskId=null partGuid=null mountFlags=0 mountUserId=-1 
12-31 16:01:08.543  4545  4545 D StorageNotification:     state=MOUNTED 
12-31 16:01:08.543  4545  4545 D StorageNotification:     fsType=null fsUuid=null fsLabel=null 
12-31 16:01:08.543  4545  4545 D StorageNotification:     path=/data internalPath=null 
12-31 16:01:08.637  4545  4545 V MediaRouter: Updating audio routes: AudioRoutesInfo{ type=HDMI }
12-31 16:01:08.637  4545  4545 V MediaRouter: Dispatching route change: RouteInfo{ name=HDMI, description=null, status=null, category=RouteCategory{ name=null types=ROUTE_TYPE_LIVE_AUDIO ROUTE_TYPE_LIVE_VIDEO  groupable=false }, supportedTypes=ROUTE_TYPE_LIVE_AUDIO ROUTE_TYPE_LIVE_VIDEO , presentationDisplay=null }
12-31 16:01:08.704  2770  4792 I StatusBarManagerService: registerStatusBar bar=com.android.internal.statusbar.IStatusBar$Stub$Proxy@52e0c04
12-31 16:01:08.705  2770  2839 W WindowManager: Keyguard drawn timeout. Setting mKeyguardDrawComplete
12-31 16:01:08.719  1657  3024 D gralloc : ion_alloc from ion_client:19 for 8294400 Bytes uncached buffer by using heap mask 16 successfully, mem_continue_flag is 1
12-31 16:01:08.787  4477  4994 D bt_vendor: set power on and delay 500ms
12-31 16:01:08.787  4477  4994 D bt_hci  : start_up starting async portion
12-31 16:01:08.787  4477  5039 I bt_hci  : event_finish_startup
12-31 16:01:08.787  4477  5039 I bt_hci_h4: hal_open
12-31 16:01:08.787  4477  5039 D bt_vendor: op for 3
12-31 16:01:08.787  4477  5039 I bt_userial_vendor: userial vendor open: opening /dev/ttyS1
12-31 16:01:08.788  4477  5039 I bt_userial_vendor: userial vendor open: with HW flowctrl OFF
12-31 16:01:08.788  4477  5039 I bt_userial_vendor: device fd = 72 open
12-31 16:01:08.789  4477  5100 W bt_osi_thread: run_thread: thread id 5100, thread name hci_single_chann started
12-31 16:01:08.790  4477  5039 D bt_vendor: op for 1
12-31 16:01:08.790  4477  5039 I bt_hwcfg: hw_config_start:Realtek version 3.8 with Android6.0 
12-31 16:01:08.790  4477  5039 E bt_hci  : transmit_int_command hci_h5->send_int_cmd.
12-31 16:01:08.958  4545  4545 W art     : Long monitor contention with owner AsyncTask #1 (5096) at android.graphics.Bitmap android.graphics.BitmapFactory.nativeDecodeFileDescriptor(java.io.FileDescriptor, android.graphics.Rect, android.graphics.BitmapFactory$Options)(BitmapFactory.java:-2) waiters=0 in void android.app.WallpaperManager$Globals.forgetLoadedWallpaper() for 188ms
12-31 16:01:08.969  1657  1722 I SurfaceFlinger: Boot is finished (45102 ms)
12-31 16:01:08.988  1657  3024 D gralloc : ion_alloc from ion_client:19 for 8294400 Bytes uncached buffer by using heap mask 16 successfully, mem_continue_flag is 1
12-31 16:01:09.043  4477  4477 E bt_h5   : h5_timeout_handler
12-31 16:01:09.043  4477  4477 E bt_h5   : Wait H5 Conf Resp timeout, 0 times
12-31 16:01:09.046  4477  5039 E bt_h5   : rtk no alloc in init result
12-31 16:01:09.046  4477  5039 I bt_hwcfg: hw_cfg_cb.state = 1
12-31 16:01:09.046  4477  5039 E bt_hci  : transmit_int_command hci_h5->send_int_cmd.
12-31 16:01:09.052  4477  5039 I rtk_parse: : rtk_prof.hci_reversion = b
12-31 16:01:09.052  4477  5039 I rtk_parse: : rtk_prof.lmp_subversion = 8723
12-31 16:01:09.052  4477  5039 I bt_hwcfg: hw_cfg_cb.state = 2
12-31 16:01:09.052  4477  5039 I bt_hwcfg: lmp_version = 8723
12-31 16:01:09.052  4477  5039 E bt_hci  : transmit_int_command hci_h5->send_int_cmd.
12-31 16:01:09.057  4477  5039 I bt_hwcfg: hw_cfg_cb.state = 3
12-31 16:01:09.057  4477  5039 I bt_hwcfg: BT config file: /system/etc/firmware/rtl8723bs_config
12-31 16:01:09.062  4477  5039 I bt_hwcfg: config offset(f4),length(8)
12-31 16:01:09.062  4477  5039 I bt_hwcfg: config baud rate to :04928002, hwflowcontrol:5f, 81
12-31 16:01:09.062  4477  5039 I bt_hwcfg: config offset(27),length(1)
12-31 16:01:09.062  4477  5039 I bt_hwcfg: config offset(fe),length(1)
12-31 16:01:09.062  4477  5039 I bt_hwcfg: config offset(15b),length(4)
12-31 16:01:09.062  4477  5039 I bt_hwcfg: config offset(1e3),length(1)
12-31 16:01:09.062  4477  5039 I bt_hwcfg: config offset(db),length(1)
12-31 16:01:09.062  4477  5039 I bt_hwcfg: Get config baud rate from config file:4928002
12-31 16:01:09.062  4477  5039 I bt_hwcfg: BT fw file: /system/etc/firmware/rtl8723bs_fw
12-31 16:01:09.066  4477  5039 I bt_hwcfg: Load FW OK
12-31 16:01:09.066  4477  5039 I bt_hwcfg: bt_hw_parse_project_id: opcode 0, len 1, data 1
12-31 16:01:09.066  4477  5039 I bt_hwcfg: rtk_get_patch_entry: fw_ver 0x1e4e26b7, patch_num 2
12-31 16:01:09.066  4477  5039 I bt_hwcfg: rtk_get_patch_entry: chip_id 2, patch_len 0x5f20, patch_offset 0x5680
12-31 16:01:09.066  4477  5039 I bt_hwcfg: total_len = 0x5f5b
12-31 16:01:09.066  4477  5039 I bt_hwcfg: fw svn_version = 16527
12-31 16:01:09.066  4477  5039 I bt_hwcfg: BTCOEX20151127-6549
12-31 16:01:09.066  4477  5039 I bt_hwcfg: Fw: exists, config file: exists
12-31 16:01:09.066  4477  5039 I bt_hwcfg: patch fragment count 97, tail len 219
12-31 16:01:09.066  4477  5039 I bt_hwcfg: bt vendor lib: set CONTROLLER UART baud 4928002
12-31 16:01:09.066  4477  5039 E bt_hci  : transmit_int_command hci_h5->send_int_cmd.
12-31 16:01:09.131  1657  4880 D gralloc : ion_alloc from ion_client:19 for 10575360 Bytes uncached buffer by using heap mask 16 successfully, mem_continue_flag is 1
12-31 16:01:09.321  4477  4477 E bt_h5   : h5_timeout_handler
12-31 16:01:09.321  4477  4477 I bt_hwcfg: hw_cfg_cb.state = 6
12-31 16:01:09.321  4477  4477 I bt_hwcfg: bt vendor lib: set HOST UART baud 1500000
12-31 16:01:09.321  4477  4477 I bt_userial_vendor: userial_vendor_set_baud++
12-31 16:01:09.321  4477  4477 I bt_userial_vendor: userial_vendor_set_baud--
12-31 16:01:09.321  4477  4477 I bt_hwcfg: Change HW flowcontrol setting
12-31 16:01:09.321  4477  4477 I bt_userial_vendor: Set HW FlowControl On
12-31 16:01:09.321  4477  4477 I bt_userial_vendor: userial_vendor_set_hw_fctrl set hw flowcontrol on
12-31 16:01:09.421  4477  4477 I bt_hwcfg: bt vendor lib: HW_CFG_DL_FW_PATCH status:0, opcode:fc17
12-31 16:01:09.421  4477  4477 E bt_hci  : transmit_int_command hci_h5->send_int_cmd.
12-31 16:01:09.424  4477  5039 I bt_hwcfg: hw_cfg_cb.state = 9
12-31 16:01:09.424  4477  5039 I bt_hwcfg: bt vendor lib: HW_CFG_DL_FW_PATCH status:0, opcode:fc20
12-31 16:01:09.424  4477  5039 I bt_hwcfg: bt vendor lib: HW_CFG_DL_FW_PATCH status:0, iIndexRx:0
12-31 16:01:09.424  4477  5039 E bt_hci  : transmit_int_command hci_h5->send_int_cmd.
12-31 16:01:09.427  4477  5039 I bt_hwcfg: hw_cfg_cb.state = 9
12-31 16:01:09.428  4477  5039 I bt_hwcfg: bt vendor lib: HW_CFG_DL_FW_PATCH status:0, opcode:fc20
12-31 16:01:09.428  4477  5039 I bt_hwcfg: bt vendor lib: HW_CFG_DL_FW_PATCH status:0, iIndexRx:1
12-31 16:01:09.428  4477  5039 E bt_hci  : transmit_int_command hci_h5->send_int_cmd.
12-31 16:01:09.431  4477  5039 I bt_hwcfg: hw_cfg_cb.state = 9
12-31 16:01:09.431  4477  5039 I bt_hwcfg: bt vendor lib: HW_CFG_DL_FW_PATCH status:0, opcode:fc20
12-31 16:01:09.431  4477  5039 I bt_hwcfg: bt vendor lib: HW_CFG_DL_FW_PATCH status:0, iIndexRx:2
12-31 16:01:09.431  4477  5039 E bt_hci  : transmit_int_command hci_h5->send_int_cmd.
12-31 16:01:09.434  4477  5039 I bt_hwcfg: hw_cfg_cb.state = 9
12-31 16:01:09.434  4477  5039 I bt_hwcfg: bt vendor lib: HW_CFG_DL_FW_PATCH status:0, opcode:fc20
12-31 16:01:09.434  4477  5039 I bt_hwcfg: bt vendor lib: HW_CFG_DL_FW_PATCH status:0, iIndexRx:3
12-31 16:01:09.434  4477  5039 E bt_hci  : transmit_int_command hci_h5->send_int_cmd.
12-31 16:01:09.437  4477  5039 I bt_hwcfg: hw_cfg_cb.state = 9
12-31 16:01:09.437  4477  5039 I bt_hwcfg: bt vendor lib: HW_CFG_DL_FW_PATCH status:0, opcode:fc20
12-31 16:01:09.437  4477  5039 I bt_hwcfg: bt vendor lib: HW_CFG_DL_FW_PATCH status:0, iIndexRx:4
12-31 16:01:09.437  4477  5039 E bt_hci  : transmit_int_command hci_h5->send_int_cmd.
12-31 16:01:09.440  4477  5039 I bt_hwcfg: hw_cfg_cb.state = 9
12-31 16:01:09.440  4477  5039 I bt_hwcfg: bt vendor lib: HW_CFG_DL_FW_PATCH status:0, opcode:fc20
12-31 16:01:09.440  4477  5039 I bt_hwcfg: bt vendor lib: HW_CFG_DL_FW_PATCH status:0, iIndexRx:5
12-31 16:01:09.440  4477  5039 E bt_hci  : transmit_int_command hci_h5->send_int_cmd.
12-31 16:01:09.443  4477  5039 I bt_hwcfg: hw_cfg_cb.state = 9
12-31 16:01:09.443  4477  5039 I bt_hwcfg: bt vendor lib: HW_CFG_DL_FW_PATCH status:0, opcode:fc20
12-31 16:01:09.443  4477  5039 I bt_hwcfg: bt vendor lib: HW_CFG_DL_FW_PATCH status:0, iIndexRx:6
12-31 16:01:09.443  4477  5039 E bt_hci  : transmit_int_command hci_h5->send_int_cmd.
12-31 16:01:09.446  4477  5039 I bt_hwcfg: hw_cfg_cb.state = 9
12-31 16:01:09.446  4477  5039 I bt_hwcfg: bt vendor lib: HW_CFG_DL_FW_PATCH status:0, opcode:fc20
12-31 16:01:09.446  4477  5039 I bt_hwcfg: bt vendor lib: HW_CFG_DL_FW_PATCH status:0, iIndexRx:7
12-31 16:01:09.446  4477  5039 E bt_hci  : transmit_int_command hci_h5->send_int_cmd.
12-31 16:01:09.450  4477  5039 I bt_hwcfg: hw_cfg_cb.state = 9
12-31 16:01:09.450  4477  5039 I bt_hwcfg: bt vendor lib: HW_CFG_DL_FW_PATCH status:0, opcode:fc20
12-31 16:01:09.450  4477  5039 I bt_hwcfg: bt vendor lib: HW_CFG_DL_FW_PATCH status:0, iIndexRx:8
12-31 16:01:09.450  4477  5039 E bt_hci  : transmit_int_command hci_h5->send_int_cmd.
12-31 16:01:09.453  4477  5039 I bt_hwcfg: hw_cfg_cb.state = 9
12-31 16:01:09.453  4477  5039 I bt_hwcfg: bt vendor lib: HW_CFG_DL_FW_PATCH status:0, opcode:fc20
12-31 16:01:09.453  4477  5039 I bt_hwcfg: bt vendor lib: HW_CFG_DL_FW_PATCH status:0, iIndexRx:9
12-31 16:01:09.453  4477  5039 E bt_hci  : transmit_int_command hci_h5->send_int_cmd.
12-31 16:01:09.456  4477  5039 I bt_hwcfg: hw_cfg_cb.state = 9
12-31 16:01:09.456  4477  5039 I bt_hwcfg: bt vendor lib: HW_CFG_DL_FW_PATCH status:0, opcode:fc20
12-31 16:01:09.456  4477  5039 I bt_hwcfg: bt vendor lib: HW_CFG_DL_FW_PATCH status:0, iIndexRx:10
12-31 16:01:09.456  4477  5039 E bt_hci  : transmit_int_command hci_h5->send_int_cmd.
12-31 16:01:09.458  4477  5039 I bt_hwcfg: hw_cfg_cb.state = 9
12-31 16:01:09.459  4477  5039 I bt_hwcfg: bt vendor lib: HW_CFG_DL_FW_PATCH status:0, opcode:fc20
12-31 16:01:09.459  4477  5039 I bt_hwcfg: bt vendor lib: HW_CFG_DL_FW_PATCH status:0, iIndexRx:11
12-31 16:01:09.459  4477  5039 E bt_hci  : transmit_int_command hci_h5->send_int_cmd.
12-31 16:01:09.462  4477  5039 I bt_hwcfg: hw_cfg_cb.state = 9
12-31 16:01:09.462  4477  5039 I bt_hwcfg: bt vendor lib: HW_CFG_DL_FW_PATCH status:0, opcode:fc20
12-31 16:01:09.462  4477  5039 I bt_hwcfg: bt vendor lib: HW_CFG_DL_FW_PATCH status:0, iIndexRx:12
12-31 16:01:09.462  4477  5039 E bt_hci  : transmit_int_command hci_h5->send_int_cmd.
12-31 16:01:09.467  4477  5039 I bt_hwcfg: hw_cfg_cb.state = 9
12-31 16:01:09.467  4477  5039 I bt_hwcfg: bt vendor lib: HW_CFG_DL_FW_PATCH status:0, opcode:fc20
12-31 16:01:09.467  4477  5039 I bt_hwcfg: bt vendor lib: HW_CFG_DL_FW_PATCH status:0, iIndexRx:13
12-31 16:01:09.467  4477  5039 E bt_hci  : transmit_int_command hci_h5->send_int_cmd.
12-31 16:01:09.468  2770  4370 D WIFI    : Registering NetworkFactory
12-31 16:01:09.468  2770  4370 D WIFI_UT : Registering NetworkFactory
12-31 16:01:09.469  2770  4395 D ConnectivityService: Got NetworkFactory Messenger for WIFI
12-31 16:01:09.469  2770  4395 D ConnectivityService: Got NetworkFactory Messenger for WIFI_UT
12-31 16:01:09.470  4477  5039 I bt_hwcfg: hw_cfg_cb.state = 9
12-31 16:01:09.470  4477  5039 I bt_hwcfg: bt vendor lib: HW_CFG_DL_FW_PATCH status:0, opcode:fc20
12-31 16:01:09.470  4477  5039 I bt_hwcfg: bt vendor lib: HW_CFG_DL_FW_PATCH status:0, iIndexRx:14
12-31 16:01:09.470  4477  5039 E bt_hci  : transmit_int_command hci_h5->send_int_cmd.
12-31 16:01:09.473  4477  5039 I bt_hwcfg: hw_cfg_cb.state = 9
12-31 16:01:09.473  4477  5039 I bt_hwcfg: bt vendor lib: HW_CFG_DL_FW_PATCH status:0, opcode:fc20
12-31 16:01:09.473  4477  5039 I bt_hwcfg: bt vendor lib: HW_CFG_DL_FW_PATCH status:0, iIndexRx:15
12-31 16:01:09.473  4477  5039 E bt_hci  : transmit_int_command hci_h5->send_int_cmd.
12-31 16:01:09.476  4477  5039 I bt_hwcfg: hw_cfg_cb.state = 9
12-31 16:01:09.476  4477  5039 I bt_hwcfg: bt vendor lib: HW_CFG_DL_FW_PATCH status:0, opcode:fc20
12-31 16:01:09.476  4477  5039 I bt_hwcfg: bt vendor lib: HW_CFG_DL_FW_PATCH status:0, iIndexRx:16
12-31 16:01:09.476  4477  5039 E bt_hci  : transmit_int_command hci_h5->send_int_cmd.
12-31 16:01:09.479  4477  5039 I bt_hwcfg: hw_cfg_cb.state = 9
12-31 16:01:09.479  4477  5039 I bt_hwcfg: bt vendor lib: HW_CFG_DL_FW_PATCH status:0, opcode:fc20
12-31 16:01:09.479  4477  5039 I bt_hwcfg: bt vendor lib: HW_CFG_DL_FW_PATCH status:0, iIndexRx:17
12-31 16:01:09.480  4477  5039 E bt_hci  : transmit_int_command hci_h5->send_int_cmd.
12-31 16:01:09.482  4477  5039 I bt_hwcfg: hw_cfg_cb.state = 9
12-31 16:01:09.482  4477  5039 I bt_hwcfg: bt vendor lib: HW_CFG_DL_FW_PATCH status:0, opcode:fc20
12-31 16:01:09.482  4477  5039 I bt_hwcfg: bt vendor lib: HW_CFG_DL_FW_PATCH status:0, iIndexRx:18
12-31 16:01:09.482  4477  5039 E bt_hci  : transmit_int_command hci_h5->send_int_cmd.
12-31 16:01:09.488  4477  5039 I bt_hwcfg: hw_cfg_cb.state = 9
12-31 16:01:09.488  4477  5039 I bt_hwcfg: bt vendor lib: HW_CFG_DL_FW_PATCH status:0, opcode:fc20
12-31 16:01:09.488  4477  5039 I bt_hwcfg: bt vendor lib: HW_CFG_DL_FW_PATCH status:0, iIndexRx:19
12-31 16:01:09.488  4477  5039 E bt_hci  : transmit_int_command hci_h5->send_int_cmd.
12-31 16:01:09.490  4477  5039 I bt_hwcfg: hw_cfg_cb.state = 9
12-31 16:01:09.491  4477  5039 I bt_hwcfg: bt vendor lib: HW_CFG_DL_FW_PATCH status:0, opcode:fc20
12-31 16:01:09.491  4477  5039 I bt_hwcfg: bt vendor lib: HW_CFG_DL_FW_PATCH status:0, iIndexRx:20
12-31 16:01:09.491  4477  5039 E bt_hci  : transmit_int_command hci_h5->send_int_cmd.
12-31 16:01:09.492  2770  4370 D WIFI    : got request NetworkRequest [ id=1, legacyType=-1, [ Capabilities: INTERNET&NOT_RESTRICTED&TRUSTED&NOT_VPN] ] with score 0
12-31 16:01:09.492  2770  4370 D WIFI_UT : got request NetworkRequest [ id=1, legacyType=-1, [ Capabilities: INTERNET&NOT_RESTRICTED&TRUSTED&NOT_VPN] ] with score 0
12-31 16:01:09.494  4477  5039 I bt_hwcfg: hw_cfg_cb.state = 9
12-31 16:01:09.494  4477  5039 I bt_hwcfg: bt vendor lib: HW_CFG_DL_FW_PATCH status:0, opcode:fc20
12-31 16:01:09.494  4477  5039 I bt_hwcfg: bt vendor lib: HW_CFG_DL_FW_PATCH status:0, iIndexRx:21
12-31 16:01:09.494  4477  5039 E bt_hci  : transmit_int_command hci_h5->send_int_cmd.
12-31 16:01:09.497  4477  5039 I bt_hwcfg: hw_cfg_cb.state = 9
12-31 16:01:09.497  4477  5039 I bt_hwcfg: bt vendor lib: HW_CFG_DL_FW_PATCH status:0, opcode:fc20
12-31 16:01:09.497  4477  5039 I bt_hwcfg: bt vendor lib: HW_CFG_DL_FW_PATCH status:0, iIndexRx:22
12-31 16:01:09.497  4477  5039 E bt_hci  : transmit_int_command hci_h5->send_int_cmd.
12-31 16:01:09.500  4477  5039 I bt_hwcfg: hw_cfg_cb.state = 9
12-31 16:01:09.500  4477  5039 I bt_hwcfg: bt vendor lib: HW_CFG_DL_FW_PATCH status:0, opcode:fc20
12-31 16:01:09.500  4477  5039 I bt_hwcfg: bt vendor lib: HW_CFG_DL_FW_PATCH status:0, iIndexRx:23
12-31 16:01:09.500  4477  5039 E bt_hci  : transmit_int_command hci_h5->send_int_cmd.
12-31 16:01:09.503  4477  5039 I bt_hwcfg: hw_cfg_cb.state = 9
12-31 16:01:09.503  4477  5039 I bt_hwcfg: bt vendor lib: HW_CFG_DL_FW_PATCH status:0, opcode:fc20
12-31 16:01:09.503  4477  5039 I bt_hwcfg: bt vendor lib: HW_CFG_DL_FW_PATCH status:0, iIndexRx:24
12-31 16:01:09.503  4477  5039 E bt_hci  : transmit_int_command hci_h5->send_int_cmd.
12-31 16:01:09.506  4477  5039 I bt_hwcfg: hw_cfg_cb.state = 9
12-31 16:01:09.506  4477  5039 I bt_hwcfg: bt vendor lib: HW_CFG_DL_FW_PATCH status:0, opcode:fc20
12-31 16:01:09.506  4477  5039 I bt_hwcfg: bt vendor lib: HW_CFG_DL_FW_PATCH status:0, iIndexRx:25
12-31 16:01:09.506  4477  5039 E bt_hci  : transmit_int_command hci_h5->send_int_cmd.
12-31 16:01:09.508  2770  4370 D WifiStateMachine: CMD_AUTO_CONNECT sup state DisconnectedState my state DisconnectedState nid=0 roam=false
12-31 16:01:09.508  2770  4370 D WifiStateMachine: CMD_AUTO_CONNECT will save config -> "UPC0054202" nid=0
12-31 16:01:09.509  4477  5039 I bt_hwcfg: hw_cfg_cb.state = 9
12-31 16:01:09.509  4477  5039 I bt_hwcfg: bt vendor lib: HW_CFG_DL_FW_PATCH status:0, opcode:fc20
12-31 16:01:09.509  4477  5039 I bt_hwcfg: bt vendor lib: HW_CFG_DL_FW_PATCH status:0, iIndexRx:26
12-31 16:01:09.509  4477  5039 E bt_hci  : transmit_int_command hci_h5->send_int_cmd.
12-31 16:01:09.512  4477  5039 I bt_hwcfg: hw_cfg_cb.state = 9
12-31 16:01:09.512  4477  5039 I bt_hwcfg: bt vendor lib: HW_CFG_DL_FW_PATCH status:0, opcode:fc20
12-31 16:01:09.512  4477  5039 I bt_hwcfg: bt vendor lib: HW_CFG_DL_FW_PATCH status:0, iIndexRx:27
12-31 16:01:09.512  4477  5039 E bt_hci  : transmit_int_command hci_h5->send_int_cmd.
12-31 16:01:09.517  4477  5039 I bt_hwcfg: hw_cfg_cb.state = 9
12-31 16:01:09.517  4477  5039 I bt_hwcfg: bt vendor lib: HW_CFG_DL_FW_PATCH status:0, opcode:fc20
12-31 16:01:09.517  4477  5039 I bt_hwcfg: bt vendor lib: HW_CFG_DL_FW_PATCH status:0, iIndexRx:28
12-31 16:01:09.517  4477  5039 E bt_hci  : transmit_int_command hci_h5->send_int_cmd.
12-31 16:01:09.520  4477  5039 I bt_hwcfg: hw_cfg_cb.state = 9
12-31 16:01:09.520  4477  5039 I bt_hwcfg: bt vendor lib: HW_CFG_DL_FW_PATCH status:0, opcode:fc20
12-31 16:01:09.520  4477  5039 I bt_hwcfg: bt vendor lib: HW_CFG_DL_FW_PATCH status:0, iIndexRx:29
12-31 16:01:09.520  4477  5039 E bt_hci  : transmit_int_command hci_h5->send_int_cmd.
12-31 16:01:09.523  4477  5039 I bt_hwcfg: hw_cfg_cb.state = 9
12-31 16:01:09.523  4477  5039 I bt_hwcfg: bt vendor lib: HW_CFG_DL_FW_PATCH status:0, opcode:fc20
12-31 16:01:09.523  4477  5039 I bt_hwcfg: bt vendor lib: HW_CFG_DL_FW_PATCH status:0, iIndexRx:30
12-31 16:01:09.523  4477  5039 E bt_hci  : transmit_int_command hci_h5->send_int_cmd.
12-31 16:01:09.526  4477  5039 I bt_hwcfg: hw_cfg_cb.state = 9
12-31 16:01:09.526  4477  5039 I bt_hwcfg: bt vendor lib: HW_CFG_DL_FW_PATCH status:0, opcode:fc20
12-31 16:01:09.526  4477  5039 I bt_hwcfg: bt vendor lib: HW_CFG_DL_FW_PATCH status:0, iIndexRx:31
12-31 16:01:09.526  4477  5039 E bt_hci  : transmit_int_command hci_h5->send_int_cmd.
12-31 16:01:09.529  4477  5039 I bt_hwcfg: hw_cfg_cb.state = 9
12-31 16:01:09.529  4477  5039 I bt_hwcfg: bt vendor lib: HW_CFG_DL_FW_PATCH status:0, opcode:fc20
12-31 16:01:09.529  4477  5039 I bt_hwcfg: bt vendor lib: HW_CFG_DL_FW_PATCH status:0, iIndexRx:32
12-31 16:01:09.530  4477  5039 E bt_hci  : transmit_int_command hci_h5->send_int_cmd.
12-31 16:01:09.532  4477  5039 I bt_hwcfg: hw_cfg_cb.state = 9
12-31 16:01:09.533  4477  5039 I bt_hwcfg: bt vendor lib: HW_CFG_DL_FW_PATCH status:0, opcode:fc20
12-31 16:01:09.533  4477  5039 I bt_hwcfg: bt vendor lib: HW_CFG_DL_FW_PATCH status:0, iIndexRx:33
12-31 16:01:09.533  4477  5039 E bt_hci  : transmit_int_command hci_h5->send_int_cmd.
12-31 16:01:09.535  4477  5039 I bt_hwcfg: hw_cfg_cb.state = 9
12-31 16:01:09.535  4477  5039 I bt_hwcfg: bt vendor lib: HW_CFG_DL_FW_PATCH status:0, opcode:fc20
12-31 16:01:09.535  4477  5039 I bt_hwcfg: bt vendor lib: HW_CFG_DL_FW_PATCH status:0, iIndexRx:34
12-31 16:01:09.535  4477  5039 E bt_hci  : transmit_int_command hci_h5->send_int_cmd.
12-31 16:01:09.538  4477  5039 I bt_hwcfg: hw_cfg_cb.state = 9
12-31 16:01:09.538  4477  5039 I bt_hwcfg: bt vendor lib: HW_CFG_DL_FW_PATCH status:0, opcode:fc20
12-31 16:01:09.538  4477  5039 I bt_hwcfg: bt vendor lib: HW_CFG_DL_FW_PATCH status:0, iIndexRx:35
12-31 16:01:09.538  4477  5039 E bt_hci  : transmit_int_command hci_h5->send_int_cmd.
12-31 16:01:09.541  4477  5039 I bt_hwcfg: hw_cfg_cb.state = 9
12-31 16:01:09.541  4477  5039 I bt_hwcfg: bt vendor lib: HW_CFG_DL_FW_PATCH status:0, opcode:fc20
12-31 16:01:09.541  4477  5039 I bt_hwcfg: bt vendor lib: HW_CFG_DL_FW_PATCH status:0, iIndexRx:36
12-31 16:01:09.541  4477  5039 E bt_hci  : transmit_int_command hci_h5->send_int_cmd.
12-31 16:01:09.544  4477  5039 I bt_hwcfg: hw_cfg_cb.state = 9
12-31 16:01:09.544  4477  5039 I bt_hwcfg: bt vendor lib: HW_CFG_DL_FW_PATCH status:0, opcode:fc20
12-31 16:01:09.544  4477  5039 I bt_hwcfg: bt vendor lib: HW_CFG_DL_FW_PATCH status:0, iIndexRx:37
12-31 16:01:09.544  4477  5039 E bt_hci  : transmit_int_command hci_h5->send_int_cmd.
12-31 16:01:09.547  4477  5039 I bt_hwcfg: hw_cfg_cb.state = 9
12-31 16:01:09.547  4477  5039 I bt_hwcfg: bt vendor lib: HW_CFG_DL_FW_PATCH status:0, opcode:fc20
12-31 16:01:09.547  4477  5039 I bt_hwcfg: bt vendor lib: HW_CFG_DL_FW_PATCH status:0, iIndexRx:38
12-31 16:01:09.547  4477  5039 E bt_hci  : transmit_int_command hci_h5->send_int_cmd.
12-31 16:01:09.550  4477  5039 I bt_hwcfg: hw_cfg_cb.state = 9
12-31 16:01:09.550  4477  5039 I bt_hwcfg: bt vendor lib: HW_CFG_DL_FW_PATCH status:0, opcode:fc20
12-31 16:01:09.550  4477  5039 I bt_hwcfg: bt vendor lib: HW_CFG_DL_FW_PATCH status:0, iIndexRx:39
12-31 16:01:09.550  4477  5039 E bt_hci  : transmit_int_command hci_h5->send_int_cmd.
12-31 16:01:09.556  4477  5039 I bt_hwcfg: hw_cfg_cb.state = 9
12-31 16:01:09.556  4477  5039 I bt_hwcfg: bt vendor lib: HW_CFG_DL_FW_PATCH status:0, opcode:fc20
12-31 16:01:09.556  4477  5039 I bt_hwcfg: bt vendor lib: HW_CFG_DL_FW_PATCH status:0, iIndexRx:40
12-31 16:01:09.556  4477  5039 E bt_hci  : transmit_int_command hci_h5->send_int_cmd.
12-31 16:01:09.558  2770  5157 D WifiNetworkHistory: saving network history: "UPC0054202"WPA_PSK gw: 80:c6:ab:de:2b:84 Network Selection-status: NETWORK_SELECTION_ENABLED ephemeral=false choice:null link:0 status:1 nid:0 hasEverConnected: true
12-31 16:01:09.558  2770  5157 V WifiNetworkHistory: writeKnownNetworkHistory write config "UPC0054202"WPA_PSK
12-31 16:01:09.559  4477  5039 I bt_hwcfg: hw_cfg_cb.state = 9
12-31 16:01:09.559  4477  5039 I bt_hwcfg: bt vendor lib: HW_CFG_DL_FW_PATCH status:0, opcode:fc20
12-31 16:01:09.559  4477  5039 I bt_hwcfg: bt vendor lib: HW_CFG_DL_FW_PATCH status:0, iIndexRx:41
12-31 16:01:09.559  4477  5039 E bt_hci  : transmit_int_command hci_h5->send_int_cmd.
12-31 16:01:09.562  4477  5039 I bt_hwcfg: hw_cfg_cb.state = 9
12-31 16:01:09.562  4477  5039 I bt_hwcfg: bt vendor lib: HW_CFG_DL_FW_PATCH status:0, opcode:fc20
12-31 16:01:09.562  4477  5039 I bt_hwcfg: bt vendor lib: HW_CFG_DL_FW_PATCH status:0, iIndexRx:42
12-31 16:01:09.562  4477  5039 E bt_hci  : transmit_int_command hci_h5->send_int_cmd.
12-31 16:01:09.567  4477  5039 I bt_hwcfg: hw_cfg_cb.state = 9
12-31 16:01:09.567  4477  5039 I bt_hwcfg: bt vendor lib: HW_CFG_DL_FW_PATCH status:0, opcode:fc20
12-31 16:01:09.567  4477  5039 I bt_hwcfg: bt vendor lib: HW_CFG_DL_FW_PATCH status:0, iIndexRx:43
12-31 16:01:09.567  4477  5039 E bt_hci  : transmit_int_command hci_h5->send_int_cmd.
12-31 16:01:09.570  4477  5039 I bt_hwcfg: hw_cfg_cb.state = 9
12-31 16:01:09.570  4477  5039 I bt_hwcfg: bt vendor lib: HW_CFG_DL_FW_PATCH status:0, opcode:fc20
12-31 16:01:09.570  4477  5039 I bt_hwcfg: bt vendor lib: HW_CFG_DL_FW_PATCH status:0, iIndexRx:44
12-31 16:01:09.570  4477  5039 E bt_hci  : transmit_int_command hci_h5->send_int_cmd.
12-31 16:01:09.573  4477  5039 I bt_hwcfg: hw_cfg_cb.state = 9
12-31 16:01:09.573  4477  5039 I bt_hwcfg: bt vendor lib: HW_CFG_DL_FW_PATCH status:0, opcode:fc20
12-31 16:01:09.573  4477  5039 I bt_hwcfg: bt vendor lib: HW_CFG_DL_FW_PATCH status:0, iIndexRx:45
12-31 16:01:09.573  4477  5039 E bt_hci  : transmit_int_command hci_h5->send_int_cmd.
12-31 16:01:09.573  2770  4370 D WifiStateMachine: CMD_AUTO_CONNECT did save config ->  nid=0
12-31 16:01:09.576  2770  5159 D WifiNetworkHistory: saving network history: "UPC0054202"WPA_PSK gw: 80:c6:ab:de:2b:84 Network Selection-status: NETWORK_SELECTION_ENABLED ephemeral=false choice:null link:0 status:1 nid:0 hasEverConnected: true
12-31 16:01:09.576  2770  5159 V WifiNetworkHistory: writeKnownNetworkHistory write config "UPC0054202"WPA_PSK
12-31 16:01:09.576  4673  4673 I wpa_supplicant: wlan0: Trying to associate with 28:be:9b:05:7e:68 (SSID='UPC0054202' freq=2462 MHz)
12-31 16:01:09.577  4477  5039 I bt_hwcfg: hw_cfg_cb.state = 9
12-31 16:01:09.577  4477  5039 I bt_hwcfg: bt vendor lib: HW_CFG_DL_FW_PATCH status:0, opcode:fc20
12-31 16:01:09.577  4477  5039 I bt_hwcfg: bt vendor lib: HW_CFG_DL_FW_PATCH status:0, iIndexRx:46
12-31 16:01:09.577  4477  5039 E bt_hci  : transmit_int_command hci_h5->send_int_cmd.
12-31 16:01:09.588  4477  5039 I bt_hwcfg: hw_cfg_cb.state = 9
12-31 16:01:09.588  4477  5039 I bt_hwcfg: bt vendor lib: HW_CFG_DL_FW_PATCH status:0, opcode:fc20
12-31 16:01:09.588  4477  5039 I bt_hwcfg: bt vendor lib: HW_CFG_DL_FW_PATCH status:0, iIndexRx:47
12-31 16:01:09.588  4477  5039 E bt_hci  : transmit_int_command hci_h5->send_int_cmd.
12-31 16:01:09.591  4477  5039 I bt_hwcfg: hw_cfg_cb.state = 9
12-31 16:01:09.591  4477  5039 I bt_hwcfg: bt vendor lib: HW_CFG_DL_FW_PATCH status:0, opcode:fc20
12-31 16:01:09.591  4477  5039 I bt_hwcfg: bt vendor lib: HW_CFG_DL_FW_PATCH status:0, iIndexRx:48
12-31 16:01:09.591  4477  5039 E bt_hci  : transmit_int_command hci_h5->send_int_cmd.
12-31 16:01:09.594  4477  5039 I bt_hwcfg: hw_cfg_cb.state = 9
12-31 16:01:09.594  4477  5039 I bt_hwcfg: bt vendor lib: HW_CFG_DL_FW_PATCH status:0, opcode:fc20
12-31 16:01:09.594  4477  5039 I bt_hwcfg: bt vendor lib: HW_CFG_DL_FW_PATCH status:0, iIndexRx:49
12-31 16:01:09.594  4477  5039 E bt_hci  : transmit_int_command hci_h5->send_int_cmd.
12-31 16:01:09.597  4477  5039 I bt_hwcfg: hw_cfg_cb.state = 9
12-31 16:01:09.597  4477  5039 I bt_hwcfg: bt vendor lib: HW_CFG_DL_FW_PATCH status:0, opcode:fc20
12-31 16:01:09.597  4477  5039 I bt_hwcfg: bt vendor lib: HW_CFG_DL_FW_PATCH status:0, iIndexRx:50
12-31 16:01:09.597  4477  5039 E bt_hci  : transmit_int_command hci_h5->send_int_cmd.
12-31 16:01:09.600  4477  5039 I bt_hwcfg: hw_cfg_cb.state = 9
12-31 16:01:09.600  4477  5039 I bt_hwcfg: bt vendor lib: HW_CFG_DL_FW_PATCH status:0, opcode:fc20
12-31 16:01:09.600  4477  5039 I bt_hwcfg: bt vendor lib: HW_CFG_DL_FW_PATCH status:0, iIndexRx:51
12-31 16:01:09.600  4477  5039 E bt_hci  : transmit_int_command hci_h5->send_int_cmd.
12-31 16:01:09.603  4477  5039 I bt_hwcfg: hw_cfg_cb.state = 9
12-31 16:01:09.603  4477  5039 I bt_hwcfg: bt vendor lib: HW_CFG_DL_FW_PATCH status:0, opcode:fc20
12-31 16:01:09.603  4477  5039 I bt_hwcfg: bt vendor lib: HW_CFG_DL_FW_PATCH status:0, iIndexRx:52
12-31 16:01:09.603  4477  5039 E bt_hci  : transmit_int_command hci_h5->send_int_cmd.
12-31 16:01:09.606  4477  5039 I bt_hwcfg: hw_cfg_cb.state = 9
12-31 16:01:09.606  4477  5039 I bt_hwcfg: bt vendor lib: HW_CFG_DL_FW_PATCH status:0, opcode:fc20
12-31 16:01:09.606  4477  5039 I bt_hwcfg: bt vendor lib: HW_CFG_DL_FW_PATCH status:0, iIndexRx:53
12-31 16:01:09.606  4477  5039 E bt_hci  : transmit_int_command hci_h5->send_int_cmd.
12-31 16:01:09.609  4477  5039 I bt_hwcfg: hw_cfg_cb.state = 9
12-31 16:01:09.609  4477  5039 I bt_hwcfg: bt vendor lib: HW_CFG_DL_FW_PATCH status:0, opcode:fc20
12-31 16:01:09.609  4477  5039 I bt_hwcfg: bt vendor lib: HW_CFG_DL_FW_PATCH status:0, iIndexRx:54
12-31 16:01:09.609  4477  5039 E bt_hci  : transmit_int_command hci_h5->send_int_cmd.
12-31 16:01:09.611  4477  5039 I bt_hwcfg: hw_cfg_cb.state = 9
12-31 16:01:09.611  4477  5039 I bt_hwcfg: bt vendor lib: HW_CFG_DL_FW_PATCH status:0, opcode:fc20
12-31 16:01:09.611  4477  5039 I bt_hwcfg: bt vendor lib: HW_CFG_DL_FW_PATCH status:0, iIndexRx:55
12-31 16:01:09.611  4477  5039 E bt_hci  : transmit_int_command hci_h5->send_int_cmd.
12-31 16:01:09.614  4477  5039 I bt_hwcfg: hw_cfg_cb.state = 9
12-31 16:01:09.614  4477  5039 I bt_hwcfg: bt vendor lib: HW_CFG_DL_FW_PATCH status:0, opcode:fc20
12-31 16:01:09.614  4477  5039 I bt_hwcfg: bt vendor lib: HW_CFG_DL_FW_PATCH status:0, iIndexRx:56
12-31 16:01:09.614  4477  5039 E bt_hci  : transmit_int_command hci_h5->send_int_cmd.
12-31 16:01:09.617  4477  5039 I bt_hwcfg: hw_cfg_cb.state = 9
12-31 16:01:09.617  4477  5039 I bt_hwcfg: bt vendor lib: HW_CFG_DL_FW_PATCH status:0, opcode:fc20
12-31 16:01:09.617  4477  5039 I bt_hwcfg: bt vendor lib: HW_CFG_DL_FW_PATCH status:0, iIndexRx:57
12-31 16:01:09.617  4477  5039 E bt_hci  : transmit_int_command hci_h5->send_int_cmd.
12-31 16:01:09.620  4477  5039 I bt_hwcfg: hw_cfg_cb.state = 9
12-31 16:01:09.620  4477  5039 I bt_hwcfg: bt vendor lib: HW_CFG_DL_FW_PATCH status:0, opcode:fc20
12-31 16:01:09.620  4477  5039 I bt_hwcfg: bt vendor lib: HW_CFG_DL_FW_PATCH status:0, iIndexRx:58
12-31 16:01:09.620  4477  5039 E bt_hci  : transmit_int_command hci_h5->send_int_cmd.
12-31 16:01:09.623  4477  5039 I bt_hwcfg: hw_cfg_cb.state = 9
12-31 16:01:09.623  4477  5039 I bt_hwcfg: bt vendor lib: HW_CFG_DL_FW_PATCH status:0, opcode:fc20
12-31 16:01:09.623  4477  5039 I bt_hwcfg: bt vendor lib: HW_CFG_DL_FW_PATCH status:0, iIndexRx:59
12-31 16:01:09.623  4477  5039 E bt_hci  : transmit_int_command hci_h5->send_int_cmd.
12-31 16:01:09.625  4477  5039 I bt_hwcfg: hw_cfg_cb.state = 9
12-31 16:01:09.625  4477  5039 I bt_hwcfg: bt vendor lib: HW_CFG_DL_FW_PATCH status:0, opcode:fc20
12-31 16:01:09.626  4477  5039 I bt_hwcfg: bt vendor lib: HW_CFG_DL_FW_PATCH status:0, iIndexRx:60
12-31 16:01:09.626  4477  5039 E bt_hci  : transmit_int_command hci_h5->send_int_cmd.
12-31 16:01:09.628  4477  5039 I bt_hwcfg: hw_cfg_cb.state = 9
12-31 16:01:09.628  4477  5039 I bt_hwcfg: bt vendor lib: HW_CFG_DL_FW_PATCH status:0, opcode:fc20
12-31 16:01:09.628  4477  5039 I bt_hwcfg: bt vendor lib: HW_CFG_DL_FW_PATCH status:0, iIndexRx:61
12-31 16:01:09.629  4477  5039 E bt_hci  : transmit_int_command hci_h5->send_int_cmd.
12-31 16:01:09.631  4477  5039 I bt_hwcfg: hw_cfg_cb.state = 9
12-31 16:01:09.631  4477  5039 I bt_hwcfg: bt vendor lib: HW_CFG_DL_FW_PATCH status:0, opcode:fc20
12-31 16:01:09.631  4477  5039 I bt_hwcfg: bt vendor lib: HW_CFG_DL_FW_PATCH status:0, iIndexRx:62
12-31 16:01:09.632  4477  5039 E bt_hci  : transmit_int_command hci_h5->send_int_cmd.
12-31 16:01:09.634  4477  5039 I bt_hwcfg: hw_cfg_cb.state = 9
12-31 16:01:09.634  4477  5039 I bt_hwcfg: bt vendor lib: HW_CFG_DL_FW_PATCH status:0, opcode:fc20
12-31 16:01:09.634  4477  5039 I bt_hwcfg: bt vendor lib: HW_CFG_DL_FW_PATCH status:0, iIndexRx:63
12-31 16:01:09.634  4477  5039 E bt_hci  : transmit_int_command hci_h5->send_int_cmd.
12-31 16:01:09.637  4477  5039 I bt_hwcfg: hw_cfg_cb.state = 9
12-31 16:01:09.637  4477  5039 I bt_hwcfg: bt vendor lib: HW_CFG_DL_FW_PATCH status:0, opcode:fc20
12-31 16:01:09.637  4477  5039 I bt_hwcfg: bt vendor lib: HW_CFG_DL_FW_PATCH status:0, iIndexRx:64
12-31 16:01:09.637  4477  5039 E bt_hci  : transmit_int_command hci_h5->send_int_cmd.
12-31 16:01:09.640  4477  5039 I bt_hwcfg: hw_cfg_cb.state = 9
12-31 16:01:09.640  4477  5039 I bt_hwcfg: bt vendor lib: HW_CFG_DL_FW_PATCH status:0, opcode:fc20
12-31 16:01:09.640  4477  5039 I bt_hwcfg: bt vendor lib: HW_CFG_DL_FW_PATCH status:0, iIndexRx:65
12-31 16:01:09.640  4477  5039 E bt_hci  : transmit_int_command hci_h5->send_int_cmd.
12-31 16:01:09.643  4477  5039 I bt_hwcfg: hw_cfg_cb.state = 9
12-31 16:01:09.643  4477  5039 I bt_hwcfg: bt vendor lib: HW_CFG_DL_FW_PATCH status:0, opcode:fc20
12-31 16:01:09.643  4477  5039 I bt_hwcfg: bt vendor lib: HW_CFG_DL_FW_PATCH status:0, iIndexRx:66
12-31 16:01:09.643  4477  5039 E bt_hci  : transmit_int_command hci_h5->send_int_cmd.
12-31 16:01:09.646  4477  5039 I bt_hwcfg: hw_cfg_cb.state = 9
12-31 16:01:09.646  4477  5039 I bt_hwcfg: bt vendor lib: HW_CFG_DL_FW_PATCH status:0, opcode:fc20
12-31 16:01:09.646  4477  5039 I bt_hwcfg: bt vendor lib: HW_CFG_DL_FW_PATCH status:0, iIndexRx:67
12-31 16:01:09.646  4477  5039 E bt_hci  : transmit_int_command hci_h5->send_int_cmd.
12-31 16:01:09.649  4477  5039 I bt_hwcfg: hw_cfg_cb.state = 9
12-31 16:01:09.649  4477  5039 I bt_hwcfg: bt vendor lib: HW_CFG_DL_FW_PATCH status:0, opcode:fc20
12-31 16:01:09.649  4477  5039 I bt_hwcfg: bt vendor lib: HW_CFG_DL_FW_PATCH status:0, iIndexRx:68
12-31 16:01:09.649  4477  5039 E bt_hci  : transmit_int_command hci_h5->send_int_cmd.
12-31 16:01:09.652  4477  5039 I bt_hwcfg: hw_cfg_cb.state = 9
12-31 16:01:09.652  4477  5039 I bt_hwcfg: bt vendor lib: HW_CFG_DL_FW_PATCH status:0, opcode:fc20
12-31 16:01:09.652  4477  5039 I bt_hwcfg: bt vendor lib: HW_CFG_DL_FW_PATCH status:0, iIndexRx:69
12-31 16:01:09.652  4477  5039 E bt_hci  : transmit_int_command hci_h5->send_int_cmd.
12-31 16:01:09.654  4477  5039 I bt_hwcfg: hw_cfg_cb.state = 9
12-31 16:01:09.654  4477  5039 I bt_hwcfg: bt vendor lib: HW_CFG_DL_FW_PATCH status:0, opcode:fc20
12-31 16:01:09.655  4477  5039 I bt_hwcfg: bt vendor lib: HW_CFG_DL_FW_PATCH status:0, iIndexRx:70
12-31 16:01:09.655  4477  5039 E bt_hci  : transmit_int_command hci_h5->send_int_cmd.
12-31 16:01:09.657  4477  5039 I bt_hwcfg: hw_cfg_cb.state = 9
12-31 16:01:09.657  4477  5039 I bt_hwcfg: bt vendor lib: HW_CFG_DL_FW_PATCH status:0, opcode:fc20
12-31 16:01:09.657  4477  5039 I bt_hwcfg: bt vendor lib: HW_CFG_DL_FW_PATCH status:0, iIndexRx:71
12-31 16:01:09.657  4477  5039 E bt_hci  : transmit_int_command hci_h5->send_int_cmd.
12-31 16:01:09.660  4477  5039 I bt_hwcfg: hw_cfg_cb.state = 9
12-31 16:01:09.660  4477  5039 I bt_hwcfg: bt vendor lib: HW_CFG_DL_FW_PATCH status:0, opcode:fc20
12-31 16:01:09.660  4477  5039 I bt_hwcfg: bt vendor lib: HW_CFG_DL_FW_PATCH status:0, iIndexRx:72
12-31 16:01:09.660  4477  5039 E bt_hci  : transmit_int_command hci_h5->send_int_cmd.
12-31 16:01:09.663  4477  5039 I bt_hwcfg: hw_cfg_cb.state = 9
12-31 16:01:09.663  4477  5039 I bt_hwcfg: bt vendor lib: HW_CFG_DL_FW_PATCH status:0, opcode:fc20
12-31 16:01:09.663  4477  5039 I bt_hwcfg: bt vendor lib: HW_CFG_DL_FW_PATCH status:0, iIndexRx:73
12-31 16:01:09.663  4477  5039 E bt_hci  : transmit_int_command hci_h5->send_int_cmd.
12-31 16:01:09.666  4477  5039 I bt_hwcfg: hw_cfg_cb.state = 9
12-31 16:01:09.666  4477  5039 I bt_hwcfg: bt vendor lib: HW_CFG_DL_FW_PATCH status:0, opcode:fc20
12-31 16:01:09.666  4477  5039 I bt_hwcfg: bt vendor lib: HW_CFG_DL_FW_PATCH status:0, iIndexRx:74
12-31 16:01:09.666  4477  5039 E bt_hci  : transmit_int_command hci_h5->send_int_cmd.
12-31 16:01:09.669  4477  5039 I bt_hwcfg: hw_cfg_cb.state = 9
12-31 16:01:09.669  4477  5039 I bt_hwcfg: bt vendor lib: HW_CFG_DL_FW_PATCH status:0, opcode:fc20
12-31 16:01:09.669  4477  5039 I bt_hwcfg: bt vendor lib: HW_CFG_DL_FW_PATCH status:0, iIndexRx:75
12-31 16:01:09.669  4477  5039 E bt_hci  : transmit_int_command hci_h5->send_int_cmd.
12-31 16:01:09.672  4477  5039 I bt_hwcfg: hw_cfg_cb.state = 9
12-31 16:01:09.672  4477  5039 I bt_hwcfg: bt vendor lib: HW_CFG_DL_FW_PATCH status:0, opcode:fc20
12-31 16:01:09.672  4477  5039 I bt_hwcfg: bt vendor lib: HW_CFG_DL_FW_PATCH status:0, iIndexRx:76
12-31 16:01:09.672  4477  5039 E bt_hci  : transmit_int_command hci_h5->send_int_cmd.
12-31 16:01:09.674  4477  5039 I bt_hwcfg: hw_cfg_cb.state = 9
12-31 16:01:09.675  4477  5039 I bt_hwcfg: bt vendor lib: HW_CFG_DL_FW_PATCH status:0, opcode:fc20
12-31 16:01:09.675  4477  5039 I bt_hwcfg: bt vendor lib: HW_CFG_DL_FW_PATCH status:0, iIndexRx:77
12-31 16:01:09.675  4477  5039 E bt_hci  : transmit_int_command hci_h5->send_int_cmd.
12-31 16:01:09.678  4477  5039 I bt_hwcfg: hw_cfg_cb.state = 9
12-31 16:01:09.678  4477  5039 I bt_hwcfg: bt vendor lib: HW_CFG_DL_FW_PATCH status:0, opcode:fc20
12-31 16:01:09.678  4477  5039 I bt_hwcfg: bt vendor lib: HW_CFG_DL_FW_PATCH status:0, iIndexRx:78
12-31 16:01:09.678  4477  5039 E bt_hci  : transmit_int_command hci_h5->send_int_cmd.
12-31 16:01:09.681  4477  5039 I bt_hwcfg: hw_cfg_cb.state = 9
12-31 16:01:09.681  4477  5039 I bt_hwcfg: bt vendor lib: HW_CFG_DL_FW_PATCH status:0, opcode:fc20
12-31 16:01:09.681  4477  5039 I bt_hwcfg: bt vendor lib: HW_CFG_DL_FW_PATCH status:0, iIndexRx:79
12-31 16:01:09.681  4477  5039 E bt_hci  : transmit_int_command hci_h5->send_int_cmd.
12-31 16:01:09.684  4477  5039 I bt_hwcfg: hw_cfg_cb.state = 9
